{"id":2820,"date":"2022-12-01T12:23:00","date_gmt":"2022-12-01T11:23:00","guid":{"rendered":"https:\/\/uhfp.centre-inffo.fr\/2023\/?page_id=2820"},"modified":"2023-01-03T14:12:45","modified_gmt":"2023-01-03T13:12:45","slug":"rameau","status":"publish","type":"page","link":"https:\/\/uhfp.centre-inffo.fr\/2023\/rameau\/","title":{"rendered":"Rameau"},"content":{"rendered":"<p>Apr\u00e8s10 ann\u00e9es en qualit\u00e9 d\u2019avocat collaborateur puis associ\u00e9 depuis le 1<sup>er<\/sup> janvier 2021 au sein du cabinet Fromont Briens, L\u00e9a Rameau a cr\u00e9\u00e9 avec 12 autres associ\u00e9s le cabinet Littler France le 1<sup>er<\/sup> janvier 2023. Celui-ci int\u00e8gre de fa\u00e7on in\u00e9dite un p\u00f4le d\u2019expertise juridique \u00ab\u00a0360\u00b0\u00a0\u00bb destin\u00e9 aux acteurs de la formation professionnelle.<\/p>\n<p>Avec son \u00e9quipe, elle accompagne au quotidien un grand nombre d\u2019acteurs du secteur (financeurs, organismes de certification, organismes de formation, universit\u00e9s d\u2019entreprise, centres de formation d\u2019apprentis, \u00e9coles priv\u00e9es, etc.) dans la maitrise du cadre l\u00e9gal de leurs activit\u00e9s qui se situent \u00e0 la crois\u00e9e de nombreux domaines juridiques.<\/p>\n<p>Elle conseille \u00e9galement les entreprises employeurs et leurs branches professionnelles, notamment dans la n\u00e9gociation d\u2019accords collectifs en mati\u00e8re de GEPP\/formation ainsi que dans l\u2019appropriation et l\u2019optimisation de la gestion des dispositifs d\u2019acc\u00e8s \u00e0 la formation (dispositifs de transition professionnelle, formations en alternance, CPF, recours aux formations multimodales, etc.), \u00e0 toutes les \u00e9tapes de la vie du contrat de travail (recrutement <em>via<\/em> un dispositif pr\u00e9alable de formation, contrats en alternance, clauses de d\u00e9dit formation, formation dans le cadre d\u2019une mobilit\u00e9, reclassement, etc.).<\/p>\n<p>Elle intervient tant en conseil qu\u2019en contentieux devant les juridictions judiciaires et administratives.<\/p>\n\n\n<h3 class=\"in-page-title wp-block-heading\">Intervention<\/h3>\n\n\n\n<ul>\n<li><a href=\"\/2023\/c4-39-quels-outils-juridiques-en-soutien-de-la-conversion-professionnelle\/\">C4.39 : Quels outils juridiques en soutien de la conversion professionnelle ?<\/a><\/li>\n<\/ul>\n","protected":false},"excerpt":{"rendered":"<p>Apr\u00e8s10 ann\u00e9es en qualit\u00e9 d\u2019avocat collaborateur puis associ\u00e9 depuis le 1er janvier 2021 au sein du cabinet Fromont Briens, L\u00e9a Rameau a cr\u00e9\u00e9 avec 12 autres associ\u00e9s le cabinet Littler &hellip; <\/p>\n","protected":false},"author":1,"featured_media":2824,"parent":0,"menu_order":0,"comment_status":"closed","ping_status":"closed","template":"","meta":[],"categories":[6],"tags":[],"wf_page_folders":[92],"acf":[],"yoast_head":"<!-- This site is optimized with the Yoast SEO plugin v20.3 - https:\/\/yoast.com\/wordpress\/plugins\/seo\/ -->\n<title>Rameau - 18e Universit\u00e9 d&#039;Hiver de la Formation Professionnelle<\/title>\n<meta name=\"robots\" content=\"index, follow, max-snippet:-1, max-image-preview:large, max-video-preview:-1\" \/>\n<link rel=\"canonical\" href=\"https:\/\/uhfp.centre-inffo.fr\/2023\/rameau\/\" \/>\n<meta property=\"og:locale\" content=\"fr_FR\" \/>\n<meta property=\"og:type\" content=\"article\" \/>\n<meta property=\"og:title\" content=\"Rameau - 18e Universit\u00e9 d&#039;Hiver de la Formation Professionnelle\" \/>\n<meta property=\"og:description\" content=\"Apr\u00e8s10 ann\u00e9es en qualit\u00e9 d\u2019avocat collaborateur puis associ\u00e9 depuis le 1er janvier 2021 au sein du cabinet Fromont Briens, L\u00e9a Rameau a cr\u00e9\u00e9 avec 12 autres associ\u00e9s le cabinet Littler &hellip;\" \/>\n<meta property=\"og:url\" content=\"https:\/\/uhfp.centre-inffo.fr\/2023\/rameau\/\" \/>\n<meta property=\"og:site_name\" content=\"18e Universit\u00e9 d&#039;Hiver de la Formation Professionnelle\" \/>\n<meta property=\"article:publisher\" content=\"https:\/\/www.facebook.com\/centreinffo\" \/>\n<meta property=\"article:modified_time\" content=\"2023-01-03T13:12:45+00:00\" \/>\n<meta property=\"og:image\" content=\"https:\/\/uhfp.centre-inffo.fr\/2023\/wp-content\/uploads\/2022\/12\/rameau.jpg\" \/>\n\t<meta property=\"og:image:width\" content=\"800\" \/>\n\t<meta property=\"og:image:height\" content=\"800\" \/>\n\t<meta property=\"og:image:type\" content=\"image\/jpeg\" \/>\n<meta name=\"twitter:card\" content=\"summary_large_image\" \/>\n<meta name=\"twitter:site\" content=\"@centreinffo\" \/>\n<meta name=\"twitter:label1\" content=\"Dur\u00e9e de lecture estim\u00e9e\" \/>\n\t<meta name=\"twitter:data1\" content=\"2 minutes\" \/>\n<script type=\"application\/ld+json\" class=\"yoast-schema-graph\">{\"@context\":\"https:\/\/schema.org\",\"@graph\":[{\"@type\":\"WebPage\",\"@id\":\"https:\/\/uhfp.centre-inffo.fr\/2023\/rameau\/\",\"url\":\"https:\/\/uhfp.centre-inffo.fr\/2023\/rameau\/\",\"name\":\"Rameau - 18e Universit\u00e9 d&#039;Hiver de la Formation Professionnelle\",\"isPartOf\":{\"@id\":\"https:\/\/uhfp.centre-inffo.fr\/2023\/#website\"},\"datePublished\":\"2022-12-01T11:23:00+00:00\",\"dateModified\":\"2023-01-03T13:12:45+00:00\",\"breadcrumb\":{\"@id\":\"https:\/\/uhfp.centre-inffo.fr\/2023\/rameau\/#breadcrumb\"},\"inLanguage\":\"fr-FR\",\"potentialAction\":[{\"@type\":\"ReadAction\",\"target\":[\"https:\/\/uhfp.centre-inffo.fr\/2023\/rameau\/\"]}]},{\"@type\":\"BreadcrumbList\",\"@id\":\"https:\/\/uhfp.centre-inffo.fr\/2023\/rameau\/#breadcrumb\",\"itemListElement\":[{\"@type\":\"ListItem\",\"position\":1,\"name\":\"Accueil\",\"item\":\"https:\/\/uhfp.centre-inffo.fr\/2023\/\"},{\"@type\":\"ListItem\",\"position\":2,\"name\":\"Intervenants\",\"item\":\"https:\/\/uhfp.centre-inffo.fr\/2023\/rubrique\/intervenants\/\"},{\"@type\":\"ListItem\",\"position\":3,\"name\":\"Rameau\"}]},{\"@type\":\"WebSite\",\"@id\":\"https:\/\/uhfp.centre-inffo.fr\/2023\/#website\",\"url\":\"https:\/\/uhfp.centre-inffo.fr\/2023\/\",\"name\":\"18e Universit\u00e9 d&#039;Hiver de la Formation Professionnelle\",\"description\":\"Comp\u00e9tences 2030 : r\u00e9ussir ensemble les transitions ! - Du 25 au 27 janvier 2023, \u00e0 Cannes\",\"publisher\":{\"@id\":\"https:\/\/uhfp.centre-inffo.fr\/2023\/#organization\"},\"potentialAction\":[{\"@type\":\"SearchAction\",\"target\":{\"@type\":\"EntryPoint\",\"urlTemplate\":\"https:\/\/uhfp.centre-inffo.fr\/2023\/?s={search_term_string}\"},\"query-input\":\"required name=search_term_string\"}],\"inLanguage\":\"fr-FR\"},{\"@type\":\"Organization\",\"@id\":\"https:\/\/uhfp.centre-inffo.fr\/2023\/#organization\",\"name\":\"Centre Inffo\",\"url\":\"https:\/\/uhfp.centre-inffo.fr\/2023\/\",\"logo\":{\"@type\":\"ImageObject\",\"inLanguage\":\"fr-FR\",\"@id\":\"https:\/\/uhfp.centre-inffo.fr\/2023\/#\/schema\/logo\/image\/\",\"url\":\"\",\"contentUrl\":\"\",\"caption\":\"Centre Inffo\"},\"image\":{\"@id\":\"https:\/\/uhfp.centre-inffo.fr\/2023\/#\/schema\/logo\/image\/\"},\"sameAs\":[\"https:\/\/www.facebook.com\/centreinffo\",\"https:\/\/twitter.com\/centreinffo\",\"https:\/\/www.linkedin.com\/company\/centre-inffo\/\",\"https:\/\/www.youtube.com\/user\/centreinffo\"]}]}<\/script>\n<!-- \/ Yoast SEO plugin. -->","yoast_head_json":{"title":"Rameau - 18e Universit\u00e9 d&#039;Hiver de la Formation Professionnelle","robots":{"index":"index","follow":"follow","max-snippet":"max-snippet:-1","max-image-preview":"max-image-preview:large","max-video-preview":"max-video-preview:-1"},"canonical":"https:\/\/uhfp.centre-inffo.fr\/2023\/rameau\/","og_locale":"fr_FR","og_type":"article","og_title":"Rameau - 18e Universit\u00e9 d&#039;Hiver de la Formation Professionnelle","og_description":"Apr\u00e8s10 ann\u00e9es en qualit\u00e9 d\u2019avocat collaborateur puis associ\u00e9 depuis le 1er janvier 2021 au sein du cabinet Fromont Briens, L\u00e9a Rameau a cr\u00e9\u00e9 avec 12 autres associ\u00e9s le cabinet Littler &hellip;","og_url":"https:\/\/uhfp.centre-inffo.fr\/2023\/rameau\/","og_site_name":"18e Universit\u00e9 d&#039;Hiver de la Formation Professionnelle","article_publisher":"https:\/\/www.facebook.com\/centreinffo","article_modified_time":"2023-01-03T13:12:45+00:00","og_image":[{"width":800,"height":800,"url":"https:\/\/uhfp.centre-inffo.fr\/2023\/wp-content\/uploads\/2022\/12\/rameau.jpg","type":"image\/jpeg"}],"twitter_card":"summary_large_image","twitter_site":"@centreinffo","twitter_misc":{"Dur\u00e9e de lecture estim\u00e9e":"2 minutes"},"schema":{"@context":"https:\/\/schema.org","@graph":[{"@type":"WebPage","@id":"https:\/\/uhfp.centre-inffo.fr\/2023\/rameau\/","url":"https:\/\/uhfp.centre-inffo.fr\/2023\/rameau\/","name":"Rameau - 18e Universit\u00e9 d&#039;Hiver de la Formation Professionnelle","isPartOf":{"@id":"https:\/\/uhfp.centre-inffo.fr\/2023\/#website"},"datePublished":"2022-12-01T11:23:00+00:00","dateModified":"2023-01-03T13:12:45+00:00","breadcrumb":{"@id":"https:\/\/uhfp.centre-inffo.fr\/2023\/rameau\/#breadcrumb"},"inLanguage":"fr-FR","potentialAction":[{"@type":"ReadAction","target":["https:\/\/uhfp.centre-inffo.fr\/2023\/rameau\/"]}]},{"@type":"BreadcrumbList","@id":"https:\/\/uhfp.centre-inffo.fr\/2023\/rameau\/#breadcrumb","itemListElement":[{"@type":"ListItem","position":1,"name":"Accueil","item":"https:\/\/uhfp.centre-inffo.fr\/2023\/"},{"@type":"ListItem","position":2,"name":"Intervenants","item":"https:\/\/uhfp.centre-inffo.fr\/2023\/rubrique\/intervenants\/"},{"@type":"ListItem","position":3,"name":"Rameau"}]},{"@type":"WebSite","@id":"https:\/\/uhfp.centre-inffo.fr\/2023\/#website","url":"https:\/\/uhfp.centre-inffo.fr\/2023\/","name":"18e Universit\u00e9 d&#039;Hiver de la Formation Professionnelle","description":"Comp\u00e9tences 2030 : r\u00e9ussir ensemble les transitions ! - Du 25 au 27 janvier 2023, \u00e0 Cannes","publisher":{"@id":"https:\/\/uhfp.centre-inffo.fr\/2023\/#organization"},"potentialAction":[{"@type":"SearchAction","target":{"@type":"EntryPoint","urlTemplate":"https:\/\/uhfp.centre-inffo.fr\/2023\/?s={search_term_string}"},"query-input":"required name=search_term_string"}],"inLanguage":"fr-FR"},{"@type":"Organization","@id":"https:\/\/uhfp.centre-inffo.fr\/2023\/#organization","name":"Centre Inffo","url":"https:\/\/uhfp.centre-inffo.fr\/2023\/","logo":{"@type":"ImageObject","inLanguage":"fr-FR","@id":"https:\/\/uhfp.centre-inffo.fr\/2023\/#\/schema\/logo\/image\/","url":"","contentUrl":"","caption":"Centre Inffo"},"image":{"@id":"https:\/\/uhfp.centre-inffo.fr\/2023\/#\/schema\/logo\/image\/"},"sameAs":["https:\/\/www.facebook.com\/centreinffo","https:\/\/twitter.com\/centreinffo","https:\/\/www.linkedin.com\/company\/centre-inffo\/","https:\/\/www.youtube.com\/user\/centreinffo"]}]}},"_links":{"self":[{"href":"https:\/\/uhfp.centre-inffo.fr\/2023\/wp-json\/wp\/v2\/pages\/2820"}],"collection":[{"href":"https:\/\/uhfp.centre-inffo.fr\/2023\/wp-json\/wp\/v2\/pages"}],"about":[{"href":"https:\/\/uhfp.centre-inffo.fr\/2023\/wp-json\/wp\/v2\/types\/page"}],"author":[{"embeddable":true,"href":"https:\/\/uhfp.centre-inffo.fr\/2023\/wp-json\/wp\/v2\/users\/1"}],"replies":[{"embeddable":true,"href":"https:\/\/uhfp.centre-inffo.fr\/2023\/wp-json\/wp\/v2\/comments?post=2820"}],"version-history":[{"count":5,"href":"https:\/\/uhfp.centre-inffo.fr\/2023\/wp-json\/wp\/v2\/pages\/2820\/revisions"}],"predecessor-version":[{"id":3760,"href":"https:\/\/uhfp.centre-inffo.fr\/2023\/wp-json\/wp\/v2\/pages\/2820\/revisions\/3760"}],"wp:featuredmedia":[{"embeddable":true,"href":"https:\/\/uhfp.centre-inffo.fr\/2023\/wp-json\/wp\/v2\/media\/2824"}],"wp:attachment":[{"href":"https:\/\/uhfp.centre-inffo.fr\/2023\/wp-json\/wp\/v2\/media?parent=2820"}],"wp:term":[{"taxonomy":"category","embeddable":true,"href":"https:\/\/uhfp.centre-inffo.fr\/2023\/wp-json\/wp\/v2\/categories?post=2820"},{"taxonomy":"post_tag","embeddable":true,"href":"https:\/\/uhfp.centre-inffo.fr\/2023\/wp-json\/wp\/v2\/tags?post=2820"},{"taxonomy":"wf_page_folders","embeddable":true,"href":"https:\/\/uhfp.centre-inffo.fr\/2023\/wp-json\/wp\/v2\/wf_page_folders?post=2820"}],"curies":[{"name":"wp","href":"https:\/\/api.w.org\/{rel}","templated":true}]}}

<p>Après10 années en qualité d’avocat collaborateur puis associé depuis le 1<sup>er</sup> janvier 2021 au sein du cabinet Fromont Briens, Léa Rameau a créé avec 12 autres associés le cabinet Littler France le 1<sup>er</sup> janvier 2023. Celui-ci intègre de façon inédite un pôle d’expertise juridique « 360° » destiné aux acteurs de la formation professionnelle.</p>
<p>Avec son équipe, elle accompagne au quotidien un grand nombre d’acteurs du secteur (financeurs, organismes de certification, organismes de formation, universités d’entreprise, centres de formation d’apprentis, écoles privées, etc.) dans la maitrise du cadre légal de leurs activités qui se situent à la croisée de nombreux domaines juridiques.</p>
<p>Elle conseille également les entreprises employeurs et leurs branches professionnelles, notamment dans la négociation d’accords collectifs en matière de GEPP/formation ainsi que dans l’appropriation et l’optimisation de la gestion des dispositifs d’accès à la formation (dispositifs de transition professionnelle, formations en alternance, CPF, recours aux formations multimodales, etc.), à toutes les étapes de la vie du contrat de travail (recrutement <em>via</em> un dispositif préalable de formation, contrats en alternance, clauses de dédit formation, formation dans le cadre d’une mobilité, reclassement, etc.).</p>
<p>Elle intervient tant en conseil qu’en contentieux devant les juridictions judiciaires et administratives.</p>


<h3 class="in-page-title wp-block-heading">Intervention</h3>



<ul>
<li><a href="/2023/c4-39-quels-outils-juridiques-en-soutien-de-la-conversion-professionnelle/">C4.39 : Quels outils juridiques en soutien de la conversion professionnelle ?</a></li>
</ul>

<p>Après10 années en qualité d’avocat collaborateur puis associé depuis le 1er janvier 2021 au sein du cabinet Fromont Briens, Léa Rameau a créé avec 12 autres associés le cabinet Littler &hellip; </p>

<!-- This site is optimized with the Yoast SEO plugin v20.3 - https://yoast.com/wordpress/plugins/seo/ -->
<title>Rameau - 18e Université d&#039;Hiver de la Formation Professionnelle</title>
<meta name="robots" content="index, follow, max-snippet:-1, max-image-preview:large, max-video-preview:-1" />
<link rel="canonical" href="https://uhfp.centre-inffo.fr/2023/rameau/" />
<meta property="og:locale" content="fr_FR" />
<meta property="og:type" content="article" />
<meta property="og:title" content="Rameau - 18e Université d&#039;Hiver de la Formation Professionnelle" />
<meta property="og:description" content="Après10 années en qualité d’avocat collaborateur puis associé depuis le 1er janvier 2021 au sein du cabinet Fromont Briens, Léa Rameau a créé avec 12 autres associés le cabinet Littler &hellip;" />
<meta property="og:url" content="https://uhfp.centre-inffo.fr/2023/rameau/" />
<meta property="og:site_name" content="18e Université d&#039;Hiver de la Formation Professionnelle" />
<meta property="article:publisher" content="https://www.facebook.com/centreinffo" />
<meta property="article:modified_time" content="2023-01-03T13:12:45+00:00" />
<meta property="og:image" content="https://uhfp.centre-inffo.fr/2023/wp-content/uploads/2022/12/rameau.jpg" />
	<meta property="og:image:width" content="800" />
	<meta property="og:image:height" content="800" />
	<meta property="og:image:type" content="image/jpeg" />
<meta name="twitter:card" content="summary_large_image" />
<meta name="twitter:site" content="@centreinffo" />
<meta name="twitter:label1" content="Durée de lecture estimée" />
	<meta name="twitter:data1" content="2 minutes" />
<script type="application/ld+json" class="yoast-schema-graph">{"@context":"https://schema.org","@graph":[{"@type":"WebPage","@id":"https://uhfp.centre-inffo.fr/2023/rameau/","url":"https://uhfp.centre-inffo.fr/2023/rameau/","name":"Rameau - 18e Université d&#039;Hiver de la Formation Professionnelle","isPartOf":{"@id":"https://uhfp.centre-inffo.fr/2023/#website"},"datePublished":"2022-12-01T11:23:00+00:00","dateModified":"2023-01-03T13:12:45+00:00","breadcrumb":{"@id":"https://uhfp.centre-inffo.fr/2023/rameau/#breadcrumb"},"inLanguage":"fr-FR","potentialAction":[{"@type":"ReadAction","target":["https://uhfp.centre-inffo.fr/2023/rameau/"]}]},{"@type":"BreadcrumbList","@id":"https://uhfp.centre-inffo.fr/2023/rameau/#breadcrumb","itemListElement":[{"@type":"ListItem","position":1,"name":"Accueil","item":"https://uhfp.centre-inffo.fr/2023/"},{"@type":"ListItem","position":2,"name":"Intervenants","item":"https://uhfp.centre-inffo.fr/2023/rubrique/intervenants/"},{"@type":"ListItem","position":3,"name":"Rameau"}]},{"@type":"WebSite","@id":"https://uhfp.centre-inffo.fr/2023/#website","url":"https://uhfp.centre-inffo.fr/2023/","name":"18e Université d&#039;Hiver de la Formation Professionnelle","description":"Compétences 2030 : réussir ensemble les transitions ! - Du 25 au 27 janvier 2023, à Cannes","publisher":{"@id":"https://uhfp.centre-inffo.fr/2023/#organization"},"potentialAction":[{"@type":"SearchAction","target":{"@type":"EntryPoint","urlTemplate":"https://uhfp.centre-inffo.fr/2023/?s={search_term_string}"},"query-input":"required name=search_term_string"}],"inLanguage":"fr-FR"},{"@type":"Organization","@id":"https://uhfp.centre-inffo.fr/2023/#organization","name":"Centre Inffo","url":"https://uhfp.centre-inffo.fr/2023/","logo":{"@type":"ImageObject","inLanguage":"fr-FR","@id":"https://uhfp.centre-inffo.fr/2023/#/schema/logo/image/","url":"","contentUrl":"","caption":"Centre Inffo"},"image":{"@id":"https://uhfp.centre-inffo.fr/2023/#/schema/logo/image/"},"sameAs":["https://www.facebook.com/centreinffo","https://twitter.com/centreinffo","https://www.linkedin.com/company/centre-inffo/","https://www.youtube.com/user/centreinffo"]}]}</script>
<!-- / Yoast SEO plugin. -->

Rameau - 18e Université d&#039;Hiver de la Formation Professionnelle

Après10 années en qualité d’avocat collaborateur puis associé depuis le 1er janvier 2021 au sein du cabinet Fromont Briens, Léa Rameau a créé avec 12 autres associés le cabinet Littler &hellip;

18e Université d&#039;Hiver de la Formation Professionnelle

Compétences 2030 : réussir ensemble les transitions ! - Du 25 au 27 janvier 2023, à Cannes
