{"id":2922,"date":"2022-12-14T09:44:03","date_gmt":"2022-12-14T08:44:03","guid":{"rendered":"https:\/\/uhfp.centre-inffo.fr\/2023\/?page_id=2922"},"modified":"2023-02-28T10:09:08","modified_gmt":"2023-02-28T09:09:08","slug":"b4-25-at-sapproprier-les-transitions-et-les-competences-de-demain-par-le-design-fiction","status":"publish","type":"page","link":"https:\/\/uhfp.centre-inffo.fr\/2023\/b4-25-at-sapproprier-les-transitions-et-les-competences-de-demain-par-le-design-fiction\/","title":{"rendered":"B4.25 AT : Immergez-vous dans les comp\u00e9tences 2030 gr\u00e2ce au Design Fiction"},"content":{"rendered":"\n<div class=\"wp-block-buttons is-content-justification-center is-layout-flex wp-container-1\">\n<div class=\"wp-block-button\"><a class=\"wp-block-button__link wp-element-button\" href=\"\/2023\/wp-content\/uploads\/2023\/02\/B4.25-AT.pdf\">T\u00e9l\u00e9charger la pr\u00e9sentation (.pdf)<\/a><\/div>\n<\/div>\n\n\n\n<hr class=\"wp-block-separator has-alpha-channel-opacity\"\/>\n\n\n<p><em><strong>Start-up Corner innovation Centre Inffo<\/strong><\/em><\/p>\n<p><span data-contrast=\"auto\">Immergez-vous dans les besoins de comp\u00e9tences de 2030 et identifiez, gr\u00e2ce \u00e0 la cr\u00e9ation d&rsquo;histoires, les comp\u00e9tences n\u00e9cessaires en 2030<\/span><span data-ccp-props=\"{}\">\u00a0<\/span><\/p>\n<p><span data-contrast=\"auto\"><strong>*D\u00e9finition du Design Fiction :<\/strong> <\/span><\/p>\n<p><span data-contrast=\"auto\">Le Design Fiction est une discipline du Design permettant d&rsquo;explorer les alternatives futures possibles afin de d\u00e9finir et de contribuer \u00e0 un futur d\u00e9sirable. Th\u00e9oris\u00e9 par Julian Bleecker en 2009, il est aujourd\u2019hui utilis\u00e9 par des organismes comme EDF, Minist\u00e8re de l\u2019Arm\u00e9e ou Orange dans leur r\u00e9flexion strat\u00e9gique. Le Design Fiction utilise le design comme un moyen de stimuler le d\u00e9bat entre parties prenantes sur les implications de nos choix sociaux, politiques ou technologiques. Utilisant la formule \u00a0\u00bb Et si ? \u00ab\u00a0, il s&rsquo;agit de questions ouvertes, d&rsquo;hypoth\u00e8ses sp\u00e9culatives construites pour susciter des r\u00e9actions et anticiper le futur de mani\u00e8re multiple.<\/span><span data-ccp-props=\"{}\">\u00a0<\/span><\/p>\n<h3>Objectifs p\u00e9dagogiques<\/h3>\n<ul>\n<li>Comprendre la m\u00e9thode du design fiction et ses objectifs op\u00e9rationnels<\/li>\n<li>D\u00e9couvrir comment une d\u00e9marche de design fiction permet de s\u2019approprier les transitions en cours ou \u00e0 venir<\/li>\n<li>Appliquer le design fiction en collectif pour \u00e9crire les comp\u00e9tences de demain<\/li>\n<\/ul>\n<h3>Pilote<\/h3>\n<ul>\n<li><a href=\"\/2023\/large\/\">Monique Large<\/a> &#8211; Prospectiviste, Pollen Trend Consulting<\/li>\n<\/ul>\n<h3>Intervenants<\/h3>\n<ul>\n<li><a href=\"\/2023\/kaprielian\/\">Lauriane Kaprielian<\/a> &#8211; Consultante, Kapriell<\/li>\n<li><a href=\"\/2023\/keller\/\">Charles Keller<\/a> &#8211; Directeur g\u00e9n\u00e9ral, laWebox<\/li>\n<li><a href=\"\/2023\/jeyakumar\/\">Sowvarnie Jeyakumar<\/a> &#8211; Responsable d\u00e9veloppement, laWebox<\/li>\n<li><a href=\"\/2023\/sabatier\/\">Ludovic Sabatier<\/a> &#8211; Fondateur, Autrement Formations<\/li>\n<\/ul>","protected":false},"excerpt":{"rendered":"<p>Start-up Corner innovation Centre Inffo Immergez-vous dans les besoins de comp\u00e9tences de 2030 et identifiez, gr\u00e2ce \u00e0 la cr\u00e9ation d&rsquo;histoires, les comp\u00e9tences n\u00e9cessaires en 2030\u00a0 *D\u00e9finition du Design Fiction : &hellip; <\/p>\n","protected":false},"author":1,"featured_media":0,"parent":0,"menu_order":0,"comment_status":"closed","ping_status":"closed","template":"","meta":[],"categories":[40,38],"tags":[],"wf_page_folders":[87],"acf":[],"yoast_head":"<!-- This site is optimized with the Yoast SEO plugin v20.3 - https:\/\/yoast.com\/wordpress\/plugins\/seo\/ -->\n<title>B4.25 AT : Immergez-vous dans les comp\u00e9tences 2030 gr\u00e2ce au Design Fiction - 18e Universit\u00e9 d&#039;Hiver de la Formation Professionnelle<\/title>\n<meta name=\"robots\" content=\"index, follow, max-snippet:-1, max-image-preview:large, max-video-preview:-1\" \/>\n<link rel=\"canonical\" href=\"https:\/\/uhfp.centre-inffo.fr\/2023\/b4-25-at-sapproprier-les-transitions-et-les-competences-de-demain-par-le-design-fiction\/\" \/>\n<meta property=\"og:locale\" content=\"fr_FR\" \/>\n<meta property=\"og:type\" content=\"article\" \/>\n<meta property=\"og:title\" content=\"B4.25 AT : Immergez-vous dans les comp\u00e9tences 2030 gr\u00e2ce au Design Fiction - 18e Universit\u00e9 d&#039;Hiver de la Formation Professionnelle\" \/>\n<meta property=\"og:description\" content=\"Start-up Corner innovation Centre Inffo Immergez-vous dans les besoins de comp\u00e9tences de 2030 et identifiez, gr\u00e2ce \u00e0 la cr\u00e9ation d&rsquo;histoires, les comp\u00e9tences n\u00e9cessaires en 2030\u00a0 *D\u00e9finition du Design Fiction : &hellip;\" \/>\n<meta property=\"og:url\" content=\"https:\/\/uhfp.centre-inffo.fr\/2023\/b4-25-at-sapproprier-les-transitions-et-les-competences-de-demain-par-le-design-fiction\/\" \/>\n<meta property=\"og:site_name\" content=\"18e Universit\u00e9 d&#039;Hiver de la Formation Professionnelle\" \/>\n<meta property=\"article:publisher\" content=\"https:\/\/www.facebook.com\/centreinffo\" \/>\n<meta property=\"article:modified_time\" content=\"2023-02-28T09:09:08+00:00\" \/>\n<meta name=\"twitter:card\" content=\"summary_large_image\" \/>\n<meta name=\"twitter:site\" content=\"@centreinffo\" \/>\n<meta name=\"twitter:label1\" content=\"Dur\u00e9e de lecture estim\u00e9e\" \/>\n\t<meta name=\"twitter:data1\" content=\"2 minutes\" \/>\n<script type=\"application\/ld+json\" class=\"yoast-schema-graph\">{\"@context\":\"https:\/\/schema.org\",\"@graph\":[{\"@type\":\"WebPage\",\"@id\":\"https:\/\/uhfp.centre-inffo.fr\/2023\/b4-25-at-sapproprier-les-transitions-et-les-competences-de-demain-par-le-design-fiction\/\",\"url\":\"https:\/\/uhfp.centre-inffo.fr\/2023\/b4-25-at-sapproprier-les-transitions-et-les-competences-de-demain-par-le-design-fiction\/\",\"name\":\"B4.25 AT : Immergez-vous dans les comp\u00e9tences 2030 gr\u00e2ce au Design Fiction - 18e Universit\u00e9 d&#039;Hiver de la Formation Professionnelle\",\"isPartOf\":{\"@id\":\"https:\/\/uhfp.centre-inffo.fr\/2023\/#website\"},\"datePublished\":\"2022-12-14T08:44:03+00:00\",\"dateModified\":\"2023-02-28T09:09:08+00:00\",\"breadcrumb\":{\"@id\":\"https:\/\/uhfp.centre-inffo.fr\/2023\/b4-25-at-sapproprier-les-transitions-et-les-competences-de-demain-par-le-design-fiction\/#breadcrumb\"},\"inLanguage\":\"fr-FR\",\"potentialAction\":[{\"@type\":\"ReadAction\",\"target\":[\"https:\/\/uhfp.centre-inffo.fr\/2023\/b4-25-at-sapproprier-les-transitions-et-les-competences-de-demain-par-le-design-fiction\/\"]}]},{\"@type\":\"BreadcrumbList\",\"@id\":\"https:\/\/uhfp.centre-inffo.fr\/2023\/b4-25-at-sapproprier-les-transitions-et-les-competences-de-demain-par-le-design-fiction\/#breadcrumb\",\"itemListElement\":[{\"@type\":\"ListItem\",\"position\":1,\"name\":\"Accueil\",\"item\":\"https:\/\/uhfp.centre-inffo.fr\/2023\/\"},{\"@type\":\"ListItem\",\"position\":2,\"name\":\"Programme\",\"item\":\"https:\/\/uhfp.centre-inffo.fr\/2023\/rubrique\/programme\/\"},{\"@type\":\"ListItem\",\"position\":3,\"name\":\"Jeudi 26 janvier\",\"item\":\"https:\/\/uhfp.centre-inffo.fr\/2023\/rubrique\/programme\/jeudi-26-janvier\/\"},{\"@type\":\"ListItem\",\"position\":4,\"name\":\"B4.25 AT : Immergez-vous dans les comp\u00e9tences 2030 gr\u00e2ce au Design Fiction\"}]},{\"@type\":\"WebSite\",\"@id\":\"https:\/\/uhfp.centre-inffo.fr\/2023\/#website\",\"url\":\"https:\/\/uhfp.centre-inffo.fr\/2023\/\",\"name\":\"18e Universit\u00e9 d&#039;Hiver de la Formation Professionnelle\",\"description\":\"Comp\u00e9tences 2030 : r\u00e9ussir ensemble les transitions ! - Du 25 au 27 janvier 2023, \u00e0 Cannes\",\"publisher\":{\"@id\":\"https:\/\/uhfp.centre-inffo.fr\/2023\/#organization\"},\"potentialAction\":[{\"@type\":\"SearchAction\",\"target\":{\"@type\":\"EntryPoint\",\"urlTemplate\":\"https:\/\/uhfp.centre-inffo.fr\/2023\/?s={search_term_string}\"},\"query-input\":\"required name=search_term_string\"}],\"inLanguage\":\"fr-FR\"},{\"@type\":\"Organization\",\"@id\":\"https:\/\/uhfp.centre-inffo.fr\/2023\/#organization\",\"name\":\"Centre Inffo\",\"url\":\"https:\/\/uhfp.centre-inffo.fr\/2023\/\",\"logo\":{\"@type\":\"ImageObject\",\"inLanguage\":\"fr-FR\",\"@id\":\"https:\/\/uhfp.centre-inffo.fr\/2023\/#\/schema\/logo\/image\/\",\"url\":\"\",\"contentUrl\":\"\",\"caption\":\"Centre Inffo\"},\"image\":{\"@id\":\"https:\/\/uhfp.centre-inffo.fr\/2023\/#\/schema\/logo\/image\/\"},\"sameAs\":[\"https:\/\/www.facebook.com\/centreinffo\",\"https:\/\/twitter.com\/centreinffo\",\"https:\/\/www.linkedin.com\/company\/centre-inffo\/\",\"https:\/\/www.youtube.com\/user\/centreinffo\"]}]}<\/script>\n<!-- \/ Yoast SEO plugin. -->","yoast_head_json":{"title":"B4.25 AT : Immergez-vous dans les comp\u00e9tences 2030 gr\u00e2ce au Design Fiction - 18e Universit\u00e9 d&#039;Hiver de la Formation Professionnelle","robots":{"index":"index","follow":"follow","max-snippet":"max-snippet:-1","max-image-preview":"max-image-preview:large","max-video-preview":"max-video-preview:-1"},"canonical":"https:\/\/uhfp.centre-inffo.fr\/2023\/b4-25-at-sapproprier-les-transitions-et-les-competences-de-demain-par-le-design-fiction\/","og_locale":"fr_FR","og_type":"article","og_title":"B4.25 AT : Immergez-vous dans les comp\u00e9tences 2030 gr\u00e2ce au Design Fiction - 18e Universit\u00e9 d&#039;Hiver de la Formation Professionnelle","og_description":"Start-up Corner innovation Centre Inffo Immergez-vous dans les besoins de comp\u00e9tences de 2030 et identifiez, gr\u00e2ce \u00e0 la cr\u00e9ation d&rsquo;histoires, les comp\u00e9tences n\u00e9cessaires en 2030\u00a0 *D\u00e9finition du Design Fiction : &hellip;","og_url":"https:\/\/uhfp.centre-inffo.fr\/2023\/b4-25-at-sapproprier-les-transitions-et-les-competences-de-demain-par-le-design-fiction\/","og_site_name":"18e Universit\u00e9 d&#039;Hiver de la Formation Professionnelle","article_publisher":"https:\/\/www.facebook.com\/centreinffo","article_modified_time":"2023-02-28T09:09:08+00:00","twitter_card":"summary_large_image","twitter_site":"@centreinffo","twitter_misc":{"Dur\u00e9e de lecture estim\u00e9e":"2 minutes"},"schema":{"@context":"https:\/\/schema.org","@graph":[{"@type":"WebPage","@id":"https:\/\/uhfp.centre-inffo.fr\/2023\/b4-25-at-sapproprier-les-transitions-et-les-competences-de-demain-par-le-design-fiction\/","url":"https:\/\/uhfp.centre-inffo.fr\/2023\/b4-25-at-sapproprier-les-transitions-et-les-competences-de-demain-par-le-design-fiction\/","name":"B4.25 AT : Immergez-vous dans les comp\u00e9tences 2030 gr\u00e2ce au Design Fiction - 18e Universit\u00e9 d&#039;Hiver de la Formation Professionnelle","isPartOf":{"@id":"https:\/\/uhfp.centre-inffo.fr\/2023\/#website"},"datePublished":"2022-12-14T08:44:03+00:00","dateModified":"2023-02-28T09:09:08+00:00","breadcrumb":{"@id":"https:\/\/uhfp.centre-inffo.fr\/2023\/b4-25-at-sapproprier-les-transitions-et-les-competences-de-demain-par-le-design-fiction\/#breadcrumb"},"inLanguage":"fr-FR","potentialAction":[{"@type":"ReadAction","target":["https:\/\/uhfp.centre-inffo.fr\/2023\/b4-25-at-sapproprier-les-transitions-et-les-competences-de-demain-par-le-design-fiction\/"]}]},{"@type":"BreadcrumbList","@id":"https:\/\/uhfp.centre-inffo.fr\/2023\/b4-25-at-sapproprier-les-transitions-et-les-competences-de-demain-par-le-design-fiction\/#breadcrumb","itemListElement":[{"@type":"ListItem","position":1,"name":"Accueil","item":"https:\/\/uhfp.centre-inffo.fr\/2023\/"},{"@type":"ListItem","position":2,"name":"Programme","item":"https:\/\/uhfp.centre-inffo.fr\/2023\/rubrique\/programme\/"},{"@type":"ListItem","position":3,"name":"Jeudi 26 janvier","item":"https:\/\/uhfp.centre-inffo.fr\/2023\/rubrique\/programme\/jeudi-26-janvier\/"},{"@type":"ListItem","position":4,"name":"B4.25 AT : Immergez-vous dans les comp\u00e9tences 2030 gr\u00e2ce au Design Fiction"}]},{"@type":"WebSite","@id":"https:\/\/uhfp.centre-inffo.fr\/2023\/#website","url":"https:\/\/uhfp.centre-inffo.fr\/2023\/","name":"18e Universit\u00e9 d&#039;Hiver de la Formation Professionnelle","description":"Comp\u00e9tences 2030 : r\u00e9ussir ensemble les transitions ! - Du 25 au 27 janvier 2023, \u00e0 Cannes","publisher":{"@id":"https:\/\/uhfp.centre-inffo.fr\/2023\/#organization"},"potentialAction":[{"@type":"SearchAction","target":{"@type":"EntryPoint","urlTemplate":"https:\/\/uhfp.centre-inffo.fr\/2023\/?s={search_term_string}"},"query-input":"required name=search_term_string"}],"inLanguage":"fr-FR"},{"@type":"Organization","@id":"https:\/\/uhfp.centre-inffo.fr\/2023\/#organization","name":"Centre Inffo","url":"https:\/\/uhfp.centre-inffo.fr\/2023\/","logo":{"@type":"ImageObject","inLanguage":"fr-FR","@id":"https:\/\/uhfp.centre-inffo.fr\/2023\/#\/schema\/logo\/image\/","url":"","contentUrl":"","caption":"Centre Inffo"},"image":{"@id":"https:\/\/uhfp.centre-inffo.fr\/2023\/#\/schema\/logo\/image\/"},"sameAs":["https:\/\/www.facebook.com\/centreinffo","https:\/\/twitter.com\/centreinffo","https:\/\/www.linkedin.com\/company\/centre-inffo\/","https:\/\/www.youtube.com\/user\/centreinffo"]}]}},"_links":{"self":[{"href":"https:\/\/uhfp.centre-inffo.fr\/2023\/wp-json\/wp\/v2\/pages\/2922"}],"collection":[{"href":"https:\/\/uhfp.centre-inffo.fr\/2023\/wp-json\/wp\/v2\/pages"}],"about":[{"href":"https:\/\/uhfp.centre-inffo.fr\/2023\/wp-json\/wp\/v2\/types\/page"}],"author":[{"embeddable":true,"href":"https:\/\/uhfp.centre-inffo.fr\/2023\/wp-json\/wp\/v2\/users\/1"}],"replies":[{"embeddable":true,"href":"https:\/\/uhfp.centre-inffo.fr\/2023\/wp-json\/wp\/v2\/comments?post=2922"}],"version-history":[{"count":12,"href":"https:\/\/uhfp.centre-inffo.fr\/2023\/wp-json\/wp\/v2\/pages\/2922\/revisions"}],"predecessor-version":[{"id":6189,"href":"https:\/\/uhfp.centre-inffo.fr\/2023\/wp-json\/wp\/v2\/pages\/2922\/revisions\/6189"}],"wp:attachment":[{"href":"https:\/\/uhfp.centre-inffo.fr\/2023\/wp-json\/wp\/v2\/media?parent=2922"}],"wp:term":[{"taxonomy":"category","embeddable":true,"href":"https:\/\/uhfp.centre-inffo.fr\/2023\/wp-json\/wp\/v2\/categories?post=2922"},{"taxonomy":"post_tag","embeddable":true,"href":"https:\/\/uhfp.centre-inffo.fr\/2023\/wp-json\/wp\/v2\/tags?post=2922"},{"taxonomy":"wf_page_folders","embeddable":true,"href":"https:\/\/uhfp.centre-inffo.fr\/2023\/wp-json\/wp\/v2\/wf_page_folders?post=2922"}],"curies":[{"name":"wp","href":"https:\/\/api.w.org\/{rel}","templated":true}]}}