{"id":2941,"date":"2022-12-14T10:04:36","date_gmt":"2022-12-14T09:04:36","guid":{"rendered":"https:\/\/uhfp.centre-inffo.fr\/2023\/?page_id=2941"},"modified":"2023-02-08T14:21:46","modified_gmt":"2023-02-08T13:21:46","slug":"c3-37-at-quand-lia-trace-le-chemin-de-lorientation","status":"publish","type":"page","link":"https:\/\/uhfp.centre-inffo.fr\/2023\/c3-37-at-quand-lia-trace-le-chemin-de-lorientation\/","title":{"rendered":"C3.37 AT : Utiliser l\u2019intelligence num\u00e9rique pour travailler les mobilit\u00e9s professionnelles"},"content":{"rendered":"\n<div class=\"wp-block-buttons is-content-justification-center is-layout-flex wp-container-1\">\n<div class=\"wp-block-button\"><a class=\"wp-block-button__link wp-element-button\" href=\"\/2023\/wp-content\/uploads\/2023\/02\/C3.37-AT.pdf\">T\u00e9l\u00e9charger la pr\u00e9sentation (.pdf)<\/a><\/div>\n<\/div>\n\n\n\n<br \/>\n\n\n\n<div class=\"wp-block-columns is-layout-flex wp-container-6\">\n<div class=\"wp-block-column is-layout-flow\">\n<div class=\"wp-block-buttons is-content-justification-left is-layout-flex wp-container-2\">\n<div class=\"wp-block-button\"><a class=\"wp-block-button__link wp-element-button\" href=\"\/2023\/wp-content\/uploads\/2023\/02\/C3.37-AT-P-Chaumette.pdf\">T\u00e9l\u00e9charger la pr\u00e9sentation de Pascal Chaumette (.pdf)<\/a><\/div>\n<\/div>\n<\/div>\n\n\n\n<div class=\"wp-block-column is-layout-flow\">\n<div class=\"wp-block-buttons is-content-justification-right is-layout-flex wp-container-4\">\n<div class=\"wp-block-button\"><a class=\"wp-block-button__link wp-element-button\" href=\"\/2023\/02\/C3.37-AT-L-Houtin.pdf\">T\u00e9l\u00e9charger la pr\u00e9sentation de Laur\u00e8ne Houtin (.pdf)<\/a><\/div>\n<\/div>\n<\/div>\n<\/div>\n\n\n\n<hr class=\"wp-block-separator has-alpha-channel-opacity\"\/>\n\n\n<p><span data-contrast=\"none\">Utiliser l\u2019intelligence num\u00e9rique pour favoriser les mobilit\u00e9s professionnelles<\/span><span data-ccp-props=\"{}\">\u00a0<\/span><\/p>\n<p><span data-ccp-props=\"{}\">\u00a0<\/span><span data-contrast=\"auto\">Cet atelier vous am\u00e8nera \u00e0 d\u00e9couvrir et manipuler l\u2019offre de service de Diagoriente Analytics en co-construisant le tableau de bord id\u00e9al de pilotage national de l\u2019offre de comp\u00e9tences. En endossant le r\u00f4le d\u2019une entreprise, d\u2019un OPCO ou d\u2019un certificateur, vous pourrez s\u00e9lectionner les indicateurs les plus susceptibles d\u2019am\u00e9liorer la r\u00e9silience de notre soci\u00e9t\u00e9 face aux transitions soci\u00e9tales et \u00e0 l\u2019enjeu d\u2019am\u00e9lioration constante des conditions d\u2019insertion et de mobilit\u00e9 professionnelle des usagers.<\/span><span data-ccp-props=\"{}\">\u00a0<\/span><\/p>\n<p><span data-contrast=\"auto\">Pour vous aider, vous assisterez \u00e0 une pr\u00e9sentation de la base de donn\u00e9es de Diagoriente Analytics et des outils propos\u00e9s pour :<\/span><span data-ccp-props=\"{}\">\u00a0<\/span><\/p>\n<ul>\n<li><span data-contrast=\"auto\">L\u2019aide au choix de formation des usagers<\/span><\/li>\n<li><span data-contrast=\"auto\">La fluidification des mobilit\u00e9s en entreprise et l\u2019accompagnement des salari\u00e9s sur la th\u00e9matique des comp\u00e9tences<\/span><\/li>\n<li><span data-contrast=\"auto\">L\u2019accompagnement vers l\u2019emploi et la certification des usagers via les politiques publiques<\/span><\/li>\n<\/ul>\n<h3>Objectifs p\u00e9dagogiques<\/h3>\n<ul>\n<li>d\u00e9couvrir et manipuler l\u2019offre de service Diagoriente Analytics pour co-construire un tableau de bord de pilotage de l\u2019offre de comp\u00e9tences<\/li>\n<li>s\u00e9lectionner les indicateurs susceptibles d\u2019am\u00e9liorer la r\u00e9silience soci\u00e9tale face aux transitions<\/li>\n<li>identifier les \u00e9l\u00e9ments n\u00e9cessaires pour d\u00e9velopper une offre d\u2019am\u00e9lioration constante des conditions d\u2019insertion et de mobilit\u00e9 professionnelles des usagers<\/li>\n<\/ul>\n<h3>Pilotes<\/h3>\n<ul>\n<li><a href=\"\/2023\/akinyemi\/\">Alexis Akinyemi<\/a> &#8211; Recherche et D\u00e9veloppement, Diagoriente<\/li>\n<li><a href=\"\/2023\/chaumette\/\">Pascal Chaumette<\/a> &#8211; Directeur, Diagoriente<\/li>\n<li><a href=\"\/2023\/houtin\/\">Laurene Houtin<\/a> &#8211; Directrice de la recherche, Diagoriente<\/li>\n<li><a href=\"\/2023\/somme\/\">Vincent Somm\u00e9<\/a> &#8211; Directeur-Adjoint, Diagoriente<\/li>\n<\/ul>","protected":false},"excerpt":{"rendered":"<p>Utiliser l\u2019intelligence num\u00e9rique pour favoriser les mobilit\u00e9s professionnelles\u00a0 \u00a0Cet atelier vous am\u00e8nera \u00e0 d\u00e9couvrir et manipuler l\u2019offre de service de Diagoriente Analytics en co-construisant le tableau de bord id\u00e9al de &hellip; <\/p>\n","protected":false},"author":1,"featured_media":0,"parent":0,"menu_order":0,"comment_status":"closed","ping_status":"closed","template":"","meta":[],"categories":[40,38],"tags":[],"wf_page_folders":[87],"acf":[],"yoast_head":"<!-- This site is optimized with the Yoast SEO plugin v20.3 - https:\/\/yoast.com\/wordpress\/plugins\/seo\/ -->\n<title>C3.37 AT : Utiliser l\u2019intelligence num\u00e9rique pour travailler les mobilit\u00e9s professionnelles - 18e Universit\u00e9 d&#039;Hiver de la Formation Professionnelle<\/title>\n<meta name=\"robots\" content=\"index, follow, max-snippet:-1, max-image-preview:large, max-video-preview:-1\" \/>\n<link rel=\"canonical\" href=\"https:\/\/uhfp.centre-inffo.fr\/2023\/c3-37-at-quand-lia-trace-le-chemin-de-lorientation\/\" \/>\n<meta property=\"og:locale\" content=\"fr_FR\" \/>\n<meta property=\"og:type\" content=\"article\" \/>\n<meta property=\"og:title\" content=\"C3.37 AT : Utiliser l\u2019intelligence num\u00e9rique pour travailler les mobilit\u00e9s professionnelles - 18e Universit\u00e9 d&#039;Hiver de la Formation Professionnelle\" \/>\n<meta property=\"og:description\" content=\"Utiliser l\u2019intelligence num\u00e9rique pour favoriser les mobilit\u00e9s professionnelles\u00a0 \u00a0Cet atelier vous am\u00e8nera \u00e0 d\u00e9couvrir et manipuler l\u2019offre de service de Diagoriente Analytics en co-construisant le tableau de bord id\u00e9al de &hellip;\" \/>\n<meta property=\"og:url\" content=\"https:\/\/uhfp.centre-inffo.fr\/2023\/c3-37-at-quand-lia-trace-le-chemin-de-lorientation\/\" \/>\n<meta property=\"og:site_name\" content=\"18e Universit\u00e9 d&#039;Hiver de la Formation Professionnelle\" \/>\n<meta property=\"article:publisher\" content=\"https:\/\/www.facebook.com\/centreinffo\" \/>\n<meta property=\"article:modified_time\" content=\"2023-02-08T13:21:46+00:00\" \/>\n<meta name=\"twitter:card\" content=\"summary_large_image\" \/>\n<meta name=\"twitter:site\" content=\"@centreinffo\" \/>\n<meta name=\"twitter:label1\" content=\"Dur\u00e9e de lecture estim\u00e9e\" \/>\n\t<meta name=\"twitter:data1\" content=\"2 minutes\" \/>\n<script type=\"application\/ld+json\" class=\"yoast-schema-graph\">{\"@context\":\"https:\/\/schema.org\",\"@graph\":[{\"@type\":\"WebPage\",\"@id\":\"https:\/\/uhfp.centre-inffo.fr\/2023\/c3-37-at-quand-lia-trace-le-chemin-de-lorientation\/\",\"url\":\"https:\/\/uhfp.centre-inffo.fr\/2023\/c3-37-at-quand-lia-trace-le-chemin-de-lorientation\/\",\"name\":\"C3.37 AT : Utiliser l\u2019intelligence num\u00e9rique pour travailler les mobilit\u00e9s professionnelles - 18e Universit\u00e9 d&#039;Hiver de la Formation Professionnelle\",\"isPartOf\":{\"@id\":\"https:\/\/uhfp.centre-inffo.fr\/2023\/#website\"},\"datePublished\":\"2022-12-14T09:04:36+00:00\",\"dateModified\":\"2023-02-08T13:21:46+00:00\",\"breadcrumb\":{\"@id\":\"https:\/\/uhfp.centre-inffo.fr\/2023\/c3-37-at-quand-lia-trace-le-chemin-de-lorientation\/#breadcrumb\"},\"inLanguage\":\"fr-FR\",\"potentialAction\":[{\"@type\":\"ReadAction\",\"target\":[\"https:\/\/uhfp.centre-inffo.fr\/2023\/c3-37-at-quand-lia-trace-le-chemin-de-lorientation\/\"]}]},{\"@type\":\"BreadcrumbList\",\"@id\":\"https:\/\/uhfp.centre-inffo.fr\/2023\/c3-37-at-quand-lia-trace-le-chemin-de-lorientation\/#breadcrumb\",\"itemListElement\":[{\"@type\":\"ListItem\",\"position\":1,\"name\":\"Accueil\",\"item\":\"https:\/\/uhfp.centre-inffo.fr\/2023\/\"},{\"@type\":\"ListItem\",\"position\":2,\"name\":\"Programme\",\"item\":\"https:\/\/uhfp.centre-inffo.fr\/2023\/rubrique\/programme\/\"},{\"@type\":\"ListItem\",\"position\":3,\"name\":\"Jeudi 26 janvier\",\"item\":\"https:\/\/uhfp.centre-inffo.fr\/2023\/rubrique\/programme\/jeudi-26-janvier\/\"},{\"@type\":\"ListItem\",\"position\":4,\"name\":\"C3.37 AT : Utiliser l\u2019intelligence num\u00e9rique pour travailler les mobilit\u00e9s professionnelles\"}]},{\"@type\":\"WebSite\",\"@id\":\"https:\/\/uhfp.centre-inffo.fr\/2023\/#website\",\"url\":\"https:\/\/uhfp.centre-inffo.fr\/2023\/\",\"name\":\"18e Universit\u00e9 d&#039;Hiver de la Formation Professionnelle\",\"description\":\"Comp\u00e9tences 2030 : r\u00e9ussir ensemble les transitions ! - Du 25 au 27 janvier 2023, \u00e0 Cannes\",\"publisher\":{\"@id\":\"https:\/\/uhfp.centre-inffo.fr\/2023\/#organization\"},\"potentialAction\":[{\"@type\":\"SearchAction\",\"target\":{\"@type\":\"EntryPoint\",\"urlTemplate\":\"https:\/\/uhfp.centre-inffo.fr\/2023\/?s={search_term_string}\"},\"query-input\":\"required name=search_term_string\"}],\"inLanguage\":\"fr-FR\"},{\"@type\":\"Organization\",\"@id\":\"https:\/\/uhfp.centre-inffo.fr\/2023\/#organization\",\"name\":\"Centre Inffo\",\"url\":\"https:\/\/uhfp.centre-inffo.fr\/2023\/\",\"logo\":{\"@type\":\"ImageObject\",\"inLanguage\":\"fr-FR\",\"@id\":\"https:\/\/uhfp.centre-inffo.fr\/2023\/#\/schema\/logo\/image\/\",\"url\":\"\",\"contentUrl\":\"\",\"caption\":\"Centre Inffo\"},\"image\":{\"@id\":\"https:\/\/uhfp.centre-inffo.fr\/2023\/#\/schema\/logo\/image\/\"},\"sameAs\":[\"https:\/\/www.facebook.com\/centreinffo\",\"https:\/\/twitter.com\/centreinffo\",\"https:\/\/www.linkedin.com\/company\/centre-inffo\/\",\"https:\/\/www.youtube.com\/user\/centreinffo\"]}]}<\/script>\n<!-- \/ Yoast SEO plugin. -->","yoast_head_json":{"title":"C3.37 AT : Utiliser l\u2019intelligence num\u00e9rique pour travailler les mobilit\u00e9s professionnelles - 18e Universit\u00e9 d&#039;Hiver de la Formation Professionnelle","robots":{"index":"index","follow":"follow","max-snippet":"max-snippet:-1","max-image-preview":"max-image-preview:large","max-video-preview":"max-video-preview:-1"},"canonical":"https:\/\/uhfp.centre-inffo.fr\/2023\/c3-37-at-quand-lia-trace-le-chemin-de-lorientation\/","og_locale":"fr_FR","og_type":"article","og_title":"C3.37 AT : Utiliser l\u2019intelligence num\u00e9rique pour travailler les mobilit\u00e9s professionnelles - 18e Universit\u00e9 d&#039;Hiver de la Formation Professionnelle","og_description":"Utiliser l\u2019intelligence num\u00e9rique pour favoriser les mobilit\u00e9s professionnelles\u00a0 \u00a0Cet atelier vous am\u00e8nera \u00e0 d\u00e9couvrir et manipuler l\u2019offre de service de Diagoriente Analytics en co-construisant le tableau de bord id\u00e9al de &hellip;","og_url":"https:\/\/uhfp.centre-inffo.fr\/2023\/c3-37-at-quand-lia-trace-le-chemin-de-lorientation\/","og_site_name":"18e Universit\u00e9 d&#039;Hiver de la Formation Professionnelle","article_publisher":"https:\/\/www.facebook.com\/centreinffo","article_modified_time":"2023-02-08T13:21:46+00:00","twitter_card":"summary_large_image","twitter_site":"@centreinffo","twitter_misc":{"Dur\u00e9e de lecture estim\u00e9e":"2 minutes"},"schema":{"@context":"https:\/\/schema.org","@graph":[{"@type":"WebPage","@id":"https:\/\/uhfp.centre-inffo.fr\/2023\/c3-37-at-quand-lia-trace-le-chemin-de-lorientation\/","url":"https:\/\/uhfp.centre-inffo.fr\/2023\/c3-37-at-quand-lia-trace-le-chemin-de-lorientation\/","name":"C3.37 AT : Utiliser l\u2019intelligence num\u00e9rique pour travailler les mobilit\u00e9s professionnelles - 18e Universit\u00e9 d&#039;Hiver de la Formation Professionnelle","isPartOf":{"@id":"https:\/\/uhfp.centre-inffo.fr\/2023\/#website"},"datePublished":"2022-12-14T09:04:36+00:00","dateModified":"2023-02-08T13:21:46+00:00","breadcrumb":{"@id":"https:\/\/uhfp.centre-inffo.fr\/2023\/c3-37-at-quand-lia-trace-le-chemin-de-lorientation\/#breadcrumb"},"inLanguage":"fr-FR","potentialAction":[{"@type":"ReadAction","target":["https:\/\/uhfp.centre-inffo.fr\/2023\/c3-37-at-quand-lia-trace-le-chemin-de-lorientation\/"]}]},{"@type":"BreadcrumbList","@id":"https:\/\/uhfp.centre-inffo.fr\/2023\/c3-37-at-quand-lia-trace-le-chemin-de-lorientation\/#breadcrumb","itemListElement":[{"@type":"ListItem","position":1,"name":"Accueil","item":"https:\/\/uhfp.centre-inffo.fr\/2023\/"},{"@type":"ListItem","position":2,"name":"Programme","item":"https:\/\/uhfp.centre-inffo.fr\/2023\/rubrique\/programme\/"},{"@type":"ListItem","position":3,"name":"Jeudi 26 janvier","item":"https:\/\/uhfp.centre-inffo.fr\/2023\/rubrique\/programme\/jeudi-26-janvier\/"},{"@type":"ListItem","position":4,"name":"C3.37 AT : Utiliser l\u2019intelligence num\u00e9rique pour travailler les mobilit\u00e9s professionnelles"}]},{"@type":"WebSite","@id":"https:\/\/uhfp.centre-inffo.fr\/2023\/#website","url":"https:\/\/uhfp.centre-inffo.fr\/2023\/","name":"18e Universit\u00e9 d&#039;Hiver de la Formation Professionnelle","description":"Comp\u00e9tences 2030 : r\u00e9ussir ensemble les transitions ! - Du 25 au 27 janvier 2023, \u00e0 Cannes","publisher":{"@id":"https:\/\/uhfp.centre-inffo.fr\/2023\/#organization"},"potentialAction":[{"@type":"SearchAction","target":{"@type":"EntryPoint","urlTemplate":"https:\/\/uhfp.centre-inffo.fr\/2023\/?s={search_term_string}"},"query-input":"required name=search_term_string"}],"inLanguage":"fr-FR"},{"@type":"Organization","@id":"https:\/\/uhfp.centre-inffo.fr\/2023\/#organization","name":"Centre Inffo","url":"https:\/\/uhfp.centre-inffo.fr\/2023\/","logo":{"@type":"ImageObject","inLanguage":"fr-FR","@id":"https:\/\/uhfp.centre-inffo.fr\/2023\/#\/schema\/logo\/image\/","url":"","contentUrl":"","caption":"Centre Inffo"},"image":{"@id":"https:\/\/uhfp.centre-inffo.fr\/2023\/#\/schema\/logo\/image\/"},"sameAs":["https:\/\/www.facebook.com\/centreinffo","https:\/\/twitter.com\/centreinffo","https:\/\/www.linkedin.com\/company\/centre-inffo\/","https:\/\/www.youtube.com\/user\/centreinffo"]}]}},"_links":{"self":[{"href":"https:\/\/uhfp.centre-inffo.fr\/2023\/wp-json\/wp\/v2\/pages\/2941"}],"collection":[{"href":"https:\/\/uhfp.centre-inffo.fr\/2023\/wp-json\/wp\/v2\/pages"}],"about":[{"href":"https:\/\/uhfp.centre-inffo.fr\/2023\/wp-json\/wp\/v2\/types\/page"}],"author":[{"embeddable":true,"href":"https:\/\/uhfp.centre-inffo.fr\/2023\/wp-json\/wp\/v2\/users\/1"}],"replies":[{"embeddable":true,"href":"https:\/\/uhfp.centre-inffo.fr\/2023\/wp-json\/wp\/v2\/comments?post=2941"}],"version-history":[{"count":15,"href":"https:\/\/uhfp.centre-inffo.fr\/2023\/wp-json\/wp\/v2\/pages\/2941\/revisions"}],"predecessor-version":[{"id":6025,"href":"https:\/\/uhfp.centre-inffo.fr\/2023\/wp-json\/wp\/v2\/pages\/2941\/revisions\/6025"}],"wp:attachment":[{"href":"https:\/\/uhfp.centre-inffo.fr\/2023\/wp-json\/wp\/v2\/media?parent=2941"}],"wp:term":[{"taxonomy":"category","embeddable":true,"href":"https:\/\/uhfp.centre-inffo.fr\/2023\/wp-json\/wp\/v2\/categories?post=2941"},{"taxonomy":"post_tag","embeddable":true,"href":"https:\/\/uhfp.centre-inffo.fr\/2023\/wp-json\/wp\/v2\/tags?post=2941"},{"taxonomy":"wf_page_folders","embeddable":true,"href":"https:\/\/uhfp.centre-inffo.fr\/2023\/wp-json\/wp\/v2\/wf_page_folders?post=2941"}],"curies":[{"name":"wp","href":"https:\/\/api.w.org\/{rel}","templated":true}]}}