{"id":3011,"date":"2022-12-14T15:31:00","date_gmt":"2022-12-14T14:31:00","guid":{"rendered":"https:\/\/uhfp.centre-inffo.fr\/2023\/?page_id=3011"},"modified":"2023-02-06T15:53:55","modified_gmt":"2023-02-06T14:53:55","slug":"c2-34-at-democratiser-linnovation-par-le-no-code-mythe-ou-realite","status":"publish","type":"page","link":"https:\/\/uhfp.centre-inffo.fr\/2023\/c2-34-at-democratiser-linnovation-par-le-no-code-mythe-ou-realite\/","title":{"rendered":"C2.34 AT : D\u00e9mocratiser l&rsquo;innovation par les outils no-code, mythe ou r\u00e9alit\u00e9 ?"},"content":{"rendered":"\n<div class=\"wp-block-buttons is-content-justification-center is-layout-flex wp-container-1\">\n<div class=\"wp-block-button\"><a class=\"wp-block-button__link wp-element-button\" href=\"\/2023\/wp-content\/uploads\/2023\/02\/C2.34-AT.pdf\">T\u00e9l\u00e9charger la pr\u00e9sentation (.pdf)<\/a><\/div>\n<\/div>\n\n\n\n<hr class=\"wp-block-separator has-alpha-channel-opacity\"\/>\n\n\n\n<p><span data-contrast=\"auto\">Depuis 2021, les outils \u00ab\u00a0no-code\u00a0\u00bb sont de plus en plus pr\u00e9sents dans les articles de presse et les discussions de curieux-ses du num\u00e9rique. Cette nouvelle g\u00e9n\u00e9ration d&rsquo;outils num\u00e9riques porte une promesse forte : permettre \u00e0 n&rsquo;importe qui de r\u00e9aliser ses propres projets num\u00e9riques (sites web, applis mobiles, outils internes, etc.). Et ce en autonomie, sans avoir de comp\u00e9tence technique pr\u00e9alable. Sans ma\u00eetriser le code informatique.<\/span><span data-contrast=\"auto\">&nbsp;<\/span><span data-ccp-props=\"{}\">&nbsp;<\/span><\/p>\n\n\n\n<p><span data-contrast=\"auto\">La preuve : en sortant de cet atelier, si tout se passe bien, vous aurez cr\u00e9\u00e9 vous-m\u00eame une petite application mobile. Le no-code est-il un \u00ab\u00a0buzzword\u00a0\u00bb, un ph\u00e9nom\u00e8ne de mode, ou remplit-il cette promesse de d\u00e9mocratisation ? Est-il vraiment accessible aux structures traditionnelles (TPE-PME notamment), ou n&rsquo;est-il accessible qu&rsquo;aux entreprises innovantes ? Comment le no-code peut-il aider \u00e0 innover (et \u00e0 se cr\u00e9er ses outils pour travailler plus efficacement) dans le champ de la formation professionnelle ? Les comp\u00e9tences li\u00e9es aux outils no-code repr\u00e9sentent-elles vraiment un nouveau march\u00e9 de l&#8217;emploi, repr\u00e9sentant ainsi un cas d&rsquo;\u00e9cole qui \u00e9merge devant nos yeux en temps r\u00e9el ?<\/span><span data-contrast=\"auto\">&nbsp;<\/span><span data-ccp-props=\"{}\">&nbsp;<\/span><\/p>\n\n\n\n<p><span data-contrast=\"auto\">Autant de probl\u00e9matiques que cet atelier questionnera, tout en s&rsquo;appuyant sur des d\u00e9monstrations concr\u00e8tes en direct &#8211; et sur des exemples de projets concrets qui ont utilis\u00e9 le no-code comme levier.<\/span><span data-ccp-props=\"{}\">&nbsp;<\/span><\/p>\n\n\n\n<h3 class=\"wp-block-heading\">Objectifs p\u00e9dagogiques&nbsp;&nbsp;<\/h3>\n\n\n\n<ul>\n<li>Comprendre les objectifs du nocode\u00a0<\/li>\n\n\n\n<li>Exp\u00e9rimenter en atelier une approche de d\u00e9veloppement de projet num\u00e9rique\u00a0<\/li>\n\n\n\n<li>M\u00e9moriser les \u00e9tapes pour conduire un tel levier d\u2019innovation au sein de sa structure\u00a0\u00a0\u00a0<\/li>\n<\/ul>\n\n\n\n<h3 class=\"wp-block-heading\">Pilote<\/h3>\n\n\n\n<ul>\n<li><a href=\"\/2023\/kezzar\/\">Erwan Kezzar<\/a> &#8211; Pr\u00e9sident, Contournement<\/li>\n<\/ul>\n\n\n\n<h3 class=\"wp-block-heading\">Intervenante<\/h3>\n\n\n\n<ul>\n<li><a href=\"\/2023\/briand\/\">Louise Briand<\/a> &#8211; Associ\u00e9e, Contournement<\/li>\n<\/ul>\n","protected":false},"excerpt":{"rendered":"<p>Depuis 2021, les outils \u00ab\u00a0no-code\u00a0\u00bb sont de plus en plus pr\u00e9sents dans les articles de presse et les discussions de curieux-ses du num\u00e9rique. Cette nouvelle g\u00e9n\u00e9ration d&rsquo;outils num\u00e9riques porte une &hellip; <\/p>\n","protected":false},"author":1,"featured_media":0,"parent":0,"menu_order":0,"comment_status":"closed","ping_status":"closed","template":"","meta":[],"categories":[40,38],"tags":[],"wf_page_folders":[87],"acf":[],"yoast_head":"<!-- This site is optimized with the Yoast SEO plugin v20.3 - https:\/\/yoast.com\/wordpress\/plugins\/seo\/ -->\n<title>C2.34 AT : D\u00e9mocratiser l&#039;innovation par les outils no-code, mythe ou r\u00e9alit\u00e9 ? - 18e Universit\u00e9 d&#039;Hiver de la Formation Professionnelle<\/title>\n<meta name=\"robots\" content=\"index, follow, max-snippet:-1, max-image-preview:large, max-video-preview:-1\" \/>\n<link rel=\"canonical\" href=\"https:\/\/uhfp.centre-inffo.fr\/2023\/c2-34-at-democratiser-linnovation-par-le-no-code-mythe-ou-realite\/\" \/>\n<meta property=\"og:locale\" content=\"fr_FR\" \/>\n<meta property=\"og:type\" content=\"article\" \/>\n<meta property=\"og:title\" content=\"C2.34 AT : D\u00e9mocratiser l&#039;innovation par les outils no-code, mythe ou r\u00e9alit\u00e9 ? - 18e Universit\u00e9 d&#039;Hiver de la Formation Professionnelle\" \/>\n<meta property=\"og:description\" content=\"Depuis 2021, les outils \u00ab\u00a0no-code\u00a0\u00bb sont de plus en plus pr\u00e9sents dans les articles de presse et les discussions de curieux-ses du num\u00e9rique. Cette nouvelle g\u00e9n\u00e9ration d&rsquo;outils num\u00e9riques porte une &hellip;\" \/>\n<meta property=\"og:url\" content=\"https:\/\/uhfp.centre-inffo.fr\/2023\/c2-34-at-democratiser-linnovation-par-le-no-code-mythe-ou-realite\/\" \/>\n<meta property=\"og:site_name\" content=\"18e Universit\u00e9 d&#039;Hiver de la Formation Professionnelle\" \/>\n<meta property=\"article:publisher\" content=\"https:\/\/www.facebook.com\/centreinffo\" \/>\n<meta property=\"article:modified_time\" content=\"2023-02-06T14:53:55+00:00\" \/>\n<meta name=\"twitter:card\" content=\"summary_large_image\" \/>\n<meta name=\"twitter:site\" content=\"@centreinffo\" \/>\n<meta name=\"twitter:label1\" content=\"Dur\u00e9e de lecture estim\u00e9e\" \/>\n\t<meta name=\"twitter:data1\" content=\"2 minutes\" \/>\n<script type=\"application\/ld+json\" class=\"yoast-schema-graph\">{\"@context\":\"https:\/\/schema.org\",\"@graph\":[{\"@type\":\"WebPage\",\"@id\":\"https:\/\/uhfp.centre-inffo.fr\/2023\/c2-34-at-democratiser-linnovation-par-le-no-code-mythe-ou-realite\/\",\"url\":\"https:\/\/uhfp.centre-inffo.fr\/2023\/c2-34-at-democratiser-linnovation-par-le-no-code-mythe-ou-realite\/\",\"name\":\"C2.34 AT : D\u00e9mocratiser l'innovation par les outils no-code, mythe ou r\u00e9alit\u00e9 ? - 18e Universit\u00e9 d&#039;Hiver de la Formation Professionnelle\",\"isPartOf\":{\"@id\":\"https:\/\/uhfp.centre-inffo.fr\/2023\/#website\"},\"datePublished\":\"2022-12-14T14:31:00+00:00\",\"dateModified\":\"2023-02-06T14:53:55+00:00\",\"breadcrumb\":{\"@id\":\"https:\/\/uhfp.centre-inffo.fr\/2023\/c2-34-at-democratiser-linnovation-par-le-no-code-mythe-ou-realite\/#breadcrumb\"},\"inLanguage\":\"fr-FR\",\"potentialAction\":[{\"@type\":\"ReadAction\",\"target\":[\"https:\/\/uhfp.centre-inffo.fr\/2023\/c2-34-at-democratiser-linnovation-par-le-no-code-mythe-ou-realite\/\"]}]},{\"@type\":\"BreadcrumbList\",\"@id\":\"https:\/\/uhfp.centre-inffo.fr\/2023\/c2-34-at-democratiser-linnovation-par-le-no-code-mythe-ou-realite\/#breadcrumb\",\"itemListElement\":[{\"@type\":\"ListItem\",\"position\":1,\"name\":\"Accueil\",\"item\":\"https:\/\/uhfp.centre-inffo.fr\/2023\/\"},{\"@type\":\"ListItem\",\"position\":2,\"name\":\"Programme\",\"item\":\"https:\/\/uhfp.centre-inffo.fr\/2023\/rubrique\/programme\/\"},{\"@type\":\"ListItem\",\"position\":3,\"name\":\"Jeudi 26 janvier\",\"item\":\"https:\/\/uhfp.centre-inffo.fr\/2023\/rubrique\/programme\/jeudi-26-janvier\/\"},{\"@type\":\"ListItem\",\"position\":4,\"name\":\"C2.34 AT : D\u00e9mocratiser l&rsquo;innovation par les outils no-code, mythe ou r\u00e9alit\u00e9 ?\"}]},{\"@type\":\"WebSite\",\"@id\":\"https:\/\/uhfp.centre-inffo.fr\/2023\/#website\",\"url\":\"https:\/\/uhfp.centre-inffo.fr\/2023\/\",\"name\":\"18e Universit\u00e9 d&#039;Hiver de la Formation Professionnelle\",\"description\":\"Comp\u00e9tences 2030 : r\u00e9ussir ensemble les transitions ! - Du 25 au 27 janvier 2023, \u00e0 Cannes\",\"publisher\":{\"@id\":\"https:\/\/uhfp.centre-inffo.fr\/2023\/#organization\"},\"potentialAction\":[{\"@type\":\"SearchAction\",\"target\":{\"@type\":\"EntryPoint\",\"urlTemplate\":\"https:\/\/uhfp.centre-inffo.fr\/2023\/?s={search_term_string}\"},\"query-input\":\"required name=search_term_string\"}],\"inLanguage\":\"fr-FR\"},{\"@type\":\"Organization\",\"@id\":\"https:\/\/uhfp.centre-inffo.fr\/2023\/#organization\",\"name\":\"Centre Inffo\",\"url\":\"https:\/\/uhfp.centre-inffo.fr\/2023\/\",\"logo\":{\"@type\":\"ImageObject\",\"inLanguage\":\"fr-FR\",\"@id\":\"https:\/\/uhfp.centre-inffo.fr\/2023\/#\/schema\/logo\/image\/\",\"url\":\"\",\"contentUrl\":\"\",\"caption\":\"Centre Inffo\"},\"image\":{\"@id\":\"https:\/\/uhfp.centre-inffo.fr\/2023\/#\/schema\/logo\/image\/\"},\"sameAs\":[\"https:\/\/www.facebook.com\/centreinffo\",\"https:\/\/twitter.com\/centreinffo\",\"https:\/\/www.linkedin.com\/company\/centre-inffo\/\",\"https:\/\/www.youtube.com\/user\/centreinffo\"]}]}<\/script>\n<!-- \/ Yoast SEO plugin. -->","yoast_head_json":{"title":"C2.34 AT : D\u00e9mocratiser l'innovation par les outils no-code, mythe ou r\u00e9alit\u00e9 ? - 18e Universit\u00e9 d&#039;Hiver de la Formation Professionnelle","robots":{"index":"index","follow":"follow","max-snippet":"max-snippet:-1","max-image-preview":"max-image-preview:large","max-video-preview":"max-video-preview:-1"},"canonical":"https:\/\/uhfp.centre-inffo.fr\/2023\/c2-34-at-democratiser-linnovation-par-le-no-code-mythe-ou-realite\/","og_locale":"fr_FR","og_type":"article","og_title":"C2.34 AT : D\u00e9mocratiser l'innovation par les outils no-code, mythe ou r\u00e9alit\u00e9 ? - 18e Universit\u00e9 d&#039;Hiver de la Formation Professionnelle","og_description":"Depuis 2021, les outils \u00ab\u00a0no-code\u00a0\u00bb sont de plus en plus pr\u00e9sents dans les articles de presse et les discussions de curieux-ses du num\u00e9rique. Cette nouvelle g\u00e9n\u00e9ration d&rsquo;outils num\u00e9riques porte une &hellip;","og_url":"https:\/\/uhfp.centre-inffo.fr\/2023\/c2-34-at-democratiser-linnovation-par-le-no-code-mythe-ou-realite\/","og_site_name":"18e Universit\u00e9 d&#039;Hiver de la Formation Professionnelle","article_publisher":"https:\/\/www.facebook.com\/centreinffo","article_modified_time":"2023-02-06T14:53:55+00:00","twitter_card":"summary_large_image","twitter_site":"@centreinffo","twitter_misc":{"Dur\u00e9e de lecture estim\u00e9e":"2 minutes"},"schema":{"@context":"https:\/\/schema.org","@graph":[{"@type":"WebPage","@id":"https:\/\/uhfp.centre-inffo.fr\/2023\/c2-34-at-democratiser-linnovation-par-le-no-code-mythe-ou-realite\/","url":"https:\/\/uhfp.centre-inffo.fr\/2023\/c2-34-at-democratiser-linnovation-par-le-no-code-mythe-ou-realite\/","name":"C2.34 AT : D\u00e9mocratiser l'innovation par les outils no-code, mythe ou r\u00e9alit\u00e9 ? - 18e Universit\u00e9 d&#039;Hiver de la Formation Professionnelle","isPartOf":{"@id":"https:\/\/uhfp.centre-inffo.fr\/2023\/#website"},"datePublished":"2022-12-14T14:31:00+00:00","dateModified":"2023-02-06T14:53:55+00:00","breadcrumb":{"@id":"https:\/\/uhfp.centre-inffo.fr\/2023\/c2-34-at-democratiser-linnovation-par-le-no-code-mythe-ou-realite\/#breadcrumb"},"inLanguage":"fr-FR","potentialAction":[{"@type":"ReadAction","target":["https:\/\/uhfp.centre-inffo.fr\/2023\/c2-34-at-democratiser-linnovation-par-le-no-code-mythe-ou-realite\/"]}]},{"@type":"BreadcrumbList","@id":"https:\/\/uhfp.centre-inffo.fr\/2023\/c2-34-at-democratiser-linnovation-par-le-no-code-mythe-ou-realite\/#breadcrumb","itemListElement":[{"@type":"ListItem","position":1,"name":"Accueil","item":"https:\/\/uhfp.centre-inffo.fr\/2023\/"},{"@type":"ListItem","position":2,"name":"Programme","item":"https:\/\/uhfp.centre-inffo.fr\/2023\/rubrique\/programme\/"},{"@type":"ListItem","position":3,"name":"Jeudi 26 janvier","item":"https:\/\/uhfp.centre-inffo.fr\/2023\/rubrique\/programme\/jeudi-26-janvier\/"},{"@type":"ListItem","position":4,"name":"C2.34 AT : D\u00e9mocratiser l&rsquo;innovation par les outils no-code, mythe ou r\u00e9alit\u00e9 ?"}]},{"@type":"WebSite","@id":"https:\/\/uhfp.centre-inffo.fr\/2023\/#website","url":"https:\/\/uhfp.centre-inffo.fr\/2023\/","name":"18e Universit\u00e9 d&#039;Hiver de la Formation Professionnelle","description":"Comp\u00e9tences 2030 : r\u00e9ussir ensemble les transitions ! - Du 25 au 27 janvier 2023, \u00e0 Cannes","publisher":{"@id":"https:\/\/uhfp.centre-inffo.fr\/2023\/#organization"},"potentialAction":[{"@type":"SearchAction","target":{"@type":"EntryPoint","urlTemplate":"https:\/\/uhfp.centre-inffo.fr\/2023\/?s={search_term_string}"},"query-input":"required name=search_term_string"}],"inLanguage":"fr-FR"},{"@type":"Organization","@id":"https:\/\/uhfp.centre-inffo.fr\/2023\/#organization","name":"Centre Inffo","url":"https:\/\/uhfp.centre-inffo.fr\/2023\/","logo":{"@type":"ImageObject","inLanguage":"fr-FR","@id":"https:\/\/uhfp.centre-inffo.fr\/2023\/#\/schema\/logo\/image\/","url":"","contentUrl":"","caption":"Centre Inffo"},"image":{"@id":"https:\/\/uhfp.centre-inffo.fr\/2023\/#\/schema\/logo\/image\/"},"sameAs":["https:\/\/www.facebook.com\/centreinffo","https:\/\/twitter.com\/centreinffo","https:\/\/www.linkedin.com\/company\/centre-inffo\/","https:\/\/www.youtube.com\/user\/centreinffo"]}]}},"_links":{"self":[{"href":"https:\/\/uhfp.centre-inffo.fr\/2023\/wp-json\/wp\/v2\/pages\/3011"}],"collection":[{"href":"https:\/\/uhfp.centre-inffo.fr\/2023\/wp-json\/wp\/v2\/pages"}],"about":[{"href":"https:\/\/uhfp.centre-inffo.fr\/2023\/wp-json\/wp\/v2\/types\/page"}],"author":[{"embeddable":true,"href":"https:\/\/uhfp.centre-inffo.fr\/2023\/wp-json\/wp\/v2\/users\/1"}],"replies":[{"embeddable":true,"href":"https:\/\/uhfp.centre-inffo.fr\/2023\/wp-json\/wp\/v2\/comments?post=3011"}],"version-history":[{"count":11,"href":"https:\/\/uhfp.centre-inffo.fr\/2023\/wp-json\/wp\/v2\/pages\/3011\/revisions"}],"predecessor-version":[{"id":5990,"href":"https:\/\/uhfp.centre-inffo.fr\/2023\/wp-json\/wp\/v2\/pages\/3011\/revisions\/5990"}],"wp:attachment":[{"href":"https:\/\/uhfp.centre-inffo.fr\/2023\/wp-json\/wp\/v2\/media?parent=3011"}],"wp:term":[{"taxonomy":"category","embeddable":true,"href":"https:\/\/uhfp.centre-inffo.fr\/2023\/wp-json\/wp\/v2\/categories?post=3011"},{"taxonomy":"post_tag","embeddable":true,"href":"https:\/\/uhfp.centre-inffo.fr\/2023\/wp-json\/wp\/v2\/tags?post=3011"},{"taxonomy":"wf_page_folders","embeddable":true,"href":"https:\/\/uhfp.centre-inffo.fr\/2023\/wp-json\/wp\/v2\/wf_page_folders?post=3011"}],"curies":[{"name":"wp","href":"https:\/\/api.w.org\/{rel}","templated":true}]}}