{"id":3045,"date":"2022-12-14T16:13:45","date_gmt":"2022-12-14T15:13:45","guid":{"rendered":"https:\/\/uhfp.centre-inffo.fr\/2023\/?page_id=3045"},"modified":"2023-01-25T09:23:57","modified_gmt":"2023-01-25T08:23:57","slug":"d3-44-tr-apprentissage-alternance-quelle-regulation-pour-quelle-ambition","status":"publish","type":"page","link":"https:\/\/uhfp.centre-inffo.fr\/2023\/d3-44-tr-apprentissage-alternance-quelle-regulation-pour-quelle-ambition\/","title":{"rendered":"D3.44 TR : Apprentissage, alternance : quelle r\u00e9gulation, pour quelle ambition ?"},"content":{"rendered":"<p><span class=\"TextRun Highlight SCXW243316262 BCX0\" lang=\"FR-FR\" xml:lang=\"FR-FR\" data-contrast=\"auto\"><span class=\"NormalTextRun SCXW243316262 BCX0\">Apr\u00e8s le big bang de l\u2019apprentissage et l\u2019augmentation historique des contrats qu\u2019il a provoqu\u00e9e, la question de la trajectoire financi\u00e8re est soulev\u00e9e. L\u2019ambition d\u2019atteindre un million d\u2019entr\u00e9es en apprentissage par an, d\u2019ici la fin du quinquennat, est-elle possible sans revoir les m\u00e9canismes de financement ? Les nouvelles orientations apport\u00e9es \u00e0 l\u2019aide aux entreprises et aux niveaux de prise en charge (NPEC), corr\u00e9l\u00e9es aux remont\u00e9es comptables des CFA sont-elles suffisantes pour r\u00e9guler les d\u00e9ficits constat\u00e9s ? Quelles nouvelles sources de financements peuvent-elles \u00eatre mobilis\u00e9es ?<\/span><\/span><\/p>\n<h3>Objectifs p\u00e9dagogiques<\/h3>\n<ul>\n<li>Identifier les \u00e9volutions r\u00e9glementaires pr\u00e9vues \u00e0 court et moyen terme dans le champ de l\u2019apprentissage et de l\u2019alternance<\/li>\n<li>Comprendre l\u2019impact de ces \u00e9volutions sur sa propre activit\u00e9<\/li>\n<li>R\u00e9unir les \u00e9l\u00e9ments nouveaux ou alternatifs pour poursuivre son activit\u00e9 dans le champ de l\u2019apprentissage et de l\u2019alternance<\/li>\n<\/ul>\n<h3>Animation<\/h3>\n<ul>\n<li><a href=\"\/2023\/cepede\/\">Jean-Philippe C\u00e9p\u00e8de<\/a> &#8211; Directeur Juridique Droit de la formation &#8211; Centre Inffo<\/li>\n<\/ul>\n<h3>Intervenants<\/h3>\n<ul>\n<li><a href=\"\/2023\/dumont\/\">Maxime Dumont<\/a> &#8211; CFTC<\/li>\n<li><a href=\"https:\/\/uhfp.centre-inffo.fr\/2023\/fethi\/\">Fouzi Fethi<\/a> &#8211; Directeur du p\u00f4le Droit et Politiques de Formation, Centre Inffo<\/li>\n<li><a href=\"\/2023\/lardy\/\">St\u00e9phane Lardy<\/a> &#8211; Directeur g\u00e9n\u00e9ral, France comp\u00e9tences<\/li>\n<li>Laurent Munerot &#8211; U2P<\/li>\n<li><a href=\"\/2023\/poivey\/\">Florence Poivey<\/a> &#8211; Pr\u00e9sidente, Worldskills<\/li>\n<\/ul>\n","protected":false},"excerpt":{"rendered":"<p>Apr\u00e8s le big bang de l\u2019apprentissage et l\u2019augmentation historique des contrats qu\u2019il a provoqu\u00e9e, la question de la trajectoire financi\u00e8re est soulev\u00e9e. L\u2019ambition d\u2019atteindre un million d\u2019entr\u00e9es en apprentissage par &hellip; <\/p>\n","protected":false},"author":1,"featured_media":0,"parent":0,"menu_order":0,"comment_status":"closed","ping_status":"closed","template":"","meta":[],"categories":[40,38],"tags":[],"wf_page_folders":[87],"acf":[],"yoast_head":"<!-- This site is optimized with the Yoast SEO plugin v20.3 - https:\/\/yoast.com\/wordpress\/plugins\/seo\/ -->\n<title>D3.44 TR : Apprentissage, alternance : quelle r\u00e9gulation, pour quelle ambition ? - 18e Universit\u00e9 d&#039;Hiver de la Formation Professionnelle<\/title>\n<meta name=\"robots\" content=\"index, follow, max-snippet:-1, max-image-preview:large, max-video-preview:-1\" \/>\n<link rel=\"canonical\" href=\"https:\/\/uhfp.centre-inffo.fr\/2023\/d3-44-tr-apprentissage-alternance-quelle-regulation-pour-quelle-ambition\/\" \/>\n<meta property=\"og:locale\" content=\"fr_FR\" \/>\n<meta property=\"og:type\" content=\"article\" \/>\n<meta property=\"og:title\" content=\"D3.44 TR : Apprentissage, alternance : quelle r\u00e9gulation, pour quelle ambition ? - 18e Universit\u00e9 d&#039;Hiver de la Formation Professionnelle\" \/>\n<meta property=\"og:description\" content=\"Apr\u00e8s le big bang de l\u2019apprentissage et l\u2019augmentation historique des contrats qu\u2019il a provoqu\u00e9e, la question de la trajectoire financi\u00e8re est soulev\u00e9e. L\u2019ambition d\u2019atteindre un million d\u2019entr\u00e9es en apprentissage par &hellip;\" \/>\n<meta property=\"og:url\" content=\"https:\/\/uhfp.centre-inffo.fr\/2023\/d3-44-tr-apprentissage-alternance-quelle-regulation-pour-quelle-ambition\/\" \/>\n<meta property=\"og:site_name\" content=\"18e Universit\u00e9 d&#039;Hiver de la Formation Professionnelle\" \/>\n<meta property=\"article:publisher\" content=\"https:\/\/www.facebook.com\/centreinffo\" \/>\n<meta property=\"article:modified_time\" content=\"2023-01-25T08:23:57+00:00\" \/>\n<meta name=\"twitter:card\" content=\"summary_large_image\" \/>\n<meta name=\"twitter:site\" content=\"@centreinffo\" \/>\n<meta name=\"twitter:label1\" content=\"Dur\u00e9e de lecture estim\u00e9e\" \/>\n\t<meta name=\"twitter:data1\" content=\"1 minute\" \/>\n<script type=\"application\/ld+json\" class=\"yoast-schema-graph\">{\"@context\":\"https:\/\/schema.org\",\"@graph\":[{\"@type\":\"WebPage\",\"@id\":\"https:\/\/uhfp.centre-inffo.fr\/2023\/d3-44-tr-apprentissage-alternance-quelle-regulation-pour-quelle-ambition\/\",\"url\":\"https:\/\/uhfp.centre-inffo.fr\/2023\/d3-44-tr-apprentissage-alternance-quelle-regulation-pour-quelle-ambition\/\",\"name\":\"D3.44 TR : Apprentissage, alternance : quelle r\u00e9gulation, pour quelle ambition ? - 18e Universit\u00e9 d&#039;Hiver de la Formation Professionnelle\",\"isPartOf\":{\"@id\":\"https:\/\/uhfp.centre-inffo.fr\/2023\/#website\"},\"datePublished\":\"2022-12-14T15:13:45+00:00\",\"dateModified\":\"2023-01-25T08:23:57+00:00\",\"breadcrumb\":{\"@id\":\"https:\/\/uhfp.centre-inffo.fr\/2023\/d3-44-tr-apprentissage-alternance-quelle-regulation-pour-quelle-ambition\/#breadcrumb\"},\"inLanguage\":\"fr-FR\",\"potentialAction\":[{\"@type\":\"ReadAction\",\"target\":[\"https:\/\/uhfp.centre-inffo.fr\/2023\/d3-44-tr-apprentissage-alternance-quelle-regulation-pour-quelle-ambition\/\"]}]},{\"@type\":\"BreadcrumbList\",\"@id\":\"https:\/\/uhfp.centre-inffo.fr\/2023\/d3-44-tr-apprentissage-alternance-quelle-regulation-pour-quelle-ambition\/#breadcrumb\",\"itemListElement\":[{\"@type\":\"ListItem\",\"position\":1,\"name\":\"Accueil\",\"item\":\"https:\/\/uhfp.centre-inffo.fr\/2023\/\"},{\"@type\":\"ListItem\",\"position\":2,\"name\":\"Programme\",\"item\":\"https:\/\/uhfp.centre-inffo.fr\/2023\/rubrique\/programme\/\"},{\"@type\":\"ListItem\",\"position\":3,\"name\":\"Jeudi 26 janvier\",\"item\":\"https:\/\/uhfp.centre-inffo.fr\/2023\/rubrique\/programme\/jeudi-26-janvier\/\"},{\"@type\":\"ListItem\",\"position\":4,\"name\":\"D3.44 TR : Apprentissage, alternance : quelle r\u00e9gulation, pour quelle ambition ?\"}]},{\"@type\":\"WebSite\",\"@id\":\"https:\/\/uhfp.centre-inffo.fr\/2023\/#website\",\"url\":\"https:\/\/uhfp.centre-inffo.fr\/2023\/\",\"name\":\"18e Universit\u00e9 d&#039;Hiver de la Formation Professionnelle\",\"description\":\"Comp\u00e9tences 2030 : r\u00e9ussir ensemble les transitions ! - Du 25 au 27 janvier 2023, \u00e0 Cannes\",\"publisher\":{\"@id\":\"https:\/\/uhfp.centre-inffo.fr\/2023\/#organization\"},\"potentialAction\":[{\"@type\":\"SearchAction\",\"target\":{\"@type\":\"EntryPoint\",\"urlTemplate\":\"https:\/\/uhfp.centre-inffo.fr\/2023\/?s={search_term_string}\"},\"query-input\":\"required name=search_term_string\"}],\"inLanguage\":\"fr-FR\"},{\"@type\":\"Organization\",\"@id\":\"https:\/\/uhfp.centre-inffo.fr\/2023\/#organization\",\"name\":\"Centre Inffo\",\"url\":\"https:\/\/uhfp.centre-inffo.fr\/2023\/\",\"logo\":{\"@type\":\"ImageObject\",\"inLanguage\":\"fr-FR\",\"@id\":\"https:\/\/uhfp.centre-inffo.fr\/2023\/#\/schema\/logo\/image\/\",\"url\":\"\",\"contentUrl\":\"\",\"caption\":\"Centre Inffo\"},\"image\":{\"@id\":\"https:\/\/uhfp.centre-inffo.fr\/2023\/#\/schema\/logo\/image\/\"},\"sameAs\":[\"https:\/\/www.facebook.com\/centreinffo\",\"https:\/\/twitter.com\/centreinffo\",\"https:\/\/www.linkedin.com\/company\/centre-inffo\/\",\"https:\/\/www.youtube.com\/user\/centreinffo\"]}]}<\/script>\n<!-- \/ Yoast SEO plugin. -->","yoast_head_json":{"title":"D3.44 TR : Apprentissage, alternance : quelle r\u00e9gulation, pour quelle ambition ? - 18e Universit\u00e9 d&#039;Hiver de la Formation Professionnelle","robots":{"index":"index","follow":"follow","max-snippet":"max-snippet:-1","max-image-preview":"max-image-preview:large","max-video-preview":"max-video-preview:-1"},"canonical":"https:\/\/uhfp.centre-inffo.fr\/2023\/d3-44-tr-apprentissage-alternance-quelle-regulation-pour-quelle-ambition\/","og_locale":"fr_FR","og_type":"article","og_title":"D3.44 TR : Apprentissage, alternance : quelle r\u00e9gulation, pour quelle ambition ? - 18e Universit\u00e9 d&#039;Hiver de la Formation Professionnelle","og_description":"Apr\u00e8s le big bang de l\u2019apprentissage et l\u2019augmentation historique des contrats qu\u2019il a provoqu\u00e9e, la question de la trajectoire financi\u00e8re est soulev\u00e9e. L\u2019ambition d\u2019atteindre un million d\u2019entr\u00e9es en apprentissage par &hellip;","og_url":"https:\/\/uhfp.centre-inffo.fr\/2023\/d3-44-tr-apprentissage-alternance-quelle-regulation-pour-quelle-ambition\/","og_site_name":"18e Universit\u00e9 d&#039;Hiver de la Formation Professionnelle","article_publisher":"https:\/\/www.facebook.com\/centreinffo","article_modified_time":"2023-01-25T08:23:57+00:00","twitter_card":"summary_large_image","twitter_site":"@centreinffo","twitter_misc":{"Dur\u00e9e de lecture estim\u00e9e":"1 minute"},"schema":{"@context":"https:\/\/schema.org","@graph":[{"@type":"WebPage","@id":"https:\/\/uhfp.centre-inffo.fr\/2023\/d3-44-tr-apprentissage-alternance-quelle-regulation-pour-quelle-ambition\/","url":"https:\/\/uhfp.centre-inffo.fr\/2023\/d3-44-tr-apprentissage-alternance-quelle-regulation-pour-quelle-ambition\/","name":"D3.44 TR : Apprentissage, alternance : quelle r\u00e9gulation, pour quelle ambition ? - 18e Universit\u00e9 d&#039;Hiver de la Formation Professionnelle","isPartOf":{"@id":"https:\/\/uhfp.centre-inffo.fr\/2023\/#website"},"datePublished":"2022-12-14T15:13:45+00:00","dateModified":"2023-01-25T08:23:57+00:00","breadcrumb":{"@id":"https:\/\/uhfp.centre-inffo.fr\/2023\/d3-44-tr-apprentissage-alternance-quelle-regulation-pour-quelle-ambition\/#breadcrumb"},"inLanguage":"fr-FR","potentialAction":[{"@type":"ReadAction","target":["https:\/\/uhfp.centre-inffo.fr\/2023\/d3-44-tr-apprentissage-alternance-quelle-regulation-pour-quelle-ambition\/"]}]},{"@type":"BreadcrumbList","@id":"https:\/\/uhfp.centre-inffo.fr\/2023\/d3-44-tr-apprentissage-alternance-quelle-regulation-pour-quelle-ambition\/#breadcrumb","itemListElement":[{"@type":"ListItem","position":1,"name":"Accueil","item":"https:\/\/uhfp.centre-inffo.fr\/2023\/"},{"@type":"ListItem","position":2,"name":"Programme","item":"https:\/\/uhfp.centre-inffo.fr\/2023\/rubrique\/programme\/"},{"@type":"ListItem","position":3,"name":"Jeudi 26 janvier","item":"https:\/\/uhfp.centre-inffo.fr\/2023\/rubrique\/programme\/jeudi-26-janvier\/"},{"@type":"ListItem","position":4,"name":"D3.44 TR : Apprentissage, alternance : quelle r\u00e9gulation, pour quelle ambition ?"}]},{"@type":"WebSite","@id":"https:\/\/uhfp.centre-inffo.fr\/2023\/#website","url":"https:\/\/uhfp.centre-inffo.fr\/2023\/","name":"18e Universit\u00e9 d&#039;Hiver de la Formation Professionnelle","description":"Comp\u00e9tences 2030 : r\u00e9ussir ensemble les transitions ! - Du 25 au 27 janvier 2023, \u00e0 Cannes","publisher":{"@id":"https:\/\/uhfp.centre-inffo.fr\/2023\/#organization"},"potentialAction":[{"@type":"SearchAction","target":{"@type":"EntryPoint","urlTemplate":"https:\/\/uhfp.centre-inffo.fr\/2023\/?s={search_term_string}"},"query-input":"required name=search_term_string"}],"inLanguage":"fr-FR"},{"@type":"Organization","@id":"https:\/\/uhfp.centre-inffo.fr\/2023\/#organization","name":"Centre Inffo","url":"https:\/\/uhfp.centre-inffo.fr\/2023\/","logo":{"@type":"ImageObject","inLanguage":"fr-FR","@id":"https:\/\/uhfp.centre-inffo.fr\/2023\/#\/schema\/logo\/image\/","url":"","contentUrl":"","caption":"Centre Inffo"},"image":{"@id":"https:\/\/uhfp.centre-inffo.fr\/2023\/#\/schema\/logo\/image\/"},"sameAs":["https:\/\/www.facebook.com\/centreinffo","https:\/\/twitter.com\/centreinffo","https:\/\/www.linkedin.com\/company\/centre-inffo\/","https:\/\/www.youtube.com\/user\/centreinffo"]}]}},"_links":{"self":[{"href":"https:\/\/uhfp.centre-inffo.fr\/2023\/wp-json\/wp\/v2\/pages\/3045"}],"collection":[{"href":"https:\/\/uhfp.centre-inffo.fr\/2023\/wp-json\/wp\/v2\/pages"}],"about":[{"href":"https:\/\/uhfp.centre-inffo.fr\/2023\/wp-json\/wp\/v2\/types\/page"}],"author":[{"embeddable":true,"href":"https:\/\/uhfp.centre-inffo.fr\/2023\/wp-json\/wp\/v2\/users\/1"}],"replies":[{"embeddable":true,"href":"https:\/\/uhfp.centre-inffo.fr\/2023\/wp-json\/wp\/v2\/comments?post=3045"}],"version-history":[{"count":16,"href":"https:\/\/uhfp.centre-inffo.fr\/2023\/wp-json\/wp\/v2\/pages\/3045\/revisions"}],"predecessor-version":[{"id":5343,"href":"https:\/\/uhfp.centre-inffo.fr\/2023\/wp-json\/wp\/v2\/pages\/3045\/revisions\/5343"}],"wp:attachment":[{"href":"https:\/\/uhfp.centre-inffo.fr\/2023\/wp-json\/wp\/v2\/media?parent=3045"}],"wp:term":[{"taxonomy":"category","embeddable":true,"href":"https:\/\/uhfp.centre-inffo.fr\/2023\/wp-json\/wp\/v2\/categories?post=3045"},{"taxonomy":"post_tag","embeddable":true,"href":"https:\/\/uhfp.centre-inffo.fr\/2023\/wp-json\/wp\/v2\/tags?post=3045"},{"taxonomy":"wf_page_folders","embeddable":true,"href":"https:\/\/uhfp.centre-inffo.fr\/2023\/wp-json\/wp\/v2\/wf_page_folders?post=3045"}],"curies":[{"name":"wp","href":"https:\/\/api.w.org\/{rel}","templated":true}]}}