{"id":3056,"date":"2022-12-14T16:24:54","date_gmt":"2022-12-14T15:24:54","guid":{"rendered":"https:\/\/uhfp.centre-inffo.fr\/2023\/?page_id=3056"},"modified":"2023-01-20T10:58:55","modified_gmt":"2023-01-20T09:58:55","slug":"d4-52-at-la-culture-une-obligation-dinclusion","status":"publish","type":"page","link":"https:\/\/uhfp.centre-inffo.fr\/2023\/d4-52-at-la-culture-une-obligation-dinclusion\/","title":{"rendered":"D4.52 AT : La culture, une obligation d&rsquo;inclusion"},"content":{"rendered":"<p><span data-contrast=\"none\">Aborder une d\u00e9marche inclusive c\u2019est apprendre \u00e0 parler autrement de ce sujet, c&rsquo;est aussi d\u00e9sapprendre, et enfin trouver un nouveau langage&#8230;Alors comment r\u00e9inventer une nouvelle grammaire du recrutement \u00ab\u00a0conjuguer, accorder, d\u00e9cliner\u00a0\u00bb pour inclure ?\u00a0 La preuve par l&rsquo;exemple du secteur de la culture ! <\/span><\/p>\n<h3>Objectifs p\u00e9dagogiques<\/h3>\n<ul>\n<li>Identifier le p\u00e9rim\u00e8tre de l\u2019inclusion<\/li>\n<li>Trouver des modalit\u00e9s de construction et de fertilisation d\u2019une politique inclusive partag\u00e9e<\/li>\n<li>Travailler sur un cas pratique de mise \u00e0 l&rsquo;\u00e9chelle avec une attention particuli\u00e8re \u00e0 la sym\u00e9trie des attentions.<\/li>\n<\/ul>\n<h3>Pilote<\/h3>\n<ul>\n<li><a href=\"\/2023\/teboul\/\">Thierry Teboul<\/a> &#8211; Directeur g\u00e9n\u00e9ral, Afdas<\/li>\n<\/ul>\n<h3>Intervenants<\/h3>\n<ul>\n<li><a href=\"\/2023\/gentilhomme\/\">Isabelle Gentilhomme<\/a> &#8211; Vice-pr\u00e9sidente, Afdas<\/li>\n<li><a href=\"\/2023\/laurent\/\">Xavier-Adrien Laurent<\/a> &#8211; Pr\u00e9sident, collectif La R\u00e9plique et Directeur artistique de Texte Hors Contexte<\/li>\n<li><a href=\"\/2023\/meunier\/\">Arnaud Meunier<\/a> &#8211; Directeur, maison de la culture de Grenoble<\/li>\n<\/ul>\n","protected":false},"excerpt":{"rendered":"<p>Aborder une d\u00e9marche inclusive c\u2019est apprendre \u00e0 parler autrement de ce sujet, c&rsquo;est aussi d\u00e9sapprendre, et enfin trouver un nouveau langage&#8230;Alors comment r\u00e9inventer une nouvelle grammaire du recrutement \u00ab\u00a0conjuguer, accorder, &hellip; <\/p>\n","protected":false},"author":1,"featured_media":0,"parent":0,"menu_order":0,"comment_status":"closed","ping_status":"closed","template":"","meta":[],"categories":[40,38],"tags":[],"wf_page_folders":[87],"acf":[],"yoast_head":"<!-- This site is optimized with the Yoast SEO plugin v20.3 - https:\/\/yoast.com\/wordpress\/plugins\/seo\/ -->\n<title>D4.52 AT : La culture, une obligation d&#039;inclusion - 18e Universit\u00e9 d&#039;Hiver de la Formation Professionnelle<\/title>\n<meta name=\"robots\" content=\"index, follow, max-snippet:-1, max-image-preview:large, max-video-preview:-1\" \/>\n<link rel=\"canonical\" href=\"https:\/\/uhfp.centre-inffo.fr\/2023\/d4-52-at-la-culture-une-obligation-dinclusion\/\" \/>\n<meta property=\"og:locale\" content=\"fr_FR\" \/>\n<meta property=\"og:type\" content=\"article\" \/>\n<meta property=\"og:title\" content=\"D4.52 AT : La culture, une obligation d&#039;inclusion - 18e Universit\u00e9 d&#039;Hiver de la Formation Professionnelle\" \/>\n<meta property=\"og:description\" content=\"Aborder une d\u00e9marche inclusive c\u2019est apprendre \u00e0 parler autrement de ce sujet, c&rsquo;est aussi d\u00e9sapprendre, et enfin trouver un nouveau langage&#8230;Alors comment r\u00e9inventer une nouvelle grammaire du recrutement \u00ab\u00a0conjuguer, accorder, &hellip;\" \/>\n<meta property=\"og:url\" content=\"https:\/\/uhfp.centre-inffo.fr\/2023\/d4-52-at-la-culture-une-obligation-dinclusion\/\" \/>\n<meta property=\"og:site_name\" content=\"18e Universit\u00e9 d&#039;Hiver de la Formation Professionnelle\" \/>\n<meta property=\"article:publisher\" content=\"https:\/\/www.facebook.com\/centreinffo\" \/>\n<meta property=\"article:modified_time\" content=\"2023-01-20T09:58:55+00:00\" \/>\n<meta name=\"twitter:card\" content=\"summary_large_image\" \/>\n<meta name=\"twitter:site\" content=\"@centreinffo\" \/>\n<meta name=\"twitter:label1\" content=\"Dur\u00e9e de lecture estim\u00e9e\" \/>\n\t<meta name=\"twitter:data1\" content=\"1 minute\" \/>\n<script type=\"application\/ld+json\" class=\"yoast-schema-graph\">{\"@context\":\"https:\/\/schema.org\",\"@graph\":[{\"@type\":\"WebPage\",\"@id\":\"https:\/\/uhfp.centre-inffo.fr\/2023\/d4-52-at-la-culture-une-obligation-dinclusion\/\",\"url\":\"https:\/\/uhfp.centre-inffo.fr\/2023\/d4-52-at-la-culture-une-obligation-dinclusion\/\",\"name\":\"D4.52 AT : La culture, une obligation d'inclusion - 18e Universit\u00e9 d&#039;Hiver de la Formation Professionnelle\",\"isPartOf\":{\"@id\":\"https:\/\/uhfp.centre-inffo.fr\/2023\/#website\"},\"datePublished\":\"2022-12-14T15:24:54+00:00\",\"dateModified\":\"2023-01-20T09:58:55+00:00\",\"breadcrumb\":{\"@id\":\"https:\/\/uhfp.centre-inffo.fr\/2023\/d4-52-at-la-culture-une-obligation-dinclusion\/#breadcrumb\"},\"inLanguage\":\"fr-FR\",\"potentialAction\":[{\"@type\":\"ReadAction\",\"target\":[\"https:\/\/uhfp.centre-inffo.fr\/2023\/d4-52-at-la-culture-une-obligation-dinclusion\/\"]}]},{\"@type\":\"BreadcrumbList\",\"@id\":\"https:\/\/uhfp.centre-inffo.fr\/2023\/d4-52-at-la-culture-une-obligation-dinclusion\/#breadcrumb\",\"itemListElement\":[{\"@type\":\"ListItem\",\"position\":1,\"name\":\"Accueil\",\"item\":\"https:\/\/uhfp.centre-inffo.fr\/2023\/\"},{\"@type\":\"ListItem\",\"position\":2,\"name\":\"Programme\",\"item\":\"https:\/\/uhfp.centre-inffo.fr\/2023\/rubrique\/programme\/\"},{\"@type\":\"ListItem\",\"position\":3,\"name\":\"Jeudi 26 janvier\",\"item\":\"https:\/\/uhfp.centre-inffo.fr\/2023\/rubrique\/programme\/jeudi-26-janvier\/\"},{\"@type\":\"ListItem\",\"position\":4,\"name\":\"D4.52 AT : La culture, une obligation d&rsquo;inclusion\"}]},{\"@type\":\"WebSite\",\"@id\":\"https:\/\/uhfp.centre-inffo.fr\/2023\/#website\",\"url\":\"https:\/\/uhfp.centre-inffo.fr\/2023\/\",\"name\":\"18e Universit\u00e9 d&#039;Hiver de la Formation Professionnelle\",\"description\":\"Comp\u00e9tences 2030 : r\u00e9ussir ensemble les transitions ! - Du 25 au 27 janvier 2023, \u00e0 Cannes\",\"publisher\":{\"@id\":\"https:\/\/uhfp.centre-inffo.fr\/2023\/#organization\"},\"potentialAction\":[{\"@type\":\"SearchAction\",\"target\":{\"@type\":\"EntryPoint\",\"urlTemplate\":\"https:\/\/uhfp.centre-inffo.fr\/2023\/?s={search_term_string}\"},\"query-input\":\"required name=search_term_string\"}],\"inLanguage\":\"fr-FR\"},{\"@type\":\"Organization\",\"@id\":\"https:\/\/uhfp.centre-inffo.fr\/2023\/#organization\",\"name\":\"Centre Inffo\",\"url\":\"https:\/\/uhfp.centre-inffo.fr\/2023\/\",\"logo\":{\"@type\":\"ImageObject\",\"inLanguage\":\"fr-FR\",\"@id\":\"https:\/\/uhfp.centre-inffo.fr\/2023\/#\/schema\/logo\/image\/\",\"url\":\"\",\"contentUrl\":\"\",\"caption\":\"Centre Inffo\"},\"image\":{\"@id\":\"https:\/\/uhfp.centre-inffo.fr\/2023\/#\/schema\/logo\/image\/\"},\"sameAs\":[\"https:\/\/www.facebook.com\/centreinffo\",\"https:\/\/twitter.com\/centreinffo\",\"https:\/\/www.linkedin.com\/company\/centre-inffo\/\",\"https:\/\/www.youtube.com\/user\/centreinffo\"]}]}<\/script>\n<!-- \/ Yoast SEO plugin. -->","yoast_head_json":{"title":"D4.52 AT : La culture, une obligation d'inclusion - 18e Universit\u00e9 d&#039;Hiver de la Formation Professionnelle","robots":{"index":"index","follow":"follow","max-snippet":"max-snippet:-1","max-image-preview":"max-image-preview:large","max-video-preview":"max-video-preview:-1"},"canonical":"https:\/\/uhfp.centre-inffo.fr\/2023\/d4-52-at-la-culture-une-obligation-dinclusion\/","og_locale":"fr_FR","og_type":"article","og_title":"D4.52 AT : La culture, une obligation d'inclusion - 18e Universit\u00e9 d&#039;Hiver de la Formation Professionnelle","og_description":"Aborder une d\u00e9marche inclusive c\u2019est apprendre \u00e0 parler autrement de ce sujet, c&rsquo;est aussi d\u00e9sapprendre, et enfin trouver un nouveau langage&#8230;Alors comment r\u00e9inventer une nouvelle grammaire du recrutement \u00ab\u00a0conjuguer, accorder, &hellip;","og_url":"https:\/\/uhfp.centre-inffo.fr\/2023\/d4-52-at-la-culture-une-obligation-dinclusion\/","og_site_name":"18e Universit\u00e9 d&#039;Hiver de la Formation Professionnelle","article_publisher":"https:\/\/www.facebook.com\/centreinffo","article_modified_time":"2023-01-20T09:58:55+00:00","twitter_card":"summary_large_image","twitter_site":"@centreinffo","twitter_misc":{"Dur\u00e9e de lecture estim\u00e9e":"1 minute"},"schema":{"@context":"https:\/\/schema.org","@graph":[{"@type":"WebPage","@id":"https:\/\/uhfp.centre-inffo.fr\/2023\/d4-52-at-la-culture-une-obligation-dinclusion\/","url":"https:\/\/uhfp.centre-inffo.fr\/2023\/d4-52-at-la-culture-une-obligation-dinclusion\/","name":"D4.52 AT : La culture, une obligation d'inclusion - 18e Universit\u00e9 d&#039;Hiver de la Formation Professionnelle","isPartOf":{"@id":"https:\/\/uhfp.centre-inffo.fr\/2023\/#website"},"datePublished":"2022-12-14T15:24:54+00:00","dateModified":"2023-01-20T09:58:55+00:00","breadcrumb":{"@id":"https:\/\/uhfp.centre-inffo.fr\/2023\/d4-52-at-la-culture-une-obligation-dinclusion\/#breadcrumb"},"inLanguage":"fr-FR","potentialAction":[{"@type":"ReadAction","target":["https:\/\/uhfp.centre-inffo.fr\/2023\/d4-52-at-la-culture-une-obligation-dinclusion\/"]}]},{"@type":"BreadcrumbList","@id":"https:\/\/uhfp.centre-inffo.fr\/2023\/d4-52-at-la-culture-une-obligation-dinclusion\/#breadcrumb","itemListElement":[{"@type":"ListItem","position":1,"name":"Accueil","item":"https:\/\/uhfp.centre-inffo.fr\/2023\/"},{"@type":"ListItem","position":2,"name":"Programme","item":"https:\/\/uhfp.centre-inffo.fr\/2023\/rubrique\/programme\/"},{"@type":"ListItem","position":3,"name":"Jeudi 26 janvier","item":"https:\/\/uhfp.centre-inffo.fr\/2023\/rubrique\/programme\/jeudi-26-janvier\/"},{"@type":"ListItem","position":4,"name":"D4.52 AT : La culture, une obligation d&rsquo;inclusion"}]},{"@type":"WebSite","@id":"https:\/\/uhfp.centre-inffo.fr\/2023\/#website","url":"https:\/\/uhfp.centre-inffo.fr\/2023\/","name":"18e Universit\u00e9 d&#039;Hiver de la Formation Professionnelle","description":"Comp\u00e9tences 2030 : r\u00e9ussir ensemble les transitions ! - Du 25 au 27 janvier 2023, \u00e0 Cannes","publisher":{"@id":"https:\/\/uhfp.centre-inffo.fr\/2023\/#organization"},"potentialAction":[{"@type":"SearchAction","target":{"@type":"EntryPoint","urlTemplate":"https:\/\/uhfp.centre-inffo.fr\/2023\/?s={search_term_string}"},"query-input":"required name=search_term_string"}],"inLanguage":"fr-FR"},{"@type":"Organization","@id":"https:\/\/uhfp.centre-inffo.fr\/2023\/#organization","name":"Centre Inffo","url":"https:\/\/uhfp.centre-inffo.fr\/2023\/","logo":{"@type":"ImageObject","inLanguage":"fr-FR","@id":"https:\/\/uhfp.centre-inffo.fr\/2023\/#\/schema\/logo\/image\/","url":"","contentUrl":"","caption":"Centre Inffo"},"image":{"@id":"https:\/\/uhfp.centre-inffo.fr\/2023\/#\/schema\/logo\/image\/"},"sameAs":["https:\/\/www.facebook.com\/centreinffo","https:\/\/twitter.com\/centreinffo","https:\/\/www.linkedin.com\/company\/centre-inffo\/","https:\/\/www.youtube.com\/user\/centreinffo"]}]}},"_links":{"self":[{"href":"https:\/\/uhfp.centre-inffo.fr\/2023\/wp-json\/wp\/v2\/pages\/3056"}],"collection":[{"href":"https:\/\/uhfp.centre-inffo.fr\/2023\/wp-json\/wp\/v2\/pages"}],"about":[{"href":"https:\/\/uhfp.centre-inffo.fr\/2023\/wp-json\/wp\/v2\/types\/page"}],"author":[{"embeddable":true,"href":"https:\/\/uhfp.centre-inffo.fr\/2023\/wp-json\/wp\/v2\/users\/1"}],"replies":[{"embeddable":true,"href":"https:\/\/uhfp.centre-inffo.fr\/2023\/wp-json\/wp\/v2\/comments?post=3056"}],"version-history":[{"count":14,"href":"https:\/\/uhfp.centre-inffo.fr\/2023\/wp-json\/wp\/v2\/pages\/3056\/revisions"}],"predecessor-version":[{"id":5210,"href":"https:\/\/uhfp.centre-inffo.fr\/2023\/wp-json\/wp\/v2\/pages\/3056\/revisions\/5210"}],"wp:attachment":[{"href":"https:\/\/uhfp.centre-inffo.fr\/2023\/wp-json\/wp\/v2\/media?parent=3056"}],"wp:term":[{"taxonomy":"category","embeddable":true,"href":"https:\/\/uhfp.centre-inffo.fr\/2023\/wp-json\/wp\/v2\/categories?post=3056"},{"taxonomy":"post_tag","embeddable":true,"href":"https:\/\/uhfp.centre-inffo.fr\/2023\/wp-json\/wp\/v2\/tags?post=3056"},{"taxonomy":"wf_page_folders","embeddable":true,"href":"https:\/\/uhfp.centre-inffo.fr\/2023\/wp-json\/wp\/v2\/wf_page_folders?post=3056"}],"curies":[{"name":"wp","href":"https:\/\/api.w.org\/{rel}","templated":true}]}}

<p><span data-contrast="none">Aborder une démarche inclusive c’est apprendre à parler autrement de ce sujet, c&rsquo;est aussi désapprendre, et enfin trouver un nouveau langage&#8230;Alors comment réinventer une nouvelle grammaire du recrutement « conjuguer, accorder, décliner » pour inclure ?  La preuve par l&rsquo;exemple du secteur de la culture ! </span></p>
<h3>Objectifs pédagogiques</h3>
<ul>
<li>Identifier le périmètre de l’inclusion</li>
<li>Trouver des modalités de construction et de fertilisation d’une politique inclusive partagée</li>
<li>Travailler sur un cas pratique de mise à l&rsquo;échelle avec une attention particulière à la symétrie des attentions.</li>
</ul>
<h3>Pilote</h3>
<ul>
<li><a href="/2023/teboul/">Thierry Teboul</a> &#8211; Directeur général, Afdas</li>
</ul>
<h3>Intervenants</h3>
<ul>
<li><a href="/2023/gentilhomme/">Isabelle Gentilhomme</a> &#8211; Vice-présidente, Afdas</li>
<li><a href="/2023/laurent/">Xavier-Adrien Laurent</a> &#8211; Président, collectif La Réplique et Directeur artistique de Texte Hors Contexte</li>
<li><a href="/2023/meunier/">Arnaud Meunier</a> &#8211; Directeur, maison de la culture de Grenoble</li>
</ul>

<p>Aborder une démarche inclusive c’est apprendre à parler autrement de ce sujet, c&rsquo;est aussi désapprendre, et enfin trouver un nouveau langage&#8230;Alors comment réinventer une nouvelle grammaire du recrutement « conjuguer, accorder, &hellip; </p>

<!-- This site is optimized with the Yoast SEO plugin v20.3 - https://yoast.com/wordpress/plugins/seo/ -->
<title>D4.52 AT : La culture, une obligation d&#039;inclusion - 18e Université d&#039;Hiver de la Formation Professionnelle</title>
<meta name="robots" content="index, follow, max-snippet:-1, max-image-preview:large, max-video-preview:-1" />
<link rel="canonical" href="https://uhfp.centre-inffo.fr/2023/d4-52-at-la-culture-une-obligation-dinclusion/" />
<meta property="og:locale" content="fr_FR" />
<meta property="og:type" content="article" />
<meta property="og:title" content="D4.52 AT : La culture, une obligation d&#039;inclusion - 18e Université d&#039;Hiver de la Formation Professionnelle" />
<meta property="og:description" content="Aborder une démarche inclusive c’est apprendre à parler autrement de ce sujet, c&rsquo;est aussi désapprendre, et enfin trouver un nouveau langage&#8230;Alors comment réinventer une nouvelle grammaire du recrutement « conjuguer, accorder, &hellip;" />
<meta property="og:url" content="https://uhfp.centre-inffo.fr/2023/d4-52-at-la-culture-une-obligation-dinclusion/" />
<meta property="og:site_name" content="18e Université d&#039;Hiver de la Formation Professionnelle" />
<meta property="article:publisher" content="https://www.facebook.com/centreinffo" />
<meta property="article:modified_time" content="2023-01-20T09:58:55+00:00" />
<meta name="twitter:card" content="summary_large_image" />
<meta name="twitter:site" content="@centreinffo" />
<meta name="twitter:label1" content="Durée de lecture estimée" />
	<meta name="twitter:data1" content="1 minute" />
<script type="application/ld+json" class="yoast-schema-graph">{"@context":"https://schema.org","@graph":[{"@type":"WebPage","@id":"https://uhfp.centre-inffo.fr/2023/d4-52-at-la-culture-une-obligation-dinclusion/","url":"https://uhfp.centre-inffo.fr/2023/d4-52-at-la-culture-une-obligation-dinclusion/","name":"D4.52 AT : La culture, une obligation d'inclusion - 18e Université d&#039;Hiver de la Formation Professionnelle","isPartOf":{"@id":"https://uhfp.centre-inffo.fr/2023/#website"},"datePublished":"2022-12-14T15:24:54+00:00","dateModified":"2023-01-20T09:58:55+00:00","breadcrumb":{"@id":"https://uhfp.centre-inffo.fr/2023/d4-52-at-la-culture-une-obligation-dinclusion/#breadcrumb"},"inLanguage":"fr-FR","potentialAction":[{"@type":"ReadAction","target":["https://uhfp.centre-inffo.fr/2023/d4-52-at-la-culture-une-obligation-dinclusion/"]}]},{"@type":"BreadcrumbList","@id":"https://uhfp.centre-inffo.fr/2023/d4-52-at-la-culture-une-obligation-dinclusion/#breadcrumb","itemListElement":[{"@type":"ListItem","position":1,"name":"Accueil","item":"https://uhfp.centre-inffo.fr/2023/"},{"@type":"ListItem","position":2,"name":"Programme","item":"https://uhfp.centre-inffo.fr/2023/rubrique/programme/"},{"@type":"ListItem","position":3,"name":"Jeudi 26 janvier","item":"https://uhfp.centre-inffo.fr/2023/rubrique/programme/jeudi-26-janvier/"},{"@type":"ListItem","position":4,"name":"D4.52 AT : La culture, une obligation d&rsquo;inclusion"}]},{"@type":"WebSite","@id":"https://uhfp.centre-inffo.fr/2023/#website","url":"https://uhfp.centre-inffo.fr/2023/","name":"18e Université d&#039;Hiver de la Formation Professionnelle","description":"Compétences 2030 : réussir ensemble les transitions ! - Du 25 au 27 janvier 2023, à Cannes","publisher":{"@id":"https://uhfp.centre-inffo.fr/2023/#organization"},"potentialAction":[{"@type":"SearchAction","target":{"@type":"EntryPoint","urlTemplate":"https://uhfp.centre-inffo.fr/2023/?s={search_term_string}"},"query-input":"required name=search_term_string"}],"inLanguage":"fr-FR"},{"@type":"Organization","@id":"https://uhfp.centre-inffo.fr/2023/#organization","name":"Centre Inffo","url":"https://uhfp.centre-inffo.fr/2023/","logo":{"@type":"ImageObject","inLanguage":"fr-FR","@id":"https://uhfp.centre-inffo.fr/2023/#/schema/logo/image/","url":"","contentUrl":"","caption":"Centre Inffo"},"image":{"@id":"https://uhfp.centre-inffo.fr/2023/#/schema/logo/image/"},"sameAs":["https://www.facebook.com/centreinffo","https://twitter.com/centreinffo","https://www.linkedin.com/company/centre-inffo/","https://www.youtube.com/user/centreinffo"]}]}</script>
<!-- / Yoast SEO plugin. -->

D4.52 AT : La culture, une obligation d'inclusion - 18e Université d&#039;Hiver de la Formation Professionnelle

Aborder une démarche inclusive c’est apprendre à parler autrement de ce sujet, c&rsquo;est aussi désapprendre, et enfin trouver un nouveau langage&#8230;Alors comment réinventer une nouvelle grammaire du recrutement « conjuguer, accorder, &hellip;

18e Université d&#039;Hiver de la Formation Professionnelle

Compétences 2030 : réussir ensemble les transitions ! - Du 25 au 27 janvier 2023, à Cannes
