{"id":3083,"date":"2022-12-15T13:23:46","date_gmt":"2022-12-15T12:23:46","guid":{"rendered":"https:\/\/uhfp.centre-inffo.fr\/2023\/?page_id=3083"},"modified":"2023-01-19T10:55:42","modified_gmt":"2023-01-19T09:55:42","slug":"b1-17-tr-construire-des-transitions-energetiques-et-environnementales-avec-tous-les-acteurs","status":"publish","type":"page","link":"https:\/\/uhfp.centre-inffo.fr\/2023\/b1-17-tr-construire-des-transitions-energetiques-et-environnementales-avec-tous-les-acteurs\/","title":{"rendered":"B1.17 TR : Construire des transitions \u00e9nerg\u00e9tiques et environnementales avec tous les acteurs"},"content":{"rendered":"<p><span class=\"TextRun Highlight SCXW159146916 BCX0\" lang=\"FR-FR\" xml:lang=\"FR-FR\" data-contrast=\"none\"><span class=\"NormalTextRun SCXW159146916 BCX0\">L&rsquo;exercice de prospective de l&rsquo;ADEME Transition(s) 2050, propose 4 sc\u00e9narios diff\u00e9rents pour que la France atteigne la neutralit\u00e9 carbone en 2050. Il pose des questions fondamentales de choix de soci\u00e9t\u00e9 en particulier d&rsquo;\u00e9volution des cha\u00eenes de valeurs dans diff\u00e9rents secteurs d&rsquo;activit\u00e9s et donc d&rsquo;\u00e9volution tr\u00e8s diff\u00e9rentes sur l&#8217;emploi.<\/span><\/span><span class=\"EOP SCXW159146916 BCX0\" data-ccp-props=\"{}\">\u00a0<\/span><\/p>\n<h3>Objectifs p\u00e9dagogiques<\/h3>\n<ul>\n<li>questionner les choix fondamentaux de soci\u00e9t\u00e9s en mati\u00e8re d\u2019\u00e9nergie et d\u2019environnement<\/li>\n<li>\u00e0 partir de quatre sc\u00e9narios construits pour atteindre la neutralit\u00e9 carbone en 2050, rep\u00e9rer les grandes \u00e9volutions \u00e0 venir impactant l\u2019emploi<\/li>\n<\/ul>\n<h3>Animation<\/h3>\n<ul>\n<li>Christel Lambolez &#8211; Jobsf\u00e9ric<\/li>\n<\/ul>\n<h3>Intervenants<\/h3>\n<ul>\n<li><a href=\"\/2023\/bergey\/\">Jean-Louis Bergey<\/a> &#8211; Coordinateur prospective, ADEME<\/li>\n<li><a href=\"\/2023\/bertrand\/\">Ludovic Bertrand<\/a> &#8211; Directeur, R\u00e9seau Carif-Oref<\/li>\n<li>Fabien Boisbras &#8211; Opco2i<\/li>\n<li><a href=\"\/2023\/gorre\/\">Jean-Fran\u00e7ois Gorre<\/a> \u2013 Directeur de la formation, FFB<\/li>\n<\/ul>\n","protected":false},"excerpt":{"rendered":"<p>L&rsquo;exercice de prospective de l&rsquo;ADEME Transition(s) 2050, propose 4 sc\u00e9narios diff\u00e9rents pour que la France atteigne la neutralit\u00e9 carbone en 2050. Il pose des questions fondamentales de choix de soci\u00e9t\u00e9 &hellip; <\/p>\n","protected":false},"author":1,"featured_media":0,"parent":0,"menu_order":0,"comment_status":"closed","ping_status":"closed","template":"","meta":[],"categories":[40,38],"tags":[],"wf_page_folders":[87],"acf":[],"yoast_head":"<!-- This site is optimized with the Yoast SEO plugin v20.3 - https:\/\/yoast.com\/wordpress\/plugins\/seo\/ -->\n<title>B1.17 TR : Construire des transitions \u00e9nerg\u00e9tiques et environnementales avec tous les acteurs - 18e Universit\u00e9 d&#039;Hiver de la Formation Professionnelle<\/title>\n<meta name=\"robots\" content=\"index, follow, max-snippet:-1, max-image-preview:large, max-video-preview:-1\" \/>\n<link rel=\"canonical\" href=\"https:\/\/uhfp.centre-inffo.fr\/2023\/b1-17-tr-construire-des-transitions-energetiques-et-environnementales-avec-tous-les-acteurs\/\" \/>\n<meta property=\"og:locale\" content=\"fr_FR\" \/>\n<meta property=\"og:type\" content=\"article\" \/>\n<meta property=\"og:title\" content=\"B1.17 TR : Construire des transitions \u00e9nerg\u00e9tiques et environnementales avec tous les acteurs - 18e Universit\u00e9 d&#039;Hiver de la Formation Professionnelle\" \/>\n<meta property=\"og:description\" content=\"L&rsquo;exercice de prospective de l&rsquo;ADEME Transition(s) 2050, propose 4 sc\u00e9narios diff\u00e9rents pour que la France atteigne la neutralit\u00e9 carbone en 2050. Il pose des questions fondamentales de choix de soci\u00e9t\u00e9 &hellip;\" \/>\n<meta property=\"og:url\" content=\"https:\/\/uhfp.centre-inffo.fr\/2023\/b1-17-tr-construire-des-transitions-energetiques-et-environnementales-avec-tous-les-acteurs\/\" \/>\n<meta property=\"og:site_name\" content=\"18e Universit\u00e9 d&#039;Hiver de la Formation Professionnelle\" \/>\n<meta property=\"article:publisher\" content=\"https:\/\/www.facebook.com\/centreinffo\" \/>\n<meta property=\"article:modified_time\" content=\"2023-01-19T09:55:42+00:00\" \/>\n<meta name=\"twitter:card\" content=\"summary_large_image\" \/>\n<meta name=\"twitter:site\" content=\"@centreinffo\" \/>\n<meta name=\"twitter:label1\" content=\"Dur\u00e9e de lecture estim\u00e9e\" \/>\n\t<meta name=\"twitter:data1\" content=\"1 minute\" \/>\n<script type=\"application\/ld+json\" class=\"yoast-schema-graph\">{\"@context\":\"https:\/\/schema.org\",\"@graph\":[{\"@type\":\"WebPage\",\"@id\":\"https:\/\/uhfp.centre-inffo.fr\/2023\/b1-17-tr-construire-des-transitions-energetiques-et-environnementales-avec-tous-les-acteurs\/\",\"url\":\"https:\/\/uhfp.centre-inffo.fr\/2023\/b1-17-tr-construire-des-transitions-energetiques-et-environnementales-avec-tous-les-acteurs\/\",\"name\":\"B1.17 TR : Construire des transitions \u00e9nerg\u00e9tiques et environnementales avec tous les acteurs - 18e Universit\u00e9 d&#039;Hiver de la Formation Professionnelle\",\"isPartOf\":{\"@id\":\"https:\/\/uhfp.centre-inffo.fr\/2023\/#website\"},\"datePublished\":\"2022-12-15T12:23:46+00:00\",\"dateModified\":\"2023-01-19T09:55:42+00:00\",\"breadcrumb\":{\"@id\":\"https:\/\/uhfp.centre-inffo.fr\/2023\/b1-17-tr-construire-des-transitions-energetiques-et-environnementales-avec-tous-les-acteurs\/#breadcrumb\"},\"inLanguage\":\"fr-FR\",\"potentialAction\":[{\"@type\":\"ReadAction\",\"target\":[\"https:\/\/uhfp.centre-inffo.fr\/2023\/b1-17-tr-construire-des-transitions-energetiques-et-environnementales-avec-tous-les-acteurs\/\"]}]},{\"@type\":\"BreadcrumbList\",\"@id\":\"https:\/\/uhfp.centre-inffo.fr\/2023\/b1-17-tr-construire-des-transitions-energetiques-et-environnementales-avec-tous-les-acteurs\/#breadcrumb\",\"itemListElement\":[{\"@type\":\"ListItem\",\"position\":1,\"name\":\"Accueil\",\"item\":\"https:\/\/uhfp.centre-inffo.fr\/2023\/\"},{\"@type\":\"ListItem\",\"position\":2,\"name\":\"Programme\",\"item\":\"https:\/\/uhfp.centre-inffo.fr\/2023\/rubrique\/programme\/\"},{\"@type\":\"ListItem\",\"position\":3,\"name\":\"Jeudi 26 janvier\",\"item\":\"https:\/\/uhfp.centre-inffo.fr\/2023\/rubrique\/programme\/jeudi-26-janvier\/\"},{\"@type\":\"ListItem\",\"position\":4,\"name\":\"B1.17 TR : Construire des transitions \u00e9nerg\u00e9tiques et environnementales avec tous les acteurs\"}]},{\"@type\":\"WebSite\",\"@id\":\"https:\/\/uhfp.centre-inffo.fr\/2023\/#website\",\"url\":\"https:\/\/uhfp.centre-inffo.fr\/2023\/\",\"name\":\"18e Universit\u00e9 d&#039;Hiver de la Formation Professionnelle\",\"description\":\"Comp\u00e9tences 2030 : r\u00e9ussir ensemble les transitions ! - Du 25 au 27 janvier 2023, \u00e0 Cannes\",\"publisher\":{\"@id\":\"https:\/\/uhfp.centre-inffo.fr\/2023\/#organization\"},\"potentialAction\":[{\"@type\":\"SearchAction\",\"target\":{\"@type\":\"EntryPoint\",\"urlTemplate\":\"https:\/\/uhfp.centre-inffo.fr\/2023\/?s={search_term_string}\"},\"query-input\":\"required name=search_term_string\"}],\"inLanguage\":\"fr-FR\"},{\"@type\":\"Organization\",\"@id\":\"https:\/\/uhfp.centre-inffo.fr\/2023\/#organization\",\"name\":\"Centre Inffo\",\"url\":\"https:\/\/uhfp.centre-inffo.fr\/2023\/\",\"logo\":{\"@type\":\"ImageObject\",\"inLanguage\":\"fr-FR\",\"@id\":\"https:\/\/uhfp.centre-inffo.fr\/2023\/#\/schema\/logo\/image\/\",\"url\":\"\",\"contentUrl\":\"\",\"caption\":\"Centre Inffo\"},\"image\":{\"@id\":\"https:\/\/uhfp.centre-inffo.fr\/2023\/#\/schema\/logo\/image\/\"},\"sameAs\":[\"https:\/\/www.facebook.com\/centreinffo\",\"https:\/\/twitter.com\/centreinffo\",\"https:\/\/www.linkedin.com\/company\/centre-inffo\/\",\"https:\/\/www.youtube.com\/user\/centreinffo\"]}]}<\/script>\n<!-- \/ Yoast SEO plugin. -->","yoast_head_json":{"title":"B1.17 TR : Construire des transitions \u00e9nerg\u00e9tiques et environnementales avec tous les acteurs - 18e Universit\u00e9 d&#039;Hiver de la Formation Professionnelle","robots":{"index":"index","follow":"follow","max-snippet":"max-snippet:-1","max-image-preview":"max-image-preview:large","max-video-preview":"max-video-preview:-1"},"canonical":"https:\/\/uhfp.centre-inffo.fr\/2023\/b1-17-tr-construire-des-transitions-energetiques-et-environnementales-avec-tous-les-acteurs\/","og_locale":"fr_FR","og_type":"article","og_title":"B1.17 TR : Construire des transitions \u00e9nerg\u00e9tiques et environnementales avec tous les acteurs - 18e Universit\u00e9 d&#039;Hiver de la Formation Professionnelle","og_description":"L&rsquo;exercice de prospective de l&rsquo;ADEME Transition(s) 2050, propose 4 sc\u00e9narios diff\u00e9rents pour que la France atteigne la neutralit\u00e9 carbone en 2050. Il pose des questions fondamentales de choix de soci\u00e9t\u00e9 &hellip;","og_url":"https:\/\/uhfp.centre-inffo.fr\/2023\/b1-17-tr-construire-des-transitions-energetiques-et-environnementales-avec-tous-les-acteurs\/","og_site_name":"18e Universit\u00e9 d&#039;Hiver de la Formation Professionnelle","article_publisher":"https:\/\/www.facebook.com\/centreinffo","article_modified_time":"2023-01-19T09:55:42+00:00","twitter_card":"summary_large_image","twitter_site":"@centreinffo","twitter_misc":{"Dur\u00e9e de lecture estim\u00e9e":"1 minute"},"schema":{"@context":"https:\/\/schema.org","@graph":[{"@type":"WebPage","@id":"https:\/\/uhfp.centre-inffo.fr\/2023\/b1-17-tr-construire-des-transitions-energetiques-et-environnementales-avec-tous-les-acteurs\/","url":"https:\/\/uhfp.centre-inffo.fr\/2023\/b1-17-tr-construire-des-transitions-energetiques-et-environnementales-avec-tous-les-acteurs\/","name":"B1.17 TR : Construire des transitions \u00e9nerg\u00e9tiques et environnementales avec tous les acteurs - 18e Universit\u00e9 d&#039;Hiver de la Formation Professionnelle","isPartOf":{"@id":"https:\/\/uhfp.centre-inffo.fr\/2023\/#website"},"datePublished":"2022-12-15T12:23:46+00:00","dateModified":"2023-01-19T09:55:42+00:00","breadcrumb":{"@id":"https:\/\/uhfp.centre-inffo.fr\/2023\/b1-17-tr-construire-des-transitions-energetiques-et-environnementales-avec-tous-les-acteurs\/#breadcrumb"},"inLanguage":"fr-FR","potentialAction":[{"@type":"ReadAction","target":["https:\/\/uhfp.centre-inffo.fr\/2023\/b1-17-tr-construire-des-transitions-energetiques-et-environnementales-avec-tous-les-acteurs\/"]}]},{"@type":"BreadcrumbList","@id":"https:\/\/uhfp.centre-inffo.fr\/2023\/b1-17-tr-construire-des-transitions-energetiques-et-environnementales-avec-tous-les-acteurs\/#breadcrumb","itemListElement":[{"@type":"ListItem","position":1,"name":"Accueil","item":"https:\/\/uhfp.centre-inffo.fr\/2023\/"},{"@type":"ListItem","position":2,"name":"Programme","item":"https:\/\/uhfp.centre-inffo.fr\/2023\/rubrique\/programme\/"},{"@type":"ListItem","position":3,"name":"Jeudi 26 janvier","item":"https:\/\/uhfp.centre-inffo.fr\/2023\/rubrique\/programme\/jeudi-26-janvier\/"},{"@type":"ListItem","position":4,"name":"B1.17 TR : Construire des transitions \u00e9nerg\u00e9tiques et environnementales avec tous les acteurs"}]},{"@type":"WebSite","@id":"https:\/\/uhfp.centre-inffo.fr\/2023\/#website","url":"https:\/\/uhfp.centre-inffo.fr\/2023\/","name":"18e Universit\u00e9 d&#039;Hiver de la Formation Professionnelle","description":"Comp\u00e9tences 2030 : r\u00e9ussir ensemble les transitions ! - Du 25 au 27 janvier 2023, \u00e0 Cannes","publisher":{"@id":"https:\/\/uhfp.centre-inffo.fr\/2023\/#organization"},"potentialAction":[{"@type":"SearchAction","target":{"@type":"EntryPoint","urlTemplate":"https:\/\/uhfp.centre-inffo.fr\/2023\/?s={search_term_string}"},"query-input":"required name=search_term_string"}],"inLanguage":"fr-FR"},{"@type":"Organization","@id":"https:\/\/uhfp.centre-inffo.fr\/2023\/#organization","name":"Centre Inffo","url":"https:\/\/uhfp.centre-inffo.fr\/2023\/","logo":{"@type":"ImageObject","inLanguage":"fr-FR","@id":"https:\/\/uhfp.centre-inffo.fr\/2023\/#\/schema\/logo\/image\/","url":"","contentUrl":"","caption":"Centre Inffo"},"image":{"@id":"https:\/\/uhfp.centre-inffo.fr\/2023\/#\/schema\/logo\/image\/"},"sameAs":["https:\/\/www.facebook.com\/centreinffo","https:\/\/twitter.com\/centreinffo","https:\/\/www.linkedin.com\/company\/centre-inffo\/","https:\/\/www.youtube.com\/user\/centreinffo"]}]}},"_links":{"self":[{"href":"https:\/\/uhfp.centre-inffo.fr\/2023\/wp-json\/wp\/v2\/pages\/3083"}],"collection":[{"href":"https:\/\/uhfp.centre-inffo.fr\/2023\/wp-json\/wp\/v2\/pages"}],"about":[{"href":"https:\/\/uhfp.centre-inffo.fr\/2023\/wp-json\/wp\/v2\/types\/page"}],"author":[{"embeddable":true,"href":"https:\/\/uhfp.centre-inffo.fr\/2023\/wp-json\/wp\/v2\/users\/1"}],"replies":[{"embeddable":true,"href":"https:\/\/uhfp.centre-inffo.fr\/2023\/wp-json\/wp\/v2\/comments?post=3083"}],"version-history":[{"count":9,"href":"https:\/\/uhfp.centre-inffo.fr\/2023\/wp-json\/wp\/v2\/pages\/3083\/revisions"}],"predecessor-version":[{"id":5096,"href":"https:\/\/uhfp.centre-inffo.fr\/2023\/wp-json\/wp\/v2\/pages\/3083\/revisions\/5096"}],"wp:attachment":[{"href":"https:\/\/uhfp.centre-inffo.fr\/2023\/wp-json\/wp\/v2\/media?parent=3083"}],"wp:term":[{"taxonomy":"category","embeddable":true,"href":"https:\/\/uhfp.centre-inffo.fr\/2023\/wp-json\/wp\/v2\/categories?post=3083"},{"taxonomy":"post_tag","embeddable":true,"href":"https:\/\/uhfp.centre-inffo.fr\/2023\/wp-json\/wp\/v2\/tags?post=3083"},{"taxonomy":"wf_page_folders","embeddable":true,"href":"https:\/\/uhfp.centre-inffo.fr\/2023\/wp-json\/wp\/v2\/wf_page_folders?post=3083"}],"curies":[{"name":"wp","href":"https:\/\/api.w.org\/{rel}","templated":true}]}}

B1.17 TR : Construire des transitions énergétiques et environnementales avec tous les acteurs

<p><span class="TextRun Highlight SCXW159146916 BCX0" lang="FR-FR" xml:lang="FR-FR" data-contrast="none"><span class="NormalTextRun SCXW159146916 BCX0">L&rsquo;exercice de prospective de l&rsquo;ADEME Transition(s) 2050, propose 4 scénarios différents pour que la France atteigne la neutralité carbone en 2050. Il pose des questions fondamentales de choix de société en particulier d&rsquo;évolution des chaînes de valeurs dans différents secteurs d&rsquo;activités et donc d&rsquo;évolution très différentes sur l&#8217;emploi.</span></span><span class="EOP SCXW159146916 BCX0" data-ccp-props="{}"> </span></p>
<h3>Objectifs pédagogiques</h3>
<ul>
<li>questionner les choix fondamentaux de sociétés en matière d’énergie et d’environnement</li>
<li>à partir de quatre scénarios construits pour atteindre la neutralité carbone en 2050, repérer les grandes évolutions à venir impactant l’emploi</li>
</ul>
<h3>Animation</h3>
<ul>
<li>Christel Lambolez &#8211; Jobsféric</li>
</ul>
<h3>Intervenants</h3>
<ul>
<li><a href="/2023/bergey/">Jean-Louis Bergey</a> &#8211; Coordinateur prospective, ADEME</li>
<li><a href="/2023/bertrand/">Ludovic Bertrand</a> &#8211; Directeur, Réseau Carif-Oref</li>
<li>Fabien Boisbras &#8211; Opco2i</li>
<li><a href="/2023/gorre/">Jean-François Gorre</a> – Directeur de la formation, FFB</li>
</ul>

<p>L&rsquo;exercice de prospective de l&rsquo;ADEME Transition(s) 2050, propose 4 scénarios différents pour que la France atteigne la neutralité carbone en 2050. Il pose des questions fondamentales de choix de société &hellip; </p>

<!-- This site is optimized with the Yoast SEO plugin v20.3 - https://yoast.com/wordpress/plugins/seo/ -->
<title>B1.17 TR : Construire des transitions énergétiques et environnementales avec tous les acteurs - 18e Université d&#039;Hiver de la Formation Professionnelle</title>
<meta name="robots" content="index, follow, max-snippet:-1, max-image-preview:large, max-video-preview:-1" />
<link rel="canonical" href="https://uhfp.centre-inffo.fr/2023/b1-17-tr-construire-des-transitions-energetiques-et-environnementales-avec-tous-les-acteurs/" />
<meta property="og:locale" content="fr_FR" />
<meta property="og:type" content="article" />
<meta property="og:title" content="B1.17 TR : Construire des transitions énergétiques et environnementales avec tous les acteurs - 18e Université d&#039;Hiver de la Formation Professionnelle" />
<meta property="og:description" content="L&rsquo;exercice de prospective de l&rsquo;ADEME Transition(s) 2050, propose 4 scénarios différents pour que la France atteigne la neutralité carbone en 2050. Il pose des questions fondamentales de choix de société &hellip;" />
<meta property="og:url" content="https://uhfp.centre-inffo.fr/2023/b1-17-tr-construire-des-transitions-energetiques-et-environnementales-avec-tous-les-acteurs/" />
<meta property="og:site_name" content="18e Université d&#039;Hiver de la Formation Professionnelle" />
<meta property="article:publisher" content="https://www.facebook.com/centreinffo" />
<meta property="article:modified_time" content="2023-01-19T09:55:42+00:00" />
<meta name="twitter:card" content="summary_large_image" />
<meta name="twitter:site" content="@centreinffo" />
<meta name="twitter:label1" content="Durée de lecture estimée" />
	<meta name="twitter:data1" content="1 minute" />
<script type="application/ld+json" class="yoast-schema-graph">{"@context":"https://schema.org","@graph":[{"@type":"WebPage","@id":"https://uhfp.centre-inffo.fr/2023/b1-17-tr-construire-des-transitions-energetiques-et-environnementales-avec-tous-les-acteurs/","url":"https://uhfp.centre-inffo.fr/2023/b1-17-tr-construire-des-transitions-energetiques-et-environnementales-avec-tous-les-acteurs/","name":"B1.17 TR : Construire des transitions énergétiques et environnementales avec tous les acteurs - 18e Université d&#039;Hiver de la Formation Professionnelle","isPartOf":{"@id":"https://uhfp.centre-inffo.fr/2023/#website"},"datePublished":"2022-12-15T12:23:46+00:00","dateModified":"2023-01-19T09:55:42+00:00","breadcrumb":{"@id":"https://uhfp.centre-inffo.fr/2023/b1-17-tr-construire-des-transitions-energetiques-et-environnementales-avec-tous-les-acteurs/#breadcrumb"},"inLanguage":"fr-FR","potentialAction":[{"@type":"ReadAction","target":["https://uhfp.centre-inffo.fr/2023/b1-17-tr-construire-des-transitions-energetiques-et-environnementales-avec-tous-les-acteurs/"]}]},{"@type":"BreadcrumbList","@id":"https://uhfp.centre-inffo.fr/2023/b1-17-tr-construire-des-transitions-energetiques-et-environnementales-avec-tous-les-acteurs/#breadcrumb","itemListElement":[{"@type":"ListItem","position":1,"name":"Accueil","item":"https://uhfp.centre-inffo.fr/2023/"},{"@type":"ListItem","position":2,"name":"Programme","item":"https://uhfp.centre-inffo.fr/2023/rubrique/programme/"},{"@type":"ListItem","position":3,"name":"Jeudi 26 janvier","item":"https://uhfp.centre-inffo.fr/2023/rubrique/programme/jeudi-26-janvier/"},{"@type":"ListItem","position":4,"name":"B1.17 TR : Construire des transitions énergétiques et environnementales avec tous les acteurs"}]},{"@type":"WebSite","@id":"https://uhfp.centre-inffo.fr/2023/#website","url":"https://uhfp.centre-inffo.fr/2023/","name":"18e Université d&#039;Hiver de la Formation Professionnelle","description":"Compétences 2030 : réussir ensemble les transitions ! - Du 25 au 27 janvier 2023, à Cannes","publisher":{"@id":"https://uhfp.centre-inffo.fr/2023/#organization"},"potentialAction":[{"@type":"SearchAction","target":{"@type":"EntryPoint","urlTemplate":"https://uhfp.centre-inffo.fr/2023/?s={search_term_string}"},"query-input":"required name=search_term_string"}],"inLanguage":"fr-FR"},{"@type":"Organization","@id":"https://uhfp.centre-inffo.fr/2023/#organization","name":"Centre Inffo","url":"https://uhfp.centre-inffo.fr/2023/","logo":{"@type":"ImageObject","inLanguage":"fr-FR","@id":"https://uhfp.centre-inffo.fr/2023/#/schema/logo/image/","url":"","contentUrl":"","caption":"Centre Inffo"},"image":{"@id":"https://uhfp.centre-inffo.fr/2023/#/schema/logo/image/"},"sameAs":["https://www.facebook.com/centreinffo","https://twitter.com/centreinffo","https://www.linkedin.com/company/centre-inffo/","https://www.youtube.com/user/centreinffo"]}]}</script>
<!-- / Yoast SEO plugin. -->

B1.17 TR : Construire des transitions énergétiques et environnementales avec tous les acteurs - 18e Université d&#039;Hiver de la Formation Professionnelle

L&rsquo;exercice de prospective de l&rsquo;ADEME Transition(s) 2050, propose 4 scénarios différents pour que la France atteigne la neutralité carbone en 2050. Il pose des questions fondamentales de choix de société &hellip;

18e Université d&#039;Hiver de la Formation Professionnelle

Compétences 2030 : réussir ensemble les transitions ! - Du 25 au 27 janvier 2023, à Cannes
