{"id":3124,"date":"2022-12-11T05:00:00","date_gmt":"2022-12-11T04:00:00","guid":{"rendered":"https:\/\/uhfp.centre-inffo.fr\/2023\/?page_id=3124"},"modified":"2023-01-18T15:02:55","modified_gmt":"2023-01-18T14:02:55","slug":"bergey","status":"publish","type":"page","link":"https:\/\/uhfp.centre-inffo.fr\/2023\/bergey\/","title":{"rendered":"Bergey"},"content":{"rendered":"<p>Jean-Louis Bergey a d\u00e9marr\u00e9 son parcours professionnel en 1981 dans le Gers pour la gestion des ordures m\u00e9nag\u00e8res. Entr\u00e9 \u00e0 l&rsquo;ADEME en 1989, il s\u2019est occup\u00e9 de d\u00e9chets au niveau national pendant 13 ans puis a int\u00e9gr\u00e9 la Direction clients qui a, entre-autres, pilot\u00e9 la diffusion de la m\u00e9thode Bilan Carbone\u00ae. Il a \u00e9t\u00e9 Directeur r\u00e9gional Aquitaine pendant 7 ans, puis Directeur de la transition \u00e9nerg\u00e9tique et de l\u2019environnement au Conseil r\u00e9gional des Pays de la Loire, puis expert national \u00e9conomie circulaire et mati\u00e8res premi\u00e8res \u00e0 l\u2019ADEME. Depuis juillet 2021, il est chef du projet Transition(s) 2050 et coordonne la prospective au sein de l\u2019ADEME.<\/p>\n<h3>Interventions<\/h3>\n<ul>\n<li><a href=\"\/2023\/b1-17-tr-construire-des-transitions-energetiques-et-environnementales-avec-tous-les-acteurs\/\">B1.17 TR : Construire des transitions \u00e9nerg\u00e9tiques et environnementales avec tous les acteurs<\/a><\/li>\n<li><a href=\"\/2023\/d1-45-at-transition-alimentaire-quel-positionnement-de-leurope-et-de-la-france\/\">D1.45 AT : Transition alimentaire : quel positionnement de l&rsquo;Europe et de la France ?<\/a><\/li>\n<li><a href=\"\/2023\/d1-45-at-transition-alimentaire-quel-positionnement-de-leurope-et-de-la-france\/\">D3.49 AT : Accompagner les transitions professionnelles : conditions de r\u00e9ussite et innovations<\/a><\/li>\n<\/ul>\n","protected":false},"excerpt":{"rendered":"<p>Jean-Louis Bergey a d\u00e9marr\u00e9 son parcours professionnel en 1981 dans le Gers pour la gestion des ordures m\u00e9nag\u00e8res. Entr\u00e9 \u00e0 l&rsquo;ADEME en 1989, il s\u2019est occup\u00e9 de d\u00e9chets au niveau &hellip; <\/p>\n","protected":false},"author":1,"featured_media":3129,"parent":0,"menu_order":0,"comment_status":"closed","ping_status":"closed","template":"","meta":[],"categories":[6],"tags":[],"wf_page_folders":[92],"acf":[],"yoast_head":"<!-- This site is optimized with the Yoast SEO plugin v20.3 - https:\/\/yoast.com\/wordpress\/plugins\/seo\/ -->\n<title>Bergey - 18e Universit\u00e9 d&#039;Hiver de la Formation Professionnelle<\/title>\n<meta name=\"robots\" content=\"index, follow, max-snippet:-1, max-image-preview:large, max-video-preview:-1\" \/>\n<link rel=\"canonical\" href=\"https:\/\/uhfp.centre-inffo.fr\/2023\/bergey\/\" \/>\n<meta property=\"og:locale\" content=\"fr_FR\" \/>\n<meta property=\"og:type\" content=\"article\" \/>\n<meta property=\"og:title\" content=\"Bergey - 18e Universit\u00e9 d&#039;Hiver de la Formation Professionnelle\" \/>\n<meta property=\"og:description\" content=\"Jean-Louis Bergey a d\u00e9marr\u00e9 son parcours professionnel en 1981 dans le Gers pour la gestion des ordures m\u00e9nag\u00e8res. Entr\u00e9 \u00e0 l&rsquo;ADEME en 1989, il s\u2019est occup\u00e9 de d\u00e9chets au niveau &hellip;\" \/>\n<meta property=\"og:url\" content=\"https:\/\/uhfp.centre-inffo.fr\/2023\/bergey\/\" \/>\n<meta property=\"og:site_name\" content=\"18e Universit\u00e9 d&#039;Hiver de la Formation Professionnelle\" \/>\n<meta property=\"article:publisher\" content=\"https:\/\/www.facebook.com\/centreinffo\" \/>\n<meta property=\"article:modified_time\" content=\"2023-01-18T14:02:55+00:00\" \/>\n<meta property=\"og:image\" content=\"https:\/\/uhfp.centre-inffo.fr\/2023\/wp-content\/uploads\/2022\/12\/bergey.jpg\" \/>\n\t<meta property=\"og:image:width\" content=\"400\" \/>\n\t<meta property=\"og:image:height\" content=\"400\" \/>\n\t<meta property=\"og:image:type\" content=\"image\/jpeg\" \/>\n<meta name=\"twitter:card\" content=\"summary_large_image\" \/>\n<meta name=\"twitter:site\" content=\"@centreinffo\" \/>\n<meta name=\"twitter:label1\" content=\"Dur\u00e9e de lecture estim\u00e9e\" \/>\n\t<meta name=\"twitter:data1\" content=\"1 minute\" \/>\n<script type=\"application\/ld+json\" class=\"yoast-schema-graph\">{\"@context\":\"https:\/\/schema.org\",\"@graph\":[{\"@type\":\"WebPage\",\"@id\":\"https:\/\/uhfp.centre-inffo.fr\/2023\/bergey\/\",\"url\":\"https:\/\/uhfp.centre-inffo.fr\/2023\/bergey\/\",\"name\":\"Bergey - 18e Universit\u00e9 d&#039;Hiver de la Formation Professionnelle\",\"isPartOf\":{\"@id\":\"https:\/\/uhfp.centre-inffo.fr\/2023\/#website\"},\"datePublished\":\"2022-12-11T04:00:00+00:00\",\"dateModified\":\"2023-01-18T14:02:55+00:00\",\"breadcrumb\":{\"@id\":\"https:\/\/uhfp.centre-inffo.fr\/2023\/bergey\/#breadcrumb\"},\"inLanguage\":\"fr-FR\",\"potentialAction\":[{\"@type\":\"ReadAction\",\"target\":[\"https:\/\/uhfp.centre-inffo.fr\/2023\/bergey\/\"]}]},{\"@type\":\"BreadcrumbList\",\"@id\":\"https:\/\/uhfp.centre-inffo.fr\/2023\/bergey\/#breadcrumb\",\"itemListElement\":[{\"@type\":\"ListItem\",\"position\":1,\"name\":\"Accueil\",\"item\":\"https:\/\/uhfp.centre-inffo.fr\/2023\/\"},{\"@type\":\"ListItem\",\"position\":2,\"name\":\"Intervenants\",\"item\":\"https:\/\/uhfp.centre-inffo.fr\/2023\/rubrique\/intervenants\/\"},{\"@type\":\"ListItem\",\"position\":3,\"name\":\"Bergey\"}]},{\"@type\":\"WebSite\",\"@id\":\"https:\/\/uhfp.centre-inffo.fr\/2023\/#website\",\"url\":\"https:\/\/uhfp.centre-inffo.fr\/2023\/\",\"name\":\"18e Universit\u00e9 d&#039;Hiver de la Formation Professionnelle\",\"description\":\"Comp\u00e9tences 2030 : r\u00e9ussir ensemble les transitions ! - Du 25 au 27 janvier 2023, \u00e0 Cannes\",\"publisher\":{\"@id\":\"https:\/\/uhfp.centre-inffo.fr\/2023\/#organization\"},\"potentialAction\":[{\"@type\":\"SearchAction\",\"target\":{\"@type\":\"EntryPoint\",\"urlTemplate\":\"https:\/\/uhfp.centre-inffo.fr\/2023\/?s={search_term_string}\"},\"query-input\":\"required name=search_term_string\"}],\"inLanguage\":\"fr-FR\"},{\"@type\":\"Organization\",\"@id\":\"https:\/\/uhfp.centre-inffo.fr\/2023\/#organization\",\"name\":\"Centre Inffo\",\"url\":\"https:\/\/uhfp.centre-inffo.fr\/2023\/\",\"logo\":{\"@type\":\"ImageObject\",\"inLanguage\":\"fr-FR\",\"@id\":\"https:\/\/uhfp.centre-inffo.fr\/2023\/#\/schema\/logo\/image\/\",\"url\":\"\",\"contentUrl\":\"\",\"caption\":\"Centre Inffo\"},\"image\":{\"@id\":\"https:\/\/uhfp.centre-inffo.fr\/2023\/#\/schema\/logo\/image\/\"},\"sameAs\":[\"https:\/\/www.facebook.com\/centreinffo\",\"https:\/\/twitter.com\/centreinffo\",\"https:\/\/www.linkedin.com\/company\/centre-inffo\/\",\"https:\/\/www.youtube.com\/user\/centreinffo\"]}]}<\/script>\n<!-- \/ Yoast SEO plugin. -->","yoast_head_json":{"title":"Bergey - 18e Universit\u00e9 d&#039;Hiver de la Formation Professionnelle","robots":{"index":"index","follow":"follow","max-snippet":"max-snippet:-1","max-image-preview":"max-image-preview:large","max-video-preview":"max-video-preview:-1"},"canonical":"https:\/\/uhfp.centre-inffo.fr\/2023\/bergey\/","og_locale":"fr_FR","og_type":"article","og_title":"Bergey - 18e Universit\u00e9 d&#039;Hiver de la Formation Professionnelle","og_description":"Jean-Louis Bergey a d\u00e9marr\u00e9 son parcours professionnel en 1981 dans le Gers pour la gestion des ordures m\u00e9nag\u00e8res. Entr\u00e9 \u00e0 l&rsquo;ADEME en 1989, il s\u2019est occup\u00e9 de d\u00e9chets au niveau &hellip;","og_url":"https:\/\/uhfp.centre-inffo.fr\/2023\/bergey\/","og_site_name":"18e Universit\u00e9 d&#039;Hiver de la Formation Professionnelle","article_publisher":"https:\/\/www.facebook.com\/centreinffo","article_modified_time":"2023-01-18T14:02:55+00:00","og_image":[{"width":400,"height":400,"url":"https:\/\/uhfp.centre-inffo.fr\/2023\/wp-content\/uploads\/2022\/12\/bergey.jpg","type":"image\/jpeg"}],"twitter_card":"summary_large_image","twitter_site":"@centreinffo","twitter_misc":{"Dur\u00e9e de lecture estim\u00e9e":"1 minute"},"schema":{"@context":"https:\/\/schema.org","@graph":[{"@type":"WebPage","@id":"https:\/\/uhfp.centre-inffo.fr\/2023\/bergey\/","url":"https:\/\/uhfp.centre-inffo.fr\/2023\/bergey\/","name":"Bergey - 18e Universit\u00e9 d&#039;Hiver de la Formation Professionnelle","isPartOf":{"@id":"https:\/\/uhfp.centre-inffo.fr\/2023\/#website"},"datePublished":"2022-12-11T04:00:00+00:00","dateModified":"2023-01-18T14:02:55+00:00","breadcrumb":{"@id":"https:\/\/uhfp.centre-inffo.fr\/2023\/bergey\/#breadcrumb"},"inLanguage":"fr-FR","potentialAction":[{"@type":"ReadAction","target":["https:\/\/uhfp.centre-inffo.fr\/2023\/bergey\/"]}]},{"@type":"BreadcrumbList","@id":"https:\/\/uhfp.centre-inffo.fr\/2023\/bergey\/#breadcrumb","itemListElement":[{"@type":"ListItem","position":1,"name":"Accueil","item":"https:\/\/uhfp.centre-inffo.fr\/2023\/"},{"@type":"ListItem","position":2,"name":"Intervenants","item":"https:\/\/uhfp.centre-inffo.fr\/2023\/rubrique\/intervenants\/"},{"@type":"ListItem","position":3,"name":"Bergey"}]},{"@type":"WebSite","@id":"https:\/\/uhfp.centre-inffo.fr\/2023\/#website","url":"https:\/\/uhfp.centre-inffo.fr\/2023\/","name":"18e Universit\u00e9 d&#039;Hiver de la Formation Professionnelle","description":"Comp\u00e9tences 2030 : r\u00e9ussir ensemble les transitions ! - Du 25 au 27 janvier 2023, \u00e0 Cannes","publisher":{"@id":"https:\/\/uhfp.centre-inffo.fr\/2023\/#organization"},"potentialAction":[{"@type":"SearchAction","target":{"@type":"EntryPoint","urlTemplate":"https:\/\/uhfp.centre-inffo.fr\/2023\/?s={search_term_string}"},"query-input":"required name=search_term_string"}],"inLanguage":"fr-FR"},{"@type":"Organization","@id":"https:\/\/uhfp.centre-inffo.fr\/2023\/#organization","name":"Centre Inffo","url":"https:\/\/uhfp.centre-inffo.fr\/2023\/","logo":{"@type":"ImageObject","inLanguage":"fr-FR","@id":"https:\/\/uhfp.centre-inffo.fr\/2023\/#\/schema\/logo\/image\/","url":"","contentUrl":"","caption":"Centre Inffo"},"image":{"@id":"https:\/\/uhfp.centre-inffo.fr\/2023\/#\/schema\/logo\/image\/"},"sameAs":["https:\/\/www.facebook.com\/centreinffo","https:\/\/twitter.com\/centreinffo","https:\/\/www.linkedin.com\/company\/centre-inffo\/","https:\/\/www.youtube.com\/user\/centreinffo"]}]}},"_links":{"self":[{"href":"https:\/\/uhfp.centre-inffo.fr\/2023\/wp-json\/wp\/v2\/pages\/3124"}],"collection":[{"href":"https:\/\/uhfp.centre-inffo.fr\/2023\/wp-json\/wp\/v2\/pages"}],"about":[{"href":"https:\/\/uhfp.centre-inffo.fr\/2023\/wp-json\/wp\/v2\/types\/page"}],"author":[{"embeddable":true,"href":"https:\/\/uhfp.centre-inffo.fr\/2023\/wp-json\/wp\/v2\/users\/1"}],"replies":[{"embeddable":true,"href":"https:\/\/uhfp.centre-inffo.fr\/2023\/wp-json\/wp\/v2\/comments?post=3124"}],"version-history":[{"count":6,"href":"https:\/\/uhfp.centre-inffo.fr\/2023\/wp-json\/wp\/v2\/pages\/3124\/revisions"}],"predecessor-version":[{"id":5056,"href":"https:\/\/uhfp.centre-inffo.fr\/2023\/wp-json\/wp\/v2\/pages\/3124\/revisions\/5056"}],"wp:featuredmedia":[{"embeddable":true,"href":"https:\/\/uhfp.centre-inffo.fr\/2023\/wp-json\/wp\/v2\/media\/3129"}],"wp:attachment":[{"href":"https:\/\/uhfp.centre-inffo.fr\/2023\/wp-json\/wp\/v2\/media?parent=3124"}],"wp:term":[{"taxonomy":"category","embeddable":true,"href":"https:\/\/uhfp.centre-inffo.fr\/2023\/wp-json\/wp\/v2\/categories?post=3124"},{"taxonomy":"post_tag","embeddable":true,"href":"https:\/\/uhfp.centre-inffo.fr\/2023\/wp-json\/wp\/v2\/tags?post=3124"},{"taxonomy":"wf_page_folders","embeddable":true,"href":"https:\/\/uhfp.centre-inffo.fr\/2023\/wp-json\/wp\/v2\/wf_page_folders?post=3124"}],"curies":[{"name":"wp","href":"https:\/\/api.w.org\/{rel}","templated":true}]}}

<p>Jean-Louis Bergey a démarré son parcours professionnel en 1981 dans le Gers pour la gestion des ordures ménagères. Entré à l&rsquo;ADEME en 1989, il s’est occupé de déchets au niveau national pendant 13 ans puis a intégré la Direction clients qui a, entre-autres, piloté la diffusion de la méthode Bilan Carbone®. Il a été Directeur régional Aquitaine pendant 7 ans, puis Directeur de la transition énergétique et de l’environnement au Conseil régional des Pays de la Loire, puis expert national économie circulaire et matières premières à l’ADEME. Depuis juillet 2021, il est chef du projet Transition(s) 2050 et coordonne la prospective au sein de l’ADEME.</p>
<h3>Interventions</h3>
<ul>
<li><a href="/2023/b1-17-tr-construire-des-transitions-energetiques-et-environnementales-avec-tous-les-acteurs/">B1.17 TR : Construire des transitions énergétiques et environnementales avec tous les acteurs</a></li>
<li><a href="/2023/d1-45-at-transition-alimentaire-quel-positionnement-de-leurope-et-de-la-france/">D1.45 AT : Transition alimentaire : quel positionnement de l&rsquo;Europe et de la France ?</a></li>
<li><a href="/2023/d1-45-at-transition-alimentaire-quel-positionnement-de-leurope-et-de-la-france/">D3.49 AT : Accompagner les transitions professionnelles : conditions de réussite et innovations</a></li>
</ul>

<p>Jean-Louis Bergey a démarré son parcours professionnel en 1981 dans le Gers pour la gestion des ordures ménagères. Entré à l&rsquo;ADEME en 1989, il s’est occupé de déchets au niveau &hellip; </p>

<!-- This site is optimized with the Yoast SEO plugin v20.3 - https://yoast.com/wordpress/plugins/seo/ -->
<title>Bergey - 18e Université d&#039;Hiver de la Formation Professionnelle</title>
<meta name="robots" content="index, follow, max-snippet:-1, max-image-preview:large, max-video-preview:-1" />
<link rel="canonical" href="https://uhfp.centre-inffo.fr/2023/bergey/" />
<meta property="og:locale" content="fr_FR" />
<meta property="og:type" content="article" />
<meta property="og:title" content="Bergey - 18e Université d&#039;Hiver de la Formation Professionnelle" />
<meta property="og:description" content="Jean-Louis Bergey a démarré son parcours professionnel en 1981 dans le Gers pour la gestion des ordures ménagères. Entré à l&rsquo;ADEME en 1989, il s’est occupé de déchets au niveau &hellip;" />
<meta property="og:url" content="https://uhfp.centre-inffo.fr/2023/bergey/" />
<meta property="og:site_name" content="18e Université d&#039;Hiver de la Formation Professionnelle" />
<meta property="article:publisher" content="https://www.facebook.com/centreinffo" />
<meta property="article:modified_time" content="2023-01-18T14:02:55+00:00" />
<meta property="og:image" content="https://uhfp.centre-inffo.fr/2023/wp-content/uploads/2022/12/bergey.jpg" />
	<meta property="og:image:width" content="400" />
	<meta property="og:image:height" content="400" />
	<meta property="og:image:type" content="image/jpeg" />
<meta name="twitter:card" content="summary_large_image" />
<meta name="twitter:site" content="@centreinffo" />
<meta name="twitter:label1" content="Durée de lecture estimée" />
	<meta name="twitter:data1" content="1 minute" />
<script type="application/ld+json" class="yoast-schema-graph">{"@context":"https://schema.org","@graph":[{"@type":"WebPage","@id":"https://uhfp.centre-inffo.fr/2023/bergey/","url":"https://uhfp.centre-inffo.fr/2023/bergey/","name":"Bergey - 18e Université d&#039;Hiver de la Formation Professionnelle","isPartOf":{"@id":"https://uhfp.centre-inffo.fr/2023/#website"},"datePublished":"2022-12-11T04:00:00+00:00","dateModified":"2023-01-18T14:02:55+00:00","breadcrumb":{"@id":"https://uhfp.centre-inffo.fr/2023/bergey/#breadcrumb"},"inLanguage":"fr-FR","potentialAction":[{"@type":"ReadAction","target":["https://uhfp.centre-inffo.fr/2023/bergey/"]}]},{"@type":"BreadcrumbList","@id":"https://uhfp.centre-inffo.fr/2023/bergey/#breadcrumb","itemListElement":[{"@type":"ListItem","position":1,"name":"Accueil","item":"https://uhfp.centre-inffo.fr/2023/"},{"@type":"ListItem","position":2,"name":"Intervenants","item":"https://uhfp.centre-inffo.fr/2023/rubrique/intervenants/"},{"@type":"ListItem","position":3,"name":"Bergey"}]},{"@type":"WebSite","@id":"https://uhfp.centre-inffo.fr/2023/#website","url":"https://uhfp.centre-inffo.fr/2023/","name":"18e Université d&#039;Hiver de la Formation Professionnelle","description":"Compétences 2030 : réussir ensemble les transitions ! - Du 25 au 27 janvier 2023, à Cannes","publisher":{"@id":"https://uhfp.centre-inffo.fr/2023/#organization"},"potentialAction":[{"@type":"SearchAction","target":{"@type":"EntryPoint","urlTemplate":"https://uhfp.centre-inffo.fr/2023/?s={search_term_string}"},"query-input":"required name=search_term_string"}],"inLanguage":"fr-FR"},{"@type":"Organization","@id":"https://uhfp.centre-inffo.fr/2023/#organization","name":"Centre Inffo","url":"https://uhfp.centre-inffo.fr/2023/","logo":{"@type":"ImageObject","inLanguage":"fr-FR","@id":"https://uhfp.centre-inffo.fr/2023/#/schema/logo/image/","url":"","contentUrl":"","caption":"Centre Inffo"},"image":{"@id":"https://uhfp.centre-inffo.fr/2023/#/schema/logo/image/"},"sameAs":["https://www.facebook.com/centreinffo","https://twitter.com/centreinffo","https://www.linkedin.com/company/centre-inffo/","https://www.youtube.com/user/centreinffo"]}]}</script>
<!-- / Yoast SEO plugin. -->

Bergey - 18e Université d&#039;Hiver de la Formation Professionnelle

Jean-Louis Bergey a démarré son parcours professionnel en 1981 dans le Gers pour la gestion des ordures ménagères. Entré à l&rsquo;ADEME en 1989, il s’est occupé de déchets au niveau &hellip;

18e Université d&#039;Hiver de la Formation Professionnelle

Compétences 2030 : réussir ensemble les transitions ! - Du 25 au 27 janvier 2023, à Cannes
