{"id":3487,"date":"2022-12-27T12:03:56","date_gmt":"2022-12-27T11:03:56","guid":{"rendered":"https:\/\/uhfp.centre-inffo.fr\/2023\/?page_id=3487"},"modified":"2023-02-10T11:12:02","modified_gmt":"2023-02-10T10:12:02","slug":"b3-21-at-les-certifications-un-moyen-au-service-des-transitions-professionnelles","status":"publish","type":"page","link":"https:\/\/uhfp.centre-inffo.fr\/2023\/b3-21-at-les-certifications-un-moyen-au-service-des-transitions-professionnelles\/","title":{"rendered":"B3.21 AT &#8211; Les certifications au service des transitions professionnelles"},"content":{"rendered":"\n<div class=\"wp-block-buttons is-content-justification-center is-layout-flex wp-container-1\">\n<div class=\"wp-block-button\"><a class=\"wp-block-button__link wp-element-button\" href=\"\/2023\/wp-content\/uploads\/2023\/02\/B3.21-AT.pdf\">T\u00e9l\u00e9charger la pr\u00e9sentation (.pdf)<\/a><\/div>\n<\/div>\n\n\n\n<hr class=\"wp-block-separator has-alpha-channel-opacity\"\/>\n\n\n<h3>Descriptif de l&rsquo;atelier<\/h3>\n<ul>\n<li>Introduction et probl\u00e9matique de l&rsquo;atelier, pr\u00e9sentation des intervenants<\/li>\n<li>D\u00e9finition et cadre des certifications professionnelles en France<\/li>\n<li>La notion de transitions professionnelles dans le cadre d&rsquo;une d\u00e9marche de gestion des comp\u00e9tences et de certification<\/li>\n<li>Lien entre certifications professionnelles et transitions professionnelles au travers de quelques exemples de projets (\u00e0 l&rsquo;\u00e9chelle d&rsquo;une branche professionnelle, de l&rsquo;entreprise et de l&rsquo;individu)<\/li>\n<\/ul>\n<h3>Objectifs p\u00e9dagogiques<\/h3>\n<ul type=\"circle\">\n<li>Appr\u00e9hender la notion de certification professionnelle<\/li>\n<li>Comprendre le lien entre transitions professionnelles et certifications professionnelles<\/li>\n<li>Rep\u00e9rer des exemples de projets de transitions professionnelles \u00e0 l\u2019aide de certifications<\/li>\n<\/ul>\n<h3>Intervenants<\/h3>\n<ul>\n<li><a href=\"\/2023\/arnaud\/\">Caroline Arnaud<\/a> &#8211; Chef de projet sp\u00e9cialis\u00e9e management, Co&amp;Sens<\/li>\n<li><a href=\"\/2023\/ferreira\/\">Sandrine Ferreira<\/a> &#8211; Chef de projet sp\u00e9cialis\u00e9e d\u00e9marches GPEC, Co&amp;Sens<\/li>\n<li><a href=\"\/2023\/fino\/\">Claude Fino<\/a> &#8211; Fondateur et directeur-consultant, Co&amp;Sens<\/li>\n<li><a href=\"\/2023\/palmerini\/\">Marie Palmerini<\/a> &#8211; Chef de projet sp\u00e9cialis\u00e9e certifications professionnelles, Co&amp;Sens<\/li>\n<li><a href=\"\/2023\/tronel\/\">Christophe Tronel<\/a>\u00a0&#8211; Directeur et chef de projet, Co&amp;Sens<\/li>\n<\/ul>","protected":false},"excerpt":{"rendered":"<p>Descriptif de l&rsquo;atelier Introduction et probl\u00e9matique de l&rsquo;atelier, pr\u00e9sentation des intervenants D\u00e9finition et cadre des certifications professionnelles en France La notion de transitions professionnelles dans le cadre d&rsquo;une d\u00e9marche de &hellip; <\/p>\n","protected":false},"author":2,"featured_media":0,"parent":0,"menu_order":0,"comment_status":"closed","ping_status":"closed","template":"","meta":[],"categories":[40,38],"tags":[],"wf_page_folders":[87],"acf":[],"yoast_head":"<!-- This site is optimized with the Yoast SEO plugin v20.3 - https:\/\/yoast.com\/wordpress\/plugins\/seo\/ -->\n<title>B3.21 AT - Les certifications au service des transitions professionnelles - 18e Universit\u00e9 d&#039;Hiver de la Formation Professionnelle<\/title>\n<meta name=\"robots\" content=\"index, follow, max-snippet:-1, max-image-preview:large, max-video-preview:-1\" \/>\n<link rel=\"canonical\" href=\"https:\/\/uhfp.centre-inffo.fr\/2023\/b3-21-at-les-certifications-un-moyen-au-service-des-transitions-professionnelles\/\" \/>\n<meta property=\"og:locale\" content=\"fr_FR\" \/>\n<meta property=\"og:type\" content=\"article\" \/>\n<meta property=\"og:title\" content=\"B3.21 AT - Les certifications au service des transitions professionnelles - 18e Universit\u00e9 d&#039;Hiver de la Formation Professionnelle\" \/>\n<meta property=\"og:description\" content=\"Descriptif de l&rsquo;atelier Introduction et probl\u00e9matique de l&rsquo;atelier, pr\u00e9sentation des intervenants D\u00e9finition et cadre des certifications professionnelles en France La notion de transitions professionnelles dans le cadre d&rsquo;une d\u00e9marche de &hellip;\" \/>\n<meta property=\"og:url\" content=\"https:\/\/uhfp.centre-inffo.fr\/2023\/b3-21-at-les-certifications-un-moyen-au-service-des-transitions-professionnelles\/\" \/>\n<meta property=\"og:site_name\" content=\"18e Universit\u00e9 d&#039;Hiver de la Formation Professionnelle\" \/>\n<meta property=\"article:publisher\" content=\"https:\/\/www.facebook.com\/centreinffo\" \/>\n<meta property=\"article:modified_time\" content=\"2023-02-10T10:12:02+00:00\" \/>\n<meta name=\"twitter:card\" content=\"summary_large_image\" \/>\n<meta name=\"twitter:site\" content=\"@centreinffo\" \/>\n<meta name=\"twitter:label1\" content=\"Dur\u00e9e de lecture estim\u00e9e\" \/>\n\t<meta name=\"twitter:data1\" content=\"1 minute\" \/>\n<script type=\"application\/ld+json\" class=\"yoast-schema-graph\">{\"@context\":\"https:\/\/schema.org\",\"@graph\":[{\"@type\":\"WebPage\",\"@id\":\"https:\/\/uhfp.centre-inffo.fr\/2023\/b3-21-at-les-certifications-un-moyen-au-service-des-transitions-professionnelles\/\",\"url\":\"https:\/\/uhfp.centre-inffo.fr\/2023\/b3-21-at-les-certifications-un-moyen-au-service-des-transitions-professionnelles\/\",\"name\":\"B3.21 AT - Les certifications au service des transitions professionnelles - 18e Universit\u00e9 d&#039;Hiver de la Formation Professionnelle\",\"isPartOf\":{\"@id\":\"https:\/\/uhfp.centre-inffo.fr\/2023\/#website\"},\"datePublished\":\"2022-12-27T11:03:56+00:00\",\"dateModified\":\"2023-02-10T10:12:02+00:00\",\"breadcrumb\":{\"@id\":\"https:\/\/uhfp.centre-inffo.fr\/2023\/b3-21-at-les-certifications-un-moyen-au-service-des-transitions-professionnelles\/#breadcrumb\"},\"inLanguage\":\"fr-FR\",\"potentialAction\":[{\"@type\":\"ReadAction\",\"target\":[\"https:\/\/uhfp.centre-inffo.fr\/2023\/b3-21-at-les-certifications-un-moyen-au-service-des-transitions-professionnelles\/\"]}]},{\"@type\":\"BreadcrumbList\",\"@id\":\"https:\/\/uhfp.centre-inffo.fr\/2023\/b3-21-at-les-certifications-un-moyen-au-service-des-transitions-professionnelles\/#breadcrumb\",\"itemListElement\":[{\"@type\":\"ListItem\",\"position\":1,\"name\":\"Accueil\",\"item\":\"https:\/\/uhfp.centre-inffo.fr\/2023\/\"},{\"@type\":\"ListItem\",\"position\":2,\"name\":\"Programme\",\"item\":\"https:\/\/uhfp.centre-inffo.fr\/2023\/rubrique\/programme\/\"},{\"@type\":\"ListItem\",\"position\":3,\"name\":\"B3.21 AT &#8211; Les certifications au service des transitions professionnelles\"}]},{\"@type\":\"WebSite\",\"@id\":\"https:\/\/uhfp.centre-inffo.fr\/2023\/#website\",\"url\":\"https:\/\/uhfp.centre-inffo.fr\/2023\/\",\"name\":\"18e Universit\u00e9 d&#039;Hiver de la Formation Professionnelle\",\"description\":\"Comp\u00e9tences 2030 : r\u00e9ussir ensemble les transitions ! - Du 25 au 27 janvier 2023, \u00e0 Cannes\",\"publisher\":{\"@id\":\"https:\/\/uhfp.centre-inffo.fr\/2023\/#organization\"},\"potentialAction\":[{\"@type\":\"SearchAction\",\"target\":{\"@type\":\"EntryPoint\",\"urlTemplate\":\"https:\/\/uhfp.centre-inffo.fr\/2023\/?s={search_term_string}\"},\"query-input\":\"required name=search_term_string\"}],\"inLanguage\":\"fr-FR\"},{\"@type\":\"Organization\",\"@id\":\"https:\/\/uhfp.centre-inffo.fr\/2023\/#organization\",\"name\":\"Centre Inffo\",\"url\":\"https:\/\/uhfp.centre-inffo.fr\/2023\/\",\"logo\":{\"@type\":\"ImageObject\",\"inLanguage\":\"fr-FR\",\"@id\":\"https:\/\/uhfp.centre-inffo.fr\/2023\/#\/schema\/logo\/image\/\",\"url\":\"\",\"contentUrl\":\"\",\"caption\":\"Centre Inffo\"},\"image\":{\"@id\":\"https:\/\/uhfp.centre-inffo.fr\/2023\/#\/schema\/logo\/image\/\"},\"sameAs\":[\"https:\/\/www.facebook.com\/centreinffo\",\"https:\/\/twitter.com\/centreinffo\",\"https:\/\/www.linkedin.com\/company\/centre-inffo\/\",\"https:\/\/www.youtube.com\/user\/centreinffo\"]}]}<\/script>\n<!-- \/ Yoast SEO plugin. -->","yoast_head_json":{"title":"B3.21 AT - Les certifications au service des transitions professionnelles - 18e Universit\u00e9 d&#039;Hiver de la Formation Professionnelle","robots":{"index":"index","follow":"follow","max-snippet":"max-snippet:-1","max-image-preview":"max-image-preview:large","max-video-preview":"max-video-preview:-1"},"canonical":"https:\/\/uhfp.centre-inffo.fr\/2023\/b3-21-at-les-certifications-un-moyen-au-service-des-transitions-professionnelles\/","og_locale":"fr_FR","og_type":"article","og_title":"B3.21 AT - Les certifications au service des transitions professionnelles - 18e Universit\u00e9 d&#039;Hiver de la Formation Professionnelle","og_description":"Descriptif de l&rsquo;atelier Introduction et probl\u00e9matique de l&rsquo;atelier, pr\u00e9sentation des intervenants D\u00e9finition et cadre des certifications professionnelles en France La notion de transitions professionnelles dans le cadre d&rsquo;une d\u00e9marche de &hellip;","og_url":"https:\/\/uhfp.centre-inffo.fr\/2023\/b3-21-at-les-certifications-un-moyen-au-service-des-transitions-professionnelles\/","og_site_name":"18e Universit\u00e9 d&#039;Hiver de la Formation Professionnelle","article_publisher":"https:\/\/www.facebook.com\/centreinffo","article_modified_time":"2023-02-10T10:12:02+00:00","twitter_card":"summary_large_image","twitter_site":"@centreinffo","twitter_misc":{"Dur\u00e9e de lecture estim\u00e9e":"1 minute"},"schema":{"@context":"https:\/\/schema.org","@graph":[{"@type":"WebPage","@id":"https:\/\/uhfp.centre-inffo.fr\/2023\/b3-21-at-les-certifications-un-moyen-au-service-des-transitions-professionnelles\/","url":"https:\/\/uhfp.centre-inffo.fr\/2023\/b3-21-at-les-certifications-un-moyen-au-service-des-transitions-professionnelles\/","name":"B3.21 AT - Les certifications au service des transitions professionnelles - 18e Universit\u00e9 d&#039;Hiver de la Formation Professionnelle","isPartOf":{"@id":"https:\/\/uhfp.centre-inffo.fr\/2023\/#website"},"datePublished":"2022-12-27T11:03:56+00:00","dateModified":"2023-02-10T10:12:02+00:00","breadcrumb":{"@id":"https:\/\/uhfp.centre-inffo.fr\/2023\/b3-21-at-les-certifications-un-moyen-au-service-des-transitions-professionnelles\/#breadcrumb"},"inLanguage":"fr-FR","potentialAction":[{"@type":"ReadAction","target":["https:\/\/uhfp.centre-inffo.fr\/2023\/b3-21-at-les-certifications-un-moyen-au-service-des-transitions-professionnelles\/"]}]},{"@type":"BreadcrumbList","@id":"https:\/\/uhfp.centre-inffo.fr\/2023\/b3-21-at-les-certifications-un-moyen-au-service-des-transitions-professionnelles\/#breadcrumb","itemListElement":[{"@type":"ListItem","position":1,"name":"Accueil","item":"https:\/\/uhfp.centre-inffo.fr\/2023\/"},{"@type":"ListItem","position":2,"name":"Programme","item":"https:\/\/uhfp.centre-inffo.fr\/2023\/rubrique\/programme\/"},{"@type":"ListItem","position":3,"name":"B3.21 AT &#8211; Les certifications au service des transitions professionnelles"}]},{"@type":"WebSite","@id":"https:\/\/uhfp.centre-inffo.fr\/2023\/#website","url":"https:\/\/uhfp.centre-inffo.fr\/2023\/","name":"18e Universit\u00e9 d&#039;Hiver de la Formation Professionnelle","description":"Comp\u00e9tences 2030 : r\u00e9ussir ensemble les transitions ! - Du 25 au 27 janvier 2023, \u00e0 Cannes","publisher":{"@id":"https:\/\/uhfp.centre-inffo.fr\/2023\/#organization"},"potentialAction":[{"@type":"SearchAction","target":{"@type":"EntryPoint","urlTemplate":"https:\/\/uhfp.centre-inffo.fr\/2023\/?s={search_term_string}"},"query-input":"required name=search_term_string"}],"inLanguage":"fr-FR"},{"@type":"Organization","@id":"https:\/\/uhfp.centre-inffo.fr\/2023\/#organization","name":"Centre Inffo","url":"https:\/\/uhfp.centre-inffo.fr\/2023\/","logo":{"@type":"ImageObject","inLanguage":"fr-FR","@id":"https:\/\/uhfp.centre-inffo.fr\/2023\/#\/schema\/logo\/image\/","url":"","contentUrl":"","caption":"Centre Inffo"},"image":{"@id":"https:\/\/uhfp.centre-inffo.fr\/2023\/#\/schema\/logo\/image\/"},"sameAs":["https:\/\/www.facebook.com\/centreinffo","https:\/\/twitter.com\/centreinffo","https:\/\/www.linkedin.com\/company\/centre-inffo\/","https:\/\/www.youtube.com\/user\/centreinffo"]}]}},"_links":{"self":[{"href":"https:\/\/uhfp.centre-inffo.fr\/2023\/wp-json\/wp\/v2\/pages\/3487"}],"collection":[{"href":"https:\/\/uhfp.centre-inffo.fr\/2023\/wp-json\/wp\/v2\/pages"}],"about":[{"href":"https:\/\/uhfp.centre-inffo.fr\/2023\/wp-json\/wp\/v2\/types\/page"}],"author":[{"embeddable":true,"href":"https:\/\/uhfp.centre-inffo.fr\/2023\/wp-json\/wp\/v2\/users\/2"}],"replies":[{"embeddable":true,"href":"https:\/\/uhfp.centre-inffo.fr\/2023\/wp-json\/wp\/v2\/comments?post=3487"}],"version-history":[{"count":16,"href":"https:\/\/uhfp.centre-inffo.fr\/2023\/wp-json\/wp\/v2\/pages\/3487\/revisions"}],"predecessor-version":[{"id":6062,"href":"https:\/\/uhfp.centre-inffo.fr\/2023\/wp-json\/wp\/v2\/pages\/3487\/revisions\/6062"}],"wp:attachment":[{"href":"https:\/\/uhfp.centre-inffo.fr\/2023\/wp-json\/wp\/v2\/media?parent=3487"}],"wp:term":[{"taxonomy":"category","embeddable":true,"href":"https:\/\/uhfp.centre-inffo.fr\/2023\/wp-json\/wp\/v2\/categories?post=3487"},{"taxonomy":"post_tag","embeddable":true,"href":"https:\/\/uhfp.centre-inffo.fr\/2023\/wp-json\/wp\/v2\/tags?post=3487"},{"taxonomy":"wf_page_folders","embeddable":true,"href":"https:\/\/uhfp.centre-inffo.fr\/2023\/wp-json\/wp\/v2\/wf_page_folders?post=3487"}],"curies":[{"name":"wp","href":"https:\/\/api.w.org\/{rel}","templated":true}]}}