{"id":3708,"date":"2022-11-11T13:41:33","date_gmt":"2022-11-11T12:41:33","guid":{"rendered":"https:\/\/uhfp.centre-inffo.fr\/2023\/?page_id=3708"},"modified":"2023-01-04T16:16:39","modified_gmt":"2023-01-04T15:16:39","slug":"senechal","status":"publish","type":"page","link":"https:\/\/uhfp.centre-inffo.fr\/2023\/senechal\/","title":{"rendered":"S\u00e9n\u00e9chal"},"content":{"rendered":"<p>Beno\u00eet S\u00e9n\u00e9chal a rejoint la Caisse des D\u00e9p\u00f4ts en 2001 sur des fonctions au Secr\u00e9tariat g\u00e9n\u00e9ral du groupe. Charg\u00e9 de d\u00e9veloppement territorial \u00e0 la Direction r\u00e9gionale Ile-de-France entre 2004 et 2018, il est en charge des activit\u00e9s d\u2019ing\u00e9nierie territoriale, de financement et d\u2019investissement de la Caisse des D\u00e9p\u00f4ts sur plusieurs territoires successifs de la Seine-Saint-Denis et du Val d\u2019Oise. Depuis 2018, il est responsable du P\u00f4le \u00ab Formation Professionnelle \u00bb au sein de la Direction de l\u2019Investissement de la Banque des Territoires (D\u00e9partement Coh\u00e9sion Sociale et Territoriale) en charge du d\u00e9veloppement de la th\u00e8se d\u2019investissement direct dans des structures de formation \u00e0 impact et de la mise en \u0153uvre op\u00e9rationnelle des programmes confi\u00e9s par l\u2019Etat dans le cadre des PIA formation et du Plan d\u2019Investissement dans les Comp\u00e9tences.<\/p>\n<h3>Pilotage<\/h3>\n<ul>\n<li><a href=\"\/2023\/a3-5-at-comment-la-banque-des-territoires-investit-dans-la-formation-professionnelle-a-impact\/\">A3.5 AT &#8211; Comment la Banque des Territoires investit dans la formation professionnelle \u00e0 impact<\/a><\/li>\n<\/ul>\n<h3>Intervention<\/h3>\n<ul>\n<li><a href=\"\/2023\/d2-47-at-soutenir-et-deployer-linnovation-en-formation-investissement-public-et-initiatives-privees\/\">D2.47 TR &#8211; Soutenir et d\u00e9ployer l&rsquo;innovation en formation : investissement public et initiatives priv\u00e9es<\/a><\/li>\n<\/ul>\n","protected":false},"excerpt":{"rendered":"<p>Beno\u00eet S\u00e9n\u00e9chal a rejoint la Caisse des D\u00e9p\u00f4ts en 2001 sur des fonctions au Secr\u00e9tariat g\u00e9n\u00e9ral du groupe. Charg\u00e9 de d\u00e9veloppement territorial \u00e0 la Direction r\u00e9gionale Ile-de-France entre 2004 et &hellip; <\/p>\n","protected":false},"author":1,"featured_media":4024,"parent":0,"menu_order":0,"comment_status":"closed","ping_status":"closed","template":"","meta":[],"categories":[6],"tags":[],"wf_page_folders":[92],"acf":[],"yoast_head":"<!-- This site is optimized with the Yoast SEO plugin v20.3 - https:\/\/yoast.com\/wordpress\/plugins\/seo\/ -->\n<title>S\u00e9n\u00e9chal - 18e Universit\u00e9 d&#039;Hiver de la Formation Professionnelle<\/title>\n<meta name=\"robots\" content=\"index, follow, max-snippet:-1, max-image-preview:large, max-video-preview:-1\" \/>\n<link rel=\"canonical\" href=\"https:\/\/uhfp.centre-inffo.fr\/2023\/senechal\/\" \/>\n<meta property=\"og:locale\" content=\"fr_FR\" \/>\n<meta property=\"og:type\" content=\"article\" \/>\n<meta property=\"og:title\" content=\"S\u00e9n\u00e9chal - 18e Universit\u00e9 d&#039;Hiver de la Formation Professionnelle\" \/>\n<meta property=\"og:description\" content=\"Beno\u00eet S\u00e9n\u00e9chal a rejoint la Caisse des D\u00e9p\u00f4ts en 2001 sur des fonctions au Secr\u00e9tariat g\u00e9n\u00e9ral du groupe. Charg\u00e9 de d\u00e9veloppement territorial \u00e0 la Direction r\u00e9gionale Ile-de-France entre 2004 et &hellip;\" \/>\n<meta property=\"og:url\" content=\"https:\/\/uhfp.centre-inffo.fr\/2023\/senechal\/\" \/>\n<meta property=\"og:site_name\" content=\"18e Universit\u00e9 d&#039;Hiver de la Formation Professionnelle\" \/>\n<meta property=\"article:publisher\" content=\"https:\/\/www.facebook.com\/centreinffo\" \/>\n<meta property=\"article:modified_time\" content=\"2023-01-04T15:16:39+00:00\" \/>\n<meta property=\"og:image\" content=\"https:\/\/uhfp.centre-inffo.fr\/2023\/wp-content\/uploads\/2022\/12\/Senechal.png\" \/>\n\t<meta property=\"og:image:width\" content=\"864\" \/>\n\t<meta property=\"og:image:height\" content=\"858\" \/>\n\t<meta property=\"og:image:type\" content=\"image\/png\" \/>\n<meta name=\"twitter:card\" content=\"summary_large_image\" \/>\n<meta name=\"twitter:site\" content=\"@centreinffo\" \/>\n<meta name=\"twitter:label1\" content=\"Dur\u00e9e de lecture estim\u00e9e\" \/>\n\t<meta name=\"twitter:data1\" content=\"1 minute\" \/>\n<script type=\"application\/ld+json\" class=\"yoast-schema-graph\">{\"@context\":\"https:\/\/schema.org\",\"@graph\":[{\"@type\":\"WebPage\",\"@id\":\"https:\/\/uhfp.centre-inffo.fr\/2023\/senechal\/\",\"url\":\"https:\/\/uhfp.centre-inffo.fr\/2023\/senechal\/\",\"name\":\"S\u00e9n\u00e9chal - 18e Universit\u00e9 d&#039;Hiver de la Formation Professionnelle\",\"isPartOf\":{\"@id\":\"https:\/\/uhfp.centre-inffo.fr\/2023\/#website\"},\"datePublished\":\"2022-11-11T12:41:33+00:00\",\"dateModified\":\"2023-01-04T15:16:39+00:00\",\"breadcrumb\":{\"@id\":\"https:\/\/uhfp.centre-inffo.fr\/2023\/senechal\/#breadcrumb\"},\"inLanguage\":\"fr-FR\",\"potentialAction\":[{\"@type\":\"ReadAction\",\"target\":[\"https:\/\/uhfp.centre-inffo.fr\/2023\/senechal\/\"]}]},{\"@type\":\"BreadcrumbList\",\"@id\":\"https:\/\/uhfp.centre-inffo.fr\/2023\/senechal\/#breadcrumb\",\"itemListElement\":[{\"@type\":\"ListItem\",\"position\":1,\"name\":\"Accueil\",\"item\":\"https:\/\/uhfp.centre-inffo.fr\/2023\/\"},{\"@type\":\"ListItem\",\"position\":2,\"name\":\"Intervenants\",\"item\":\"https:\/\/uhfp.centre-inffo.fr\/2023\/rubrique\/intervenants\/\"},{\"@type\":\"ListItem\",\"position\":3,\"name\":\"S\u00e9n\u00e9chal\"}]},{\"@type\":\"WebSite\",\"@id\":\"https:\/\/uhfp.centre-inffo.fr\/2023\/#website\",\"url\":\"https:\/\/uhfp.centre-inffo.fr\/2023\/\",\"name\":\"18e Universit\u00e9 d&#039;Hiver de la Formation Professionnelle\",\"description\":\"Comp\u00e9tences 2030 : r\u00e9ussir ensemble les transitions ! - Du 25 au 27 janvier 2023, \u00e0 Cannes\",\"publisher\":{\"@id\":\"https:\/\/uhfp.centre-inffo.fr\/2023\/#organization\"},\"potentialAction\":[{\"@type\":\"SearchAction\",\"target\":{\"@type\":\"EntryPoint\",\"urlTemplate\":\"https:\/\/uhfp.centre-inffo.fr\/2023\/?s={search_term_string}\"},\"query-input\":\"required name=search_term_string\"}],\"inLanguage\":\"fr-FR\"},{\"@type\":\"Organization\",\"@id\":\"https:\/\/uhfp.centre-inffo.fr\/2023\/#organization\",\"name\":\"Centre Inffo\",\"url\":\"https:\/\/uhfp.centre-inffo.fr\/2023\/\",\"logo\":{\"@type\":\"ImageObject\",\"inLanguage\":\"fr-FR\",\"@id\":\"https:\/\/uhfp.centre-inffo.fr\/2023\/#\/schema\/logo\/image\/\",\"url\":\"\",\"contentUrl\":\"\",\"caption\":\"Centre Inffo\"},\"image\":{\"@id\":\"https:\/\/uhfp.centre-inffo.fr\/2023\/#\/schema\/logo\/image\/\"},\"sameAs\":[\"https:\/\/www.facebook.com\/centreinffo\",\"https:\/\/twitter.com\/centreinffo\",\"https:\/\/www.linkedin.com\/company\/centre-inffo\/\",\"https:\/\/www.youtube.com\/user\/centreinffo\"]}]}<\/script>\n<!-- \/ Yoast SEO plugin. -->","yoast_head_json":{"title":"S\u00e9n\u00e9chal - 18e Universit\u00e9 d&#039;Hiver de la Formation Professionnelle","robots":{"index":"index","follow":"follow","max-snippet":"max-snippet:-1","max-image-preview":"max-image-preview:large","max-video-preview":"max-video-preview:-1"},"canonical":"https:\/\/uhfp.centre-inffo.fr\/2023\/senechal\/","og_locale":"fr_FR","og_type":"article","og_title":"S\u00e9n\u00e9chal - 18e Universit\u00e9 d&#039;Hiver de la Formation Professionnelle","og_description":"Beno\u00eet S\u00e9n\u00e9chal a rejoint la Caisse des D\u00e9p\u00f4ts en 2001 sur des fonctions au Secr\u00e9tariat g\u00e9n\u00e9ral du groupe. Charg\u00e9 de d\u00e9veloppement territorial \u00e0 la Direction r\u00e9gionale Ile-de-France entre 2004 et &hellip;","og_url":"https:\/\/uhfp.centre-inffo.fr\/2023\/senechal\/","og_site_name":"18e Universit\u00e9 d&#039;Hiver de la Formation Professionnelle","article_publisher":"https:\/\/www.facebook.com\/centreinffo","article_modified_time":"2023-01-04T15:16:39+00:00","og_image":[{"width":864,"height":858,"url":"https:\/\/uhfp.centre-inffo.fr\/2023\/wp-content\/uploads\/2022\/12\/Senechal.png","type":"image\/png"}],"twitter_card":"summary_large_image","twitter_site":"@centreinffo","twitter_misc":{"Dur\u00e9e de lecture estim\u00e9e":"1 minute"},"schema":{"@context":"https:\/\/schema.org","@graph":[{"@type":"WebPage","@id":"https:\/\/uhfp.centre-inffo.fr\/2023\/senechal\/","url":"https:\/\/uhfp.centre-inffo.fr\/2023\/senechal\/","name":"S\u00e9n\u00e9chal - 18e Universit\u00e9 d&#039;Hiver de la Formation Professionnelle","isPartOf":{"@id":"https:\/\/uhfp.centre-inffo.fr\/2023\/#website"},"datePublished":"2022-11-11T12:41:33+00:00","dateModified":"2023-01-04T15:16:39+00:00","breadcrumb":{"@id":"https:\/\/uhfp.centre-inffo.fr\/2023\/senechal\/#breadcrumb"},"inLanguage":"fr-FR","potentialAction":[{"@type":"ReadAction","target":["https:\/\/uhfp.centre-inffo.fr\/2023\/senechal\/"]}]},{"@type":"BreadcrumbList","@id":"https:\/\/uhfp.centre-inffo.fr\/2023\/senechal\/#breadcrumb","itemListElement":[{"@type":"ListItem","position":1,"name":"Accueil","item":"https:\/\/uhfp.centre-inffo.fr\/2023\/"},{"@type":"ListItem","position":2,"name":"Intervenants","item":"https:\/\/uhfp.centre-inffo.fr\/2023\/rubrique\/intervenants\/"},{"@type":"ListItem","position":3,"name":"S\u00e9n\u00e9chal"}]},{"@type":"WebSite","@id":"https:\/\/uhfp.centre-inffo.fr\/2023\/#website","url":"https:\/\/uhfp.centre-inffo.fr\/2023\/","name":"18e Universit\u00e9 d&#039;Hiver de la Formation Professionnelle","description":"Comp\u00e9tences 2030 : r\u00e9ussir ensemble les transitions ! - Du 25 au 27 janvier 2023, \u00e0 Cannes","publisher":{"@id":"https:\/\/uhfp.centre-inffo.fr\/2023\/#organization"},"potentialAction":[{"@type":"SearchAction","target":{"@type":"EntryPoint","urlTemplate":"https:\/\/uhfp.centre-inffo.fr\/2023\/?s={search_term_string}"},"query-input":"required name=search_term_string"}],"inLanguage":"fr-FR"},{"@type":"Organization","@id":"https:\/\/uhfp.centre-inffo.fr\/2023\/#organization","name":"Centre Inffo","url":"https:\/\/uhfp.centre-inffo.fr\/2023\/","logo":{"@type":"ImageObject","inLanguage":"fr-FR","@id":"https:\/\/uhfp.centre-inffo.fr\/2023\/#\/schema\/logo\/image\/","url":"","contentUrl":"","caption":"Centre Inffo"},"image":{"@id":"https:\/\/uhfp.centre-inffo.fr\/2023\/#\/schema\/logo\/image\/"},"sameAs":["https:\/\/www.facebook.com\/centreinffo","https:\/\/twitter.com\/centreinffo","https:\/\/www.linkedin.com\/company\/centre-inffo\/","https:\/\/www.youtube.com\/user\/centreinffo"]}]}},"_links":{"self":[{"href":"https:\/\/uhfp.centre-inffo.fr\/2023\/wp-json\/wp\/v2\/pages\/3708"}],"collection":[{"href":"https:\/\/uhfp.centre-inffo.fr\/2023\/wp-json\/wp\/v2\/pages"}],"about":[{"href":"https:\/\/uhfp.centre-inffo.fr\/2023\/wp-json\/wp\/v2\/types\/page"}],"author":[{"embeddable":true,"href":"https:\/\/uhfp.centre-inffo.fr\/2023\/wp-json\/wp\/v2\/users\/1"}],"replies":[{"embeddable":true,"href":"https:\/\/uhfp.centre-inffo.fr\/2023\/wp-json\/wp\/v2\/comments?post=3708"}],"version-history":[{"count":8,"href":"https:\/\/uhfp.centre-inffo.fr\/2023\/wp-json\/wp\/v2\/pages\/3708\/revisions"}],"predecessor-version":[{"id":4330,"href":"https:\/\/uhfp.centre-inffo.fr\/2023\/wp-json\/wp\/v2\/pages\/3708\/revisions\/4330"}],"wp:featuredmedia":[{"embeddable":true,"href":"https:\/\/uhfp.centre-inffo.fr\/2023\/wp-json\/wp\/v2\/media\/4024"}],"wp:attachment":[{"href":"https:\/\/uhfp.centre-inffo.fr\/2023\/wp-json\/wp\/v2\/media?parent=3708"}],"wp:term":[{"taxonomy":"category","embeddable":true,"href":"https:\/\/uhfp.centre-inffo.fr\/2023\/wp-json\/wp\/v2\/categories?post=3708"},{"taxonomy":"post_tag","embeddable":true,"href":"https:\/\/uhfp.centre-inffo.fr\/2023\/wp-json\/wp\/v2\/tags?post=3708"},{"taxonomy":"wf_page_folders","embeddable":true,"href":"https:\/\/uhfp.centre-inffo.fr\/2023\/wp-json\/wp\/v2\/wf_page_folders?post=3708"}],"curies":[{"name":"wp","href":"https:\/\/api.w.org\/{rel}","templated":true}]}}

Sénéchal

<p>Benoît Sénéchal a rejoint la Caisse des Dépôts en 2001 sur des fonctions au Secrétariat général du groupe. Chargé de développement territorial à la Direction régionale Ile-de-France entre 2004 et 2018, il est en charge des activités d’ingénierie territoriale, de financement et d’investissement de la Caisse des Dépôts sur plusieurs territoires successifs de la Seine-Saint-Denis et du Val d’Oise. Depuis 2018, il est responsable du Pôle « Formation Professionnelle » au sein de la Direction de l’Investissement de la Banque des Territoires (Département Cohésion Sociale et Territoriale) en charge du développement de la thèse d’investissement direct dans des structures de formation à impact et de la mise en œuvre opérationnelle des programmes confiés par l’Etat dans le cadre des PIA formation et du Plan d’Investissement dans les Compétences.</p>
<h3>Pilotage</h3>
<ul>
<li><a href="/2023/a3-5-at-comment-la-banque-des-territoires-investit-dans-la-formation-professionnelle-a-impact/">A3.5 AT &#8211; Comment la Banque des Territoires investit dans la formation professionnelle à impact</a></li>
</ul>
<h3>Intervention</h3>
<ul>
<li><a href="/2023/d2-47-at-soutenir-et-deployer-linnovation-en-formation-investissement-public-et-initiatives-privees/">D2.47 TR &#8211; Soutenir et déployer l&rsquo;innovation en formation : investissement public et initiatives privées</a></li>
</ul>

<p>Benoît Sénéchal a rejoint la Caisse des Dépôts en 2001 sur des fonctions au Secrétariat général du groupe. Chargé de développement territorial à la Direction régionale Ile-de-France entre 2004 et &hellip; </p>

<!-- This site is optimized with the Yoast SEO plugin v20.3 - https://yoast.com/wordpress/plugins/seo/ -->
<title>Sénéchal - 18e Université d&#039;Hiver de la Formation Professionnelle</title>
<meta name="robots" content="index, follow, max-snippet:-1, max-image-preview:large, max-video-preview:-1" />
<link rel="canonical" href="https://uhfp.centre-inffo.fr/2023/senechal/" />
<meta property="og:locale" content="fr_FR" />
<meta property="og:type" content="article" />
<meta property="og:title" content="Sénéchal - 18e Université d&#039;Hiver de la Formation Professionnelle" />
<meta property="og:description" content="Benoît Sénéchal a rejoint la Caisse des Dépôts en 2001 sur des fonctions au Secrétariat général du groupe. Chargé de développement territorial à la Direction régionale Ile-de-France entre 2004 et &hellip;" />
<meta property="og:url" content="https://uhfp.centre-inffo.fr/2023/senechal/" />
<meta property="og:site_name" content="18e Université d&#039;Hiver de la Formation Professionnelle" />
<meta property="article:publisher" content="https://www.facebook.com/centreinffo" />
<meta property="article:modified_time" content="2023-01-04T15:16:39+00:00" />
<meta property="og:image" content="https://uhfp.centre-inffo.fr/2023/wp-content/uploads/2022/12/Senechal.png" />
	<meta property="og:image:width" content="864" />
	<meta property="og:image:height" content="858" />
	<meta property="og:image:type" content="image/png" />
<meta name="twitter:card" content="summary_large_image" />
<meta name="twitter:site" content="@centreinffo" />
<meta name="twitter:label1" content="Durée de lecture estimée" />
	<meta name="twitter:data1" content="1 minute" />
<script type="application/ld+json" class="yoast-schema-graph">{"@context":"https://schema.org","@graph":[{"@type":"WebPage","@id":"https://uhfp.centre-inffo.fr/2023/senechal/","url":"https://uhfp.centre-inffo.fr/2023/senechal/","name":"Sénéchal - 18e Université d&#039;Hiver de la Formation Professionnelle","isPartOf":{"@id":"https://uhfp.centre-inffo.fr/2023/#website"},"datePublished":"2022-11-11T12:41:33+00:00","dateModified":"2023-01-04T15:16:39+00:00","breadcrumb":{"@id":"https://uhfp.centre-inffo.fr/2023/senechal/#breadcrumb"},"inLanguage":"fr-FR","potentialAction":[{"@type":"ReadAction","target":["https://uhfp.centre-inffo.fr/2023/senechal/"]}]},{"@type":"BreadcrumbList","@id":"https://uhfp.centre-inffo.fr/2023/senechal/#breadcrumb","itemListElement":[{"@type":"ListItem","position":1,"name":"Accueil","item":"https://uhfp.centre-inffo.fr/2023/"},{"@type":"ListItem","position":2,"name":"Intervenants","item":"https://uhfp.centre-inffo.fr/2023/rubrique/intervenants/"},{"@type":"ListItem","position":3,"name":"Sénéchal"}]},{"@type":"WebSite","@id":"https://uhfp.centre-inffo.fr/2023/#website","url":"https://uhfp.centre-inffo.fr/2023/","name":"18e Université d&#039;Hiver de la Formation Professionnelle","description":"Compétences 2030 : réussir ensemble les transitions ! - Du 25 au 27 janvier 2023, à Cannes","publisher":{"@id":"https://uhfp.centre-inffo.fr/2023/#organization"},"potentialAction":[{"@type":"SearchAction","target":{"@type":"EntryPoint","urlTemplate":"https://uhfp.centre-inffo.fr/2023/?s={search_term_string}"},"query-input":"required name=search_term_string"}],"inLanguage":"fr-FR"},{"@type":"Organization","@id":"https://uhfp.centre-inffo.fr/2023/#organization","name":"Centre Inffo","url":"https://uhfp.centre-inffo.fr/2023/","logo":{"@type":"ImageObject","inLanguage":"fr-FR","@id":"https://uhfp.centre-inffo.fr/2023/#/schema/logo/image/","url":"","contentUrl":"","caption":"Centre Inffo"},"image":{"@id":"https://uhfp.centre-inffo.fr/2023/#/schema/logo/image/"},"sameAs":["https://www.facebook.com/centreinffo","https://twitter.com/centreinffo","https://www.linkedin.com/company/centre-inffo/","https://www.youtube.com/user/centreinffo"]}]}</script>
<!-- / Yoast SEO plugin. -->

Sénéchal - 18e Université d&#039;Hiver de la Formation Professionnelle

Benoît Sénéchal a rejoint la Caisse des Dépôts en 2001 sur des fonctions au Secrétariat général du groupe. Chargé de développement territorial à la Direction régionale Ile-de-France entre 2004 et &hellip;

18e Université d&#039;Hiver de la Formation Professionnelle

Compétences 2030 : réussir ensemble les transitions ! - Du 25 au 27 janvier 2023, à Cannes
