{"id":3995,"date":"2022-11-06T18:06:49","date_gmt":"2022-11-06T17:06:49","guid":{"rendered":"https:\/\/uhfp.centre-inffo.fr\/2023\/?page_id=3995"},"modified":"2023-01-16T12:14:31","modified_gmt":"2023-01-16T11:14:31","slug":"verhaeghe","status":"publish","type":"page","link":"https:\/\/uhfp.centre-inffo.fr\/2023\/verhaeghe\/","title":{"rendered":"Verhaeghe"},"content":{"rendered":"<p>Directrice Appui aux Branches et Action Prospective d\u2019Opco 2I, depuis d\u00e9cembre 2019, en charge, des missions d\u2019appui aux branches sur les sujets d\u2019observation-\u00e9tudes, certification, attractivit\u00e9 et promotion des m\u00e9tiers.<\/p>\n<p>Depuis la cr\u00e9ation d\u2019Opco 2i, sa direction a accompagn\u00e9\u00a0:<\/p>\n<ul>\n<li>La mise en \u0153uvre de plus de 500 projets diff\u00e9rents pour les 32 branches professionnelles de l\u2019interindustrie<\/li>\n<li>La d\u00e9clinaison de la feuille de route interindustrielle port\u00e9e par la gouvernance, avec notamment la cr\u00e9ation de l\u2019Observatoire Comp\u00e9tences Industries ou de la marque \u00ab Avec l\u2019Industrie \u00bb qui sera port\u00e9e \u00e0 la connaissance du grand public fin f\u00e9vrier 2023<\/li>\n<\/ul>\n<p>Dipl\u00f4m\u00e9e d\u2019un bac+ 5 en Ressources Humaines, elle a d\u00e9marr\u00e9 sa carri\u00e8re dans le milieu du conseil et la d\u00e9ploie depuis 2007 au sein des organismes paritaires, avec pour fil rouge, l\u2019accompagnement des entreprises et des salari\u00e9s de l\u2019industrie.<\/p>\n<h3>Intervention<\/h3>\n<ul>\n<li><a href=\"\/2023\/a1-1-repondre-aux-transitions-industrielles\/\">A1.1 TR R\u00e9pondre aux transitions industrielles<\/a><\/li>\n<\/ul>\n","protected":false},"excerpt":{"rendered":"<p>Directrice Appui aux Branches et Action Prospective d\u2019Opco 2I, depuis d\u00e9cembre 2019, en charge, des missions d\u2019appui aux branches sur les sujets d\u2019observation-\u00e9tudes, certification, attractivit\u00e9 et promotion des m\u00e9tiers. Depuis &hellip; <\/p>\n","protected":false},"author":2,"featured_media":4879,"parent":0,"menu_order":0,"comment_status":"closed","ping_status":"closed","template":"","meta":[],"categories":[6],"tags":[],"wf_page_folders":[92],"acf":[],"yoast_head":"<!-- This site is optimized with the Yoast SEO plugin v20.3 - https:\/\/yoast.com\/wordpress\/plugins\/seo\/ -->\n<title>Verhaeghe - 18e Universit\u00e9 d&#039;Hiver de la Formation Professionnelle<\/title>\n<meta name=\"robots\" content=\"index, follow, max-snippet:-1, max-image-preview:large, max-video-preview:-1\" \/>\n<link rel=\"canonical\" href=\"https:\/\/uhfp.centre-inffo.fr\/2023\/verhaeghe\/\" \/>\n<meta property=\"og:locale\" content=\"fr_FR\" \/>\n<meta property=\"og:type\" content=\"article\" \/>\n<meta property=\"og:title\" content=\"Verhaeghe - 18e Universit\u00e9 d&#039;Hiver de la Formation Professionnelle\" \/>\n<meta property=\"og:description\" content=\"Directrice Appui aux Branches et Action Prospective d\u2019Opco 2I, depuis d\u00e9cembre 2019, en charge, des missions d\u2019appui aux branches sur les sujets d\u2019observation-\u00e9tudes, certification, attractivit\u00e9 et promotion des m\u00e9tiers. Depuis &hellip;\" \/>\n<meta property=\"og:url\" content=\"https:\/\/uhfp.centre-inffo.fr\/2023\/verhaeghe\/\" \/>\n<meta property=\"og:site_name\" content=\"18e Universit\u00e9 d&#039;Hiver de la Formation Professionnelle\" \/>\n<meta property=\"article:publisher\" content=\"https:\/\/www.facebook.com\/centreinffo\" \/>\n<meta property=\"article:modified_time\" content=\"2023-01-16T11:14:31+00:00\" \/>\n<meta property=\"og:image\" content=\"https:\/\/uhfp.centre-inffo.fr\/2023\/wp-content\/uploads\/2023\/01\/verhaeghe.jpg\" \/>\n\t<meta property=\"og:image:width\" content=\"300\" \/>\n\t<meta property=\"og:image:height\" content=\"300\" \/>\n\t<meta property=\"og:image:type\" content=\"image\/jpeg\" \/>\n<meta name=\"twitter:card\" content=\"summary_large_image\" \/>\n<meta name=\"twitter:site\" content=\"@centreinffo\" \/>\n<meta name=\"twitter:label1\" content=\"Dur\u00e9e de lecture estim\u00e9e\" \/>\n\t<meta name=\"twitter:data1\" content=\"1 minute\" \/>\n<script type=\"application\/ld+json\" class=\"yoast-schema-graph\">{\"@context\":\"https:\/\/schema.org\",\"@graph\":[{\"@type\":\"WebPage\",\"@id\":\"https:\/\/uhfp.centre-inffo.fr\/2023\/verhaeghe\/\",\"url\":\"https:\/\/uhfp.centre-inffo.fr\/2023\/verhaeghe\/\",\"name\":\"Verhaeghe - 18e Universit\u00e9 d&#039;Hiver de la Formation Professionnelle\",\"isPartOf\":{\"@id\":\"https:\/\/uhfp.centre-inffo.fr\/2023\/#website\"},\"datePublished\":\"2022-11-06T17:06:49+00:00\",\"dateModified\":\"2023-01-16T11:14:31+00:00\",\"breadcrumb\":{\"@id\":\"https:\/\/uhfp.centre-inffo.fr\/2023\/verhaeghe\/#breadcrumb\"},\"inLanguage\":\"fr-FR\",\"potentialAction\":[{\"@type\":\"ReadAction\",\"target\":[\"https:\/\/uhfp.centre-inffo.fr\/2023\/verhaeghe\/\"]}]},{\"@type\":\"BreadcrumbList\",\"@id\":\"https:\/\/uhfp.centre-inffo.fr\/2023\/verhaeghe\/#breadcrumb\",\"itemListElement\":[{\"@type\":\"ListItem\",\"position\":1,\"name\":\"Accueil\",\"item\":\"https:\/\/uhfp.centre-inffo.fr\/2023\/\"},{\"@type\":\"ListItem\",\"position\":2,\"name\":\"Intervenants\",\"item\":\"https:\/\/uhfp.centre-inffo.fr\/2023\/rubrique\/intervenants\/\"},{\"@type\":\"ListItem\",\"position\":3,\"name\":\"Verhaeghe\"}]},{\"@type\":\"WebSite\",\"@id\":\"https:\/\/uhfp.centre-inffo.fr\/2023\/#website\",\"url\":\"https:\/\/uhfp.centre-inffo.fr\/2023\/\",\"name\":\"18e Universit\u00e9 d&#039;Hiver de la Formation Professionnelle\",\"description\":\"Comp\u00e9tences 2030 : r\u00e9ussir ensemble les transitions ! - Du 25 au 27 janvier 2023, \u00e0 Cannes\",\"publisher\":{\"@id\":\"https:\/\/uhfp.centre-inffo.fr\/2023\/#organization\"},\"potentialAction\":[{\"@type\":\"SearchAction\",\"target\":{\"@type\":\"EntryPoint\",\"urlTemplate\":\"https:\/\/uhfp.centre-inffo.fr\/2023\/?s={search_term_string}\"},\"query-input\":\"required name=search_term_string\"}],\"inLanguage\":\"fr-FR\"},{\"@type\":\"Organization\",\"@id\":\"https:\/\/uhfp.centre-inffo.fr\/2023\/#organization\",\"name\":\"Centre Inffo\",\"url\":\"https:\/\/uhfp.centre-inffo.fr\/2023\/\",\"logo\":{\"@type\":\"ImageObject\",\"inLanguage\":\"fr-FR\",\"@id\":\"https:\/\/uhfp.centre-inffo.fr\/2023\/#\/schema\/logo\/image\/\",\"url\":\"\",\"contentUrl\":\"\",\"caption\":\"Centre Inffo\"},\"image\":{\"@id\":\"https:\/\/uhfp.centre-inffo.fr\/2023\/#\/schema\/logo\/image\/\"},\"sameAs\":[\"https:\/\/www.facebook.com\/centreinffo\",\"https:\/\/twitter.com\/centreinffo\",\"https:\/\/www.linkedin.com\/company\/centre-inffo\/\",\"https:\/\/www.youtube.com\/user\/centreinffo\"]}]}<\/script>\n<!-- \/ Yoast SEO plugin. -->","yoast_head_json":{"title":"Verhaeghe - 18e Universit\u00e9 d&#039;Hiver de la Formation Professionnelle","robots":{"index":"index","follow":"follow","max-snippet":"max-snippet:-1","max-image-preview":"max-image-preview:large","max-video-preview":"max-video-preview:-1"},"canonical":"https:\/\/uhfp.centre-inffo.fr\/2023\/verhaeghe\/","og_locale":"fr_FR","og_type":"article","og_title":"Verhaeghe - 18e Universit\u00e9 d&#039;Hiver de la Formation Professionnelle","og_description":"Directrice Appui aux Branches et Action Prospective d\u2019Opco 2I, depuis d\u00e9cembre 2019, en charge, des missions d\u2019appui aux branches sur les sujets d\u2019observation-\u00e9tudes, certification, attractivit\u00e9 et promotion des m\u00e9tiers. Depuis &hellip;","og_url":"https:\/\/uhfp.centre-inffo.fr\/2023\/verhaeghe\/","og_site_name":"18e Universit\u00e9 d&#039;Hiver de la Formation Professionnelle","article_publisher":"https:\/\/www.facebook.com\/centreinffo","article_modified_time":"2023-01-16T11:14:31+00:00","og_image":[{"width":300,"height":300,"url":"https:\/\/uhfp.centre-inffo.fr\/2023\/wp-content\/uploads\/2023\/01\/verhaeghe.jpg","type":"image\/jpeg"}],"twitter_card":"summary_large_image","twitter_site":"@centreinffo","twitter_misc":{"Dur\u00e9e de lecture estim\u00e9e":"1 minute"},"schema":{"@context":"https:\/\/schema.org","@graph":[{"@type":"WebPage","@id":"https:\/\/uhfp.centre-inffo.fr\/2023\/verhaeghe\/","url":"https:\/\/uhfp.centre-inffo.fr\/2023\/verhaeghe\/","name":"Verhaeghe - 18e Universit\u00e9 d&#039;Hiver de la Formation Professionnelle","isPartOf":{"@id":"https:\/\/uhfp.centre-inffo.fr\/2023\/#website"},"datePublished":"2022-11-06T17:06:49+00:00","dateModified":"2023-01-16T11:14:31+00:00","breadcrumb":{"@id":"https:\/\/uhfp.centre-inffo.fr\/2023\/verhaeghe\/#breadcrumb"},"inLanguage":"fr-FR","potentialAction":[{"@type":"ReadAction","target":["https:\/\/uhfp.centre-inffo.fr\/2023\/verhaeghe\/"]}]},{"@type":"BreadcrumbList","@id":"https:\/\/uhfp.centre-inffo.fr\/2023\/verhaeghe\/#breadcrumb","itemListElement":[{"@type":"ListItem","position":1,"name":"Accueil","item":"https:\/\/uhfp.centre-inffo.fr\/2023\/"},{"@type":"ListItem","position":2,"name":"Intervenants","item":"https:\/\/uhfp.centre-inffo.fr\/2023\/rubrique\/intervenants\/"},{"@type":"ListItem","position":3,"name":"Verhaeghe"}]},{"@type":"WebSite","@id":"https:\/\/uhfp.centre-inffo.fr\/2023\/#website","url":"https:\/\/uhfp.centre-inffo.fr\/2023\/","name":"18e Universit\u00e9 d&#039;Hiver de la Formation Professionnelle","description":"Comp\u00e9tences 2030 : r\u00e9ussir ensemble les transitions ! - Du 25 au 27 janvier 2023, \u00e0 Cannes","publisher":{"@id":"https:\/\/uhfp.centre-inffo.fr\/2023\/#organization"},"potentialAction":[{"@type":"SearchAction","target":{"@type":"EntryPoint","urlTemplate":"https:\/\/uhfp.centre-inffo.fr\/2023\/?s={search_term_string}"},"query-input":"required name=search_term_string"}],"inLanguage":"fr-FR"},{"@type":"Organization","@id":"https:\/\/uhfp.centre-inffo.fr\/2023\/#organization","name":"Centre Inffo","url":"https:\/\/uhfp.centre-inffo.fr\/2023\/","logo":{"@type":"ImageObject","inLanguage":"fr-FR","@id":"https:\/\/uhfp.centre-inffo.fr\/2023\/#\/schema\/logo\/image\/","url":"","contentUrl":"","caption":"Centre Inffo"},"image":{"@id":"https:\/\/uhfp.centre-inffo.fr\/2023\/#\/schema\/logo\/image\/"},"sameAs":["https:\/\/www.facebook.com\/centreinffo","https:\/\/twitter.com\/centreinffo","https:\/\/www.linkedin.com\/company\/centre-inffo\/","https:\/\/www.youtube.com\/user\/centreinffo"]}]}},"_links":{"self":[{"href":"https:\/\/uhfp.centre-inffo.fr\/2023\/wp-json\/wp\/v2\/pages\/3995"}],"collection":[{"href":"https:\/\/uhfp.centre-inffo.fr\/2023\/wp-json\/wp\/v2\/pages"}],"about":[{"href":"https:\/\/uhfp.centre-inffo.fr\/2023\/wp-json\/wp\/v2\/types\/page"}],"author":[{"embeddable":true,"href":"https:\/\/uhfp.centre-inffo.fr\/2023\/wp-json\/wp\/v2\/users\/2"}],"replies":[{"embeddable":true,"href":"https:\/\/uhfp.centre-inffo.fr\/2023\/wp-json\/wp\/v2\/comments?post=3995"}],"version-history":[{"count":5,"href":"https:\/\/uhfp.centre-inffo.fr\/2023\/wp-json\/wp\/v2\/pages\/3995\/revisions"}],"predecessor-version":[{"id":4878,"href":"https:\/\/uhfp.centre-inffo.fr\/2023\/wp-json\/wp\/v2\/pages\/3995\/revisions\/4878"}],"wp:featuredmedia":[{"embeddable":true,"href":"https:\/\/uhfp.centre-inffo.fr\/2023\/wp-json\/wp\/v2\/media\/4879"}],"wp:attachment":[{"href":"https:\/\/uhfp.centre-inffo.fr\/2023\/wp-json\/wp\/v2\/media?parent=3995"}],"wp:term":[{"taxonomy":"category","embeddable":true,"href":"https:\/\/uhfp.centre-inffo.fr\/2023\/wp-json\/wp\/v2\/categories?post=3995"},{"taxonomy":"post_tag","embeddable":true,"href":"https:\/\/uhfp.centre-inffo.fr\/2023\/wp-json\/wp\/v2\/tags?post=3995"},{"taxonomy":"wf_page_folders","embeddable":true,"href":"https:\/\/uhfp.centre-inffo.fr\/2023\/wp-json\/wp\/v2\/wf_page_folders?post=3995"}],"curies":[{"name":"wp","href":"https:\/\/api.w.org\/{rel}","templated":true}]}}

<p>Directrice Appui aux Branches et Action Prospective d’Opco 2I, depuis décembre 2019, en charge, des missions d’appui aux branches sur les sujets d’observation-études, certification, attractivité et promotion des métiers.</p>
<p>Depuis la création d’Opco 2i, sa direction a accompagné :</p>
<ul>
<li>La mise en œuvre de plus de 500 projets différents pour les 32 branches professionnelles de l’interindustrie</li>
<li>La déclinaison de la feuille de route interindustrielle portée par la gouvernance, avec notamment la création de l’Observatoire Compétences Industries ou de la marque « Avec l’Industrie » qui sera portée à la connaissance du grand public fin février 2023</li>
</ul>
<p>Diplômée d’un bac+ 5 en Ressources Humaines, elle a démarré sa carrière dans le milieu du conseil et la déploie depuis 2007 au sein des organismes paritaires, avec pour fil rouge, l’accompagnement des entreprises et des salariés de l’industrie.</p>
<h3>Intervention</h3>
<ul>
<li><a href="/2023/a1-1-repondre-aux-transitions-industrielles/">A1.1 TR Répondre aux transitions industrielles</a></li>
</ul>

<p>Directrice Appui aux Branches et Action Prospective d’Opco 2I, depuis décembre 2019, en charge, des missions d’appui aux branches sur les sujets d’observation-études, certification, attractivité et promotion des métiers. Depuis &hellip; </p>

<!-- This site is optimized with the Yoast SEO plugin v20.3 - https://yoast.com/wordpress/plugins/seo/ -->
<title>Verhaeghe - 18e Université d&#039;Hiver de la Formation Professionnelle</title>
<meta name="robots" content="index, follow, max-snippet:-1, max-image-preview:large, max-video-preview:-1" />
<link rel="canonical" href="https://uhfp.centre-inffo.fr/2023/verhaeghe/" />
<meta property="og:locale" content="fr_FR" />
<meta property="og:type" content="article" />
<meta property="og:title" content="Verhaeghe - 18e Université d&#039;Hiver de la Formation Professionnelle" />
<meta property="og:description" content="Directrice Appui aux Branches et Action Prospective d’Opco 2I, depuis décembre 2019, en charge, des missions d’appui aux branches sur les sujets d’observation-études, certification, attractivité et promotion des métiers. Depuis &hellip;" />
<meta property="og:url" content="https://uhfp.centre-inffo.fr/2023/verhaeghe/" />
<meta property="og:site_name" content="18e Université d&#039;Hiver de la Formation Professionnelle" />
<meta property="article:publisher" content="https://www.facebook.com/centreinffo" />
<meta property="article:modified_time" content="2023-01-16T11:14:31+00:00" />
<meta property="og:image" content="https://uhfp.centre-inffo.fr/2023/wp-content/uploads/2023/01/verhaeghe.jpg" />
	<meta property="og:image:width" content="300" />
	<meta property="og:image:height" content="300" />
	<meta property="og:image:type" content="image/jpeg" />
<meta name="twitter:card" content="summary_large_image" />
<meta name="twitter:site" content="@centreinffo" />
<meta name="twitter:label1" content="Durée de lecture estimée" />
	<meta name="twitter:data1" content="1 minute" />
<script type="application/ld+json" class="yoast-schema-graph">{"@context":"https://schema.org","@graph":[{"@type":"WebPage","@id":"https://uhfp.centre-inffo.fr/2023/verhaeghe/","url":"https://uhfp.centre-inffo.fr/2023/verhaeghe/","name":"Verhaeghe - 18e Université d&#039;Hiver de la Formation Professionnelle","isPartOf":{"@id":"https://uhfp.centre-inffo.fr/2023/#website"},"datePublished":"2022-11-06T17:06:49+00:00","dateModified":"2023-01-16T11:14:31+00:00","breadcrumb":{"@id":"https://uhfp.centre-inffo.fr/2023/verhaeghe/#breadcrumb"},"inLanguage":"fr-FR","potentialAction":[{"@type":"ReadAction","target":["https://uhfp.centre-inffo.fr/2023/verhaeghe/"]}]},{"@type":"BreadcrumbList","@id":"https://uhfp.centre-inffo.fr/2023/verhaeghe/#breadcrumb","itemListElement":[{"@type":"ListItem","position":1,"name":"Accueil","item":"https://uhfp.centre-inffo.fr/2023/"},{"@type":"ListItem","position":2,"name":"Intervenants","item":"https://uhfp.centre-inffo.fr/2023/rubrique/intervenants/"},{"@type":"ListItem","position":3,"name":"Verhaeghe"}]},{"@type":"WebSite","@id":"https://uhfp.centre-inffo.fr/2023/#website","url":"https://uhfp.centre-inffo.fr/2023/","name":"18e Université d&#039;Hiver de la Formation Professionnelle","description":"Compétences 2030 : réussir ensemble les transitions ! - Du 25 au 27 janvier 2023, à Cannes","publisher":{"@id":"https://uhfp.centre-inffo.fr/2023/#organization"},"potentialAction":[{"@type":"SearchAction","target":{"@type":"EntryPoint","urlTemplate":"https://uhfp.centre-inffo.fr/2023/?s={search_term_string}"},"query-input":"required name=search_term_string"}],"inLanguage":"fr-FR"},{"@type":"Organization","@id":"https://uhfp.centre-inffo.fr/2023/#organization","name":"Centre Inffo","url":"https://uhfp.centre-inffo.fr/2023/","logo":{"@type":"ImageObject","inLanguage":"fr-FR","@id":"https://uhfp.centre-inffo.fr/2023/#/schema/logo/image/","url":"","contentUrl":"","caption":"Centre Inffo"},"image":{"@id":"https://uhfp.centre-inffo.fr/2023/#/schema/logo/image/"},"sameAs":["https://www.facebook.com/centreinffo","https://twitter.com/centreinffo","https://www.linkedin.com/company/centre-inffo/","https://www.youtube.com/user/centreinffo"]}]}</script>
<!-- / Yoast SEO plugin. -->

Verhaeghe - 18e Université d&#039;Hiver de la Formation Professionnelle

Directrice Appui aux Branches et Action Prospective d’Opco 2I, depuis décembre 2019, en charge, des missions d’appui aux branches sur les sujets d’observation-études, certification, attractivité et promotion des métiers. Depuis &hellip;

18e Université d&#039;Hiver de la Formation Professionnelle

Compétences 2030 : réussir ensemble les transitions ! - Du 25 au 27 janvier 2023, à Cannes
