{"id":4294,"date":"2023-01-04T15:27:00","date_gmt":"2023-01-04T14:27:00","guid":{"rendered":"https:\/\/uhfp.centre-inffo.fr\/2023\/?page_id=4294"},"modified":"2023-02-17T09:59:22","modified_gmt":"2023-02-17T08:59:22","slug":"b3-23-at-les-certifications-rncp-pour-les-parcours-en-entreprise-interet-ou-superflu","status":"publish","type":"page","link":"https:\/\/uhfp.centre-inffo.fr\/2023\/b3-23-at-les-certifications-rncp-pour-les-parcours-en-entreprise-interet-ou-superflu\/","title":{"rendered":"B3.23 AT &#8211; Les certifications RNCP pour les parcours en entreprise : int\u00e9r\u00eat ou superflu\u202f?"},"content":{"rendered":"\n<div class=\"wp-block-buttons is-content-justification-center is-layout-flex wp-container-1\">\n<div class=\"wp-block-button\"><a class=\"wp-block-button__link wp-element-button\" href=\"\/2023\/wp-content\/uploads\/2023\/02\/B3.23-AT.pdf\">T\u00e9l\u00e9charger la pr\u00e9sentation (.pdf)<\/a><\/div>\n<\/div>\n\n\n\n<hr class=\"wp-block-separator has-alpha-channel-opacity\"\/>\n\n\n<p><span data-contrast=\"auto\">Retenir les talents, d\u00e9velopper la marque employeur en cr\u00e9ant son CFA, en structurant des parcours certifiants, en s\u2019appuyant sur une politique VAE sont les options en g\u00e9n\u00e9ral envisag\u00e9es par les services des ressources humaines et les directions formation des entreprises.<\/span><span data-ccp-props=\"{}\">\u00a0<\/span><\/p>\n<p><span data-contrast=\"auto\">La r\u00e9forme \u00ab\u202fBig Bang\u202f\u00bb de la Formation professionnelle continue et la cr\u00e9ation de France comp\u00e9tences ont r\u00e9volutionn\u00e9 la formation en entreprise. Le durcissement<\/span> <span data-contrast=\"auto\">des obligations pour les certificateurs, la fermeture d\u2019environ 70% de l\u2019offre du registre sp\u00e9cifique n\u2019invite pas \u00e0 se lancer dans un projet de cr\u00e9ation d\u2019une certification professionnelle.<\/span><span data-ccp-props=\"{}\">\u00a0<\/span><\/p>\n<p><span data-contrast=\"auto\">Et si nous posions factuellement les int\u00e9r\u00eats et les inconv\u00e9nients d\u2019une certification pour un parcours de formation\u202f? Est-ce que l\u2019int\u00e9r\u00eat de rendre les formations en entreprise certifiantes l\u2019emporte sur les tracas occasionn\u00e9s\u202f?<\/span><span data-ccp-props=\"{}\">\u00a0<\/span><\/p>\n<p><span data-contrast=\"auto\">C\u2019est ce que nous vous proposons d\u2019explorer \u00e0 travers les exemples d\u2019entreprises qui ont abandonn\u00e9 l\u2019id\u00e9e ou d\u2019autres qui se sont lanc\u00e9es dans l\u2019aventure<\/span><span data-ccp-props=\"{}\">\u00a0<\/span><\/p>\n<p><strong>Nous vous proposons un atelier en 3 phases\u00a0<\/strong><\/p>\n<ul>\n<li data-leveltext=\"-\" data-font=\"Calibri\" data-listid=\"3\" data-list-defn-props=\"{&quot;335551671&quot;:13,&quot;335552541&quot;:1,&quot;335559684&quot;:-2,&quot;335559685&quot;:720,&quot;335559991&quot;:360,&quot;469769226&quot;:&quot;Calibri&quot;,&quot;469769242&quot;:[8226],&quot;469777803&quot;:&quot;left&quot;,&quot;469777804&quot;:&quot;-&quot;,&quot;469777815&quot;:&quot;hybridMultilevel&quot;}\" aria-setsize=\"-1\" data-aria-posinset=\"13\" data-aria-level=\"1\"><span data-contrast=\"auto\">La compr\u00e9hension d\u2019une certification professionnelle, de son d\u00e9p\u00f4t, de son renouvellement et de sa surveillance incite-t-il \u00e0 \u00eatre d\u00e9tenteur de sa certification ou partenaire d\u2019un certificateur\u202f ?<\/span><span data-ccp-props=\"{}\">\u00a0<\/span><\/li>\n<li data-leveltext=\"-\" data-font=\"Calibri\" data-listid=\"3\" data-list-defn-props=\"{&quot;335551671&quot;:13,&quot;335552541&quot;:1,&quot;335559684&quot;:-2,&quot;335559685&quot;:720,&quot;335559991&quot;:360,&quot;469769226&quot;:&quot;Calibri&quot;,&quot;469769242&quot;:[8226],&quot;469777803&quot;:&quot;left&quot;,&quot;469777804&quot;:&quot;-&quot;,&quot;469777815&quot;:&quot;hybridMultilevel&quot;}\" aria-setsize=\"-1\" data-aria-posinset=\"13\" data-aria-level=\"1\"><span data-contrast=\"auto\">A travers des exemples concrets d\u2019entreprises, quelles sont les raisons qui peuvent pousser une entreprise \u00e0 d\u00e9ployer des certifications RNCP\u202f ?<\/span><span data-ccp-props=\"{}\">\u00a0<\/span><\/li>\n<li data-leveltext=\"-\" data-font=\"Calibri\" data-listid=\"3\" data-list-defn-props=\"{&quot;335551671&quot;:13,&quot;335552541&quot;:1,&quot;335559684&quot;:-2,&quot;335559685&quot;:720,&quot;335559991&quot;:360,&quot;469769226&quot;:&quot;Calibri&quot;,&quot;469769242&quot;:[8226],&quot;469777803&quot;:&quot;left&quot;,&quot;469777804&quot;:&quot;-&quot;,&quot;469777815&quot;:&quot;hybridMultilevel&quot;}\" aria-setsize=\"-1\" data-aria-posinset=\"13\" data-aria-level=\"1\"><span data-contrast=\"auto\">En quoi la certification RNCP transforme-t-elle la formation professionnelle des entreprises et o\u00f9 sont les limites de gain\u202f ?<\/span><span data-ccp-props=\"{}\">\u00a0<\/span><\/li>\n<\/ul>\n<h3><span data-contrast=\"auto\">Objectifs p\u00e9dagogiques\u202f<\/span><\/h3>\n<ul>\n<li data-leveltext=\"-\" data-font=\"Calibri\" data-listid=\"3\" data-list-defn-props=\"{&quot;335551671&quot;:13,&quot;335552541&quot;:1,&quot;335559684&quot;:-2,&quot;335559685&quot;:720,&quot;335559991&quot;:360,&quot;469769226&quot;:&quot;Calibri&quot;,&quot;469769242&quot;:[8226],&quot;469777803&quot;:&quot;left&quot;,&quot;469777804&quot;:&quot;-&quot;,&quot;469777815&quot;:&quot;hybridMultilevel&quot;}\" aria-setsize=\"-1\" data-aria-posinset=\"13\" data-aria-level=\"1\"><span data-contrast=\"auto\">Comprendre les enjeux et impacts relevant des diff\u00e9rentes situations relatives aux certifications professionnelles <\/span><span data-ccp-props=\"{}\">\u00a0<\/span><\/li>\n<li data-leveltext=\"-\" data-font=\"Calibri\" data-listid=\"3\" data-list-defn-props=\"{&quot;335551671&quot;:13,&quot;335552541&quot;:1,&quot;335559684&quot;:-2,&quot;335559685&quot;:720,&quot;335559991&quot;:360,&quot;469769226&quot;:&quot;Calibri&quot;,&quot;469769242&quot;:[8226],&quot;469777803&quot;:&quot;left&quot;,&quot;469777804&quot;:&quot;-&quot;,&quot;469777815&quot;:&quot;hybridMultilevel&quot;}\" aria-setsize=\"-1\" data-aria-posinset=\"13\" data-aria-level=\"1\"><span data-contrast=\"auto\">R\u00e9unir les \u00e9l\u00e9ments pour choisir sa strat\u00e9gie de certification<\/span><\/li>\n<\/ul>\n<h3>Intervenants<\/h3>\n<ul>\n<li><a href=\"\/2023\/beaulier\/\">Pierre Beaulier<\/a> &#8211; Directeur g\u00e9n\u00e9ral, Galileo Global Education<\/li>\n<li><a href=\"\/2023\/lagrange\/\">Nicolas Lagrange<\/a> &#8211; R\u00e9dacteur en chef adjoint, AEF Info<\/li>\n<li><a href=\"\/2023\/miel\/\">Yannick Miel<\/a> &#8211; Directeur qualit\u00e9 et d\u00e9veloppement des certifications, Galileo Global Education<\/li>\n<\/ul>","protected":false},"excerpt":{"rendered":"<p>Retenir les talents, d\u00e9velopper la marque employeur en cr\u00e9ant son CFA, en structurant des parcours certifiants, en s\u2019appuyant sur une politique VAE sont les options en g\u00e9n\u00e9ral envisag\u00e9es par les &hellip; <\/p>\n","protected":false},"author":1,"featured_media":0,"parent":0,"menu_order":0,"comment_status":"closed","ping_status":"closed","template":"","meta":[],"categories":[40,38],"tags":[],"wf_page_folders":[87],"acf":[],"yoast_head":"<!-- This site is optimized with the Yoast SEO plugin v20.3 - https:\/\/yoast.com\/wordpress\/plugins\/seo\/ -->\n<title>B3.23 AT - Les certifications RNCP pour les parcours en entreprise : int\u00e9r\u00eat ou superflu\u202f? - 18e Universit\u00e9 d&#039;Hiver de la Formation Professionnelle<\/title>\n<meta name=\"robots\" content=\"index, follow, max-snippet:-1, max-image-preview:large, max-video-preview:-1\" \/>\n<link rel=\"canonical\" href=\"https:\/\/uhfp.centre-inffo.fr\/2023\/b3-23-at-les-certifications-rncp-pour-les-parcours-en-entreprise-interet-ou-superflu\/\" \/>\n<meta property=\"og:locale\" content=\"fr_FR\" \/>\n<meta property=\"og:type\" content=\"article\" \/>\n<meta property=\"og:title\" content=\"B3.23 AT - Les certifications RNCP pour les parcours en entreprise : int\u00e9r\u00eat ou superflu\u202f? - 18e Universit\u00e9 d&#039;Hiver de la Formation Professionnelle\" \/>\n<meta property=\"og:description\" content=\"Retenir les talents, d\u00e9velopper la marque employeur en cr\u00e9ant son CFA, en structurant des parcours certifiants, en s\u2019appuyant sur une politique VAE sont les options en g\u00e9n\u00e9ral envisag\u00e9es par les &hellip;\" \/>\n<meta property=\"og:url\" content=\"https:\/\/uhfp.centre-inffo.fr\/2023\/b3-23-at-les-certifications-rncp-pour-les-parcours-en-entreprise-interet-ou-superflu\/\" \/>\n<meta property=\"og:site_name\" content=\"18e Universit\u00e9 d&#039;Hiver de la Formation Professionnelle\" \/>\n<meta property=\"article:publisher\" content=\"https:\/\/www.facebook.com\/centreinffo\" \/>\n<meta property=\"article:modified_time\" content=\"2023-02-17T08:59:22+00:00\" \/>\n<meta name=\"twitter:card\" content=\"summary_large_image\" \/>\n<meta name=\"twitter:site\" content=\"@centreinffo\" \/>\n<meta name=\"twitter:label1\" content=\"Dur\u00e9e de lecture estim\u00e9e\" \/>\n\t<meta name=\"twitter:data1\" content=\"2 minutes\" \/>\n<script type=\"application\/ld+json\" class=\"yoast-schema-graph\">{\"@context\":\"https:\/\/schema.org\",\"@graph\":[{\"@type\":\"WebPage\",\"@id\":\"https:\/\/uhfp.centre-inffo.fr\/2023\/b3-23-at-les-certifications-rncp-pour-les-parcours-en-entreprise-interet-ou-superflu\/\",\"url\":\"https:\/\/uhfp.centre-inffo.fr\/2023\/b3-23-at-les-certifications-rncp-pour-les-parcours-en-entreprise-interet-ou-superflu\/\",\"name\":\"B3.23 AT - Les certifications RNCP pour les parcours en entreprise : int\u00e9r\u00eat ou superflu\u202f? - 18e Universit\u00e9 d&#039;Hiver de la Formation Professionnelle\",\"isPartOf\":{\"@id\":\"https:\/\/uhfp.centre-inffo.fr\/2023\/#website\"},\"datePublished\":\"2023-01-04T14:27:00+00:00\",\"dateModified\":\"2023-02-17T08:59:22+00:00\",\"breadcrumb\":{\"@id\":\"https:\/\/uhfp.centre-inffo.fr\/2023\/b3-23-at-les-certifications-rncp-pour-les-parcours-en-entreprise-interet-ou-superflu\/#breadcrumb\"},\"inLanguage\":\"fr-FR\",\"potentialAction\":[{\"@type\":\"ReadAction\",\"target\":[\"https:\/\/uhfp.centre-inffo.fr\/2023\/b3-23-at-les-certifications-rncp-pour-les-parcours-en-entreprise-interet-ou-superflu\/\"]}]},{\"@type\":\"BreadcrumbList\",\"@id\":\"https:\/\/uhfp.centre-inffo.fr\/2023\/b3-23-at-les-certifications-rncp-pour-les-parcours-en-entreprise-interet-ou-superflu\/#breadcrumb\",\"itemListElement\":[{\"@type\":\"ListItem\",\"position\":1,\"name\":\"Accueil\",\"item\":\"https:\/\/uhfp.centre-inffo.fr\/2023\/\"},{\"@type\":\"ListItem\",\"position\":2,\"name\":\"Programme\",\"item\":\"https:\/\/uhfp.centre-inffo.fr\/2023\/rubrique\/programme\/\"},{\"@type\":\"ListItem\",\"position\":3,\"name\":\"Jeudi 26 janvier\",\"item\":\"https:\/\/uhfp.centre-inffo.fr\/2023\/rubrique\/programme\/jeudi-26-janvier\/\"},{\"@type\":\"ListItem\",\"position\":4,\"name\":\"B3.23 AT &#8211; Les certifications RNCP pour les parcours en entreprise : int\u00e9r\u00eat ou superflu\u202f?\"}]},{\"@type\":\"WebSite\",\"@id\":\"https:\/\/uhfp.centre-inffo.fr\/2023\/#website\",\"url\":\"https:\/\/uhfp.centre-inffo.fr\/2023\/\",\"name\":\"18e Universit\u00e9 d&#039;Hiver de la Formation Professionnelle\",\"description\":\"Comp\u00e9tences 2030 : r\u00e9ussir ensemble les transitions ! - Du 25 au 27 janvier 2023, \u00e0 Cannes\",\"publisher\":{\"@id\":\"https:\/\/uhfp.centre-inffo.fr\/2023\/#organization\"},\"potentialAction\":[{\"@type\":\"SearchAction\",\"target\":{\"@type\":\"EntryPoint\",\"urlTemplate\":\"https:\/\/uhfp.centre-inffo.fr\/2023\/?s={search_term_string}\"},\"query-input\":\"required name=search_term_string\"}],\"inLanguage\":\"fr-FR\"},{\"@type\":\"Organization\",\"@id\":\"https:\/\/uhfp.centre-inffo.fr\/2023\/#organization\",\"name\":\"Centre Inffo\",\"url\":\"https:\/\/uhfp.centre-inffo.fr\/2023\/\",\"logo\":{\"@type\":\"ImageObject\",\"inLanguage\":\"fr-FR\",\"@id\":\"https:\/\/uhfp.centre-inffo.fr\/2023\/#\/schema\/logo\/image\/\",\"url\":\"\",\"contentUrl\":\"\",\"caption\":\"Centre Inffo\"},\"image\":{\"@id\":\"https:\/\/uhfp.centre-inffo.fr\/2023\/#\/schema\/logo\/image\/\"},\"sameAs\":[\"https:\/\/www.facebook.com\/centreinffo\",\"https:\/\/twitter.com\/centreinffo\",\"https:\/\/www.linkedin.com\/company\/centre-inffo\/\",\"https:\/\/www.youtube.com\/user\/centreinffo\"]}]}<\/script>\n<!-- \/ Yoast SEO plugin. -->","yoast_head_json":{"title":"B3.23 AT - Les certifications RNCP pour les parcours en entreprise : int\u00e9r\u00eat ou superflu\u202f? - 18e Universit\u00e9 d&#039;Hiver de la Formation Professionnelle","robots":{"index":"index","follow":"follow","max-snippet":"max-snippet:-1","max-image-preview":"max-image-preview:large","max-video-preview":"max-video-preview:-1"},"canonical":"https:\/\/uhfp.centre-inffo.fr\/2023\/b3-23-at-les-certifications-rncp-pour-les-parcours-en-entreprise-interet-ou-superflu\/","og_locale":"fr_FR","og_type":"article","og_title":"B3.23 AT - Les certifications RNCP pour les parcours en entreprise : int\u00e9r\u00eat ou superflu\u202f? - 18e Universit\u00e9 d&#039;Hiver de la Formation Professionnelle","og_description":"Retenir les talents, d\u00e9velopper la marque employeur en cr\u00e9ant son CFA, en structurant des parcours certifiants, en s\u2019appuyant sur une politique VAE sont les options en g\u00e9n\u00e9ral envisag\u00e9es par les &hellip;","og_url":"https:\/\/uhfp.centre-inffo.fr\/2023\/b3-23-at-les-certifications-rncp-pour-les-parcours-en-entreprise-interet-ou-superflu\/","og_site_name":"18e Universit\u00e9 d&#039;Hiver de la Formation Professionnelle","article_publisher":"https:\/\/www.facebook.com\/centreinffo","article_modified_time":"2023-02-17T08:59:22+00:00","twitter_card":"summary_large_image","twitter_site":"@centreinffo","twitter_misc":{"Dur\u00e9e de lecture estim\u00e9e":"2 minutes"},"schema":{"@context":"https:\/\/schema.org","@graph":[{"@type":"WebPage","@id":"https:\/\/uhfp.centre-inffo.fr\/2023\/b3-23-at-les-certifications-rncp-pour-les-parcours-en-entreprise-interet-ou-superflu\/","url":"https:\/\/uhfp.centre-inffo.fr\/2023\/b3-23-at-les-certifications-rncp-pour-les-parcours-en-entreprise-interet-ou-superflu\/","name":"B3.23 AT - Les certifications RNCP pour les parcours en entreprise : int\u00e9r\u00eat ou superflu\u202f? - 18e Universit\u00e9 d&#039;Hiver de la Formation Professionnelle","isPartOf":{"@id":"https:\/\/uhfp.centre-inffo.fr\/2023\/#website"},"datePublished":"2023-01-04T14:27:00+00:00","dateModified":"2023-02-17T08:59:22+00:00","breadcrumb":{"@id":"https:\/\/uhfp.centre-inffo.fr\/2023\/b3-23-at-les-certifications-rncp-pour-les-parcours-en-entreprise-interet-ou-superflu\/#breadcrumb"},"inLanguage":"fr-FR","potentialAction":[{"@type":"ReadAction","target":["https:\/\/uhfp.centre-inffo.fr\/2023\/b3-23-at-les-certifications-rncp-pour-les-parcours-en-entreprise-interet-ou-superflu\/"]}]},{"@type":"BreadcrumbList","@id":"https:\/\/uhfp.centre-inffo.fr\/2023\/b3-23-at-les-certifications-rncp-pour-les-parcours-en-entreprise-interet-ou-superflu\/#breadcrumb","itemListElement":[{"@type":"ListItem","position":1,"name":"Accueil","item":"https:\/\/uhfp.centre-inffo.fr\/2023\/"},{"@type":"ListItem","position":2,"name":"Programme","item":"https:\/\/uhfp.centre-inffo.fr\/2023\/rubrique\/programme\/"},{"@type":"ListItem","position":3,"name":"Jeudi 26 janvier","item":"https:\/\/uhfp.centre-inffo.fr\/2023\/rubrique\/programme\/jeudi-26-janvier\/"},{"@type":"ListItem","position":4,"name":"B3.23 AT &#8211; Les certifications RNCP pour les parcours en entreprise : int\u00e9r\u00eat ou superflu\u202f?"}]},{"@type":"WebSite","@id":"https:\/\/uhfp.centre-inffo.fr\/2023\/#website","url":"https:\/\/uhfp.centre-inffo.fr\/2023\/","name":"18e Universit\u00e9 d&#039;Hiver de la Formation Professionnelle","description":"Comp\u00e9tences 2030 : r\u00e9ussir ensemble les transitions ! - Du 25 au 27 janvier 2023, \u00e0 Cannes","publisher":{"@id":"https:\/\/uhfp.centre-inffo.fr\/2023\/#organization"},"potentialAction":[{"@type":"SearchAction","target":{"@type":"EntryPoint","urlTemplate":"https:\/\/uhfp.centre-inffo.fr\/2023\/?s={search_term_string}"},"query-input":"required name=search_term_string"}],"inLanguage":"fr-FR"},{"@type":"Organization","@id":"https:\/\/uhfp.centre-inffo.fr\/2023\/#organization","name":"Centre Inffo","url":"https:\/\/uhfp.centre-inffo.fr\/2023\/","logo":{"@type":"ImageObject","inLanguage":"fr-FR","@id":"https:\/\/uhfp.centre-inffo.fr\/2023\/#\/schema\/logo\/image\/","url":"","contentUrl":"","caption":"Centre Inffo"},"image":{"@id":"https:\/\/uhfp.centre-inffo.fr\/2023\/#\/schema\/logo\/image\/"},"sameAs":["https:\/\/www.facebook.com\/centreinffo","https:\/\/twitter.com\/centreinffo","https:\/\/www.linkedin.com\/company\/centre-inffo\/","https:\/\/www.youtube.com\/user\/centreinffo"]}]}},"_links":{"self":[{"href":"https:\/\/uhfp.centre-inffo.fr\/2023\/wp-json\/wp\/v2\/pages\/4294"}],"collection":[{"href":"https:\/\/uhfp.centre-inffo.fr\/2023\/wp-json\/wp\/v2\/pages"}],"about":[{"href":"https:\/\/uhfp.centre-inffo.fr\/2023\/wp-json\/wp\/v2\/types\/page"}],"author":[{"embeddable":true,"href":"https:\/\/uhfp.centre-inffo.fr\/2023\/wp-json\/wp\/v2\/users\/1"}],"replies":[{"embeddable":true,"href":"https:\/\/uhfp.centre-inffo.fr\/2023\/wp-json\/wp\/v2\/comments?post=4294"}],"version-history":[{"count":7,"href":"https:\/\/uhfp.centre-inffo.fr\/2023\/wp-json\/wp\/v2\/pages\/4294\/revisions"}],"predecessor-version":[{"id":6157,"href":"https:\/\/uhfp.centre-inffo.fr\/2023\/wp-json\/wp\/v2\/pages\/4294\/revisions\/6157"}],"wp:attachment":[{"href":"https:\/\/uhfp.centre-inffo.fr\/2023\/wp-json\/wp\/v2\/media?parent=4294"}],"wp:term":[{"taxonomy":"category","embeddable":true,"href":"https:\/\/uhfp.centre-inffo.fr\/2023\/wp-json\/wp\/v2\/categories?post=4294"},{"taxonomy":"post_tag","embeddable":true,"href":"https:\/\/uhfp.centre-inffo.fr\/2023\/wp-json\/wp\/v2\/tags?post=4294"},{"taxonomy":"wf_page_folders","embeddable":true,"href":"https:\/\/uhfp.centre-inffo.fr\/2023\/wp-json\/wp\/v2\/wf_page_folders?post=4294"}],"curies":[{"name":"wp","href":"https:\/\/api.w.org\/{rel}","templated":true}]}}