{"id":4323,"date":"2023-01-04T16:11:56","date_gmt":"2023-01-04T15:11:56","guid":{"rendered":"https:\/\/uhfp.centre-inffo.fr\/2023\/?page_id=4323"},"modified":"2023-02-13T11:36:19","modified_gmt":"2023-02-13T10:36:19","slug":"d2-47-at-soutenir-et-deployer-linnovation-en-formation-investissement-public-et-initiatives-privees","status":"publish","type":"page","link":"https:\/\/uhfp.centre-inffo.fr\/2023\/d2-47-at-soutenir-et-deployer-linnovation-en-formation-investissement-public-et-initiatives-privees\/","title":{"rendered":"D2.47 AT &#8211; Soutenir et d\u00e9ployer l\u2019innovation en formation : investissement public et initiatives priv\u00e9es"},"content":{"rendered":"\n<div class=\"wp-block-columns is-layout-flex wp-container-5\">\n<div class=\"wp-block-column is-layout-flow\">\n<div class=\"wp-block-buttons is-layout-flex\">\n<div class=\"wp-block-button\"><a class=\"wp-block-button__link wp-element-button\" href=\"\/2023\/wp-content\/uploads\/2023\/02\/D2.47-AT-01.pdf\">T\u00e9l\u00e9charger la pr\u00e9sentation (.pdf)<\/a><\/div>\n<\/div>\n<\/div>\n\n\n\n<div class=\"wp-block-column is-layout-flow\">\n<div class=\"wp-block-buttons is-content-justification-right is-layout-flex wp-container-3\">\n<div class=\"wp-block-button\"><a class=\"wp-block-button__link wp-element-button\" href=\"\/2023\/wp-content\/uploads\/2023\/02\/D2.47-AT-02.pdf\">T\u00e9l\u00e9charger le bilan (.pdf)<\/a><\/div>\n<\/div>\n<\/div>\n<\/div>\n\n\n\n<hr class=\"wp-block-separator has-alpha-channel-opacity\"\/>\n\n\n<h3>Objectifs p\u00e9dagogiques<\/h3>\n<ul>\n<li><span data-contrast=\"auto\">D\u00e9terminer la notion d\u2019innovation en formation et ses effets sur le monde du travail (SGPI-CDC BDT)<\/span><span data-ccp-props=\"{}\">\u00a0<\/span><\/li>\n<li><span data-contrast=\"auto\">D\u00e9couvrir les chemins d\u2019innovation en p\u00e9dagogie par le biais d\u2019un consortium (Perf Henri Fabre)<\/span><span data-ccp-props=\"{}\">\u00a0<\/span><\/li>\n<li><span data-contrast=\"auto\">M\u00e9moriser les axes d\u2019innovation possibles gr\u00e2ce aux investissements (des PIA 1,2 et 3 \u00e0 France 2030-AMI CMA)<\/span><span data-ccp-props=\"{}\">\u00a0<\/span><\/li>\n<\/ul>\n<h3>Intervenants<\/h3>\n<ul>\n<li>Nathalie B\u00e9coulet \u2013 Conseill\u00e8re formation, SGPI<\/li>\n<li><a href=\"\/2023\/bourelly\/\">Bernard Bourelly<\/a> &#8211; Human Resources, EHLF Airbus Helicopters et D\u00e9l\u00e9gu\u00e9 R\u00e9gional PACA Airbus D\u00e9veloppement<\/li>\n<li><a href=\"\/2023\/deguilhem\/\">Michel Deguilhem<\/a> &#8211; Responsable PIA Formation professionnelle, Caisse des d\u00e9p\u00f4ts \/ Banque des territoires<\/li>\n<li>Laurent Renaux &#8211; Association Campus d&rsquo;Excellence Industrie du futur &#8211; Sud<\/li>\n<li><a href=\"\/2023\/senechal\/\">Beno\u00eet S\u00e9n\u00e9chal<\/a> &#8211; Responsable du P\u00f4le Formation &#8211; Investissements directs et programmes PIA-PIC, Caisse des d\u00e9p\u00f4ts \/ Banque des territoires<\/li>\n<li>Olivier Vandard &#8211; Directeur adjoint \u00e9ducation, Jeunesse et formation professionnelle, SGPI<\/li>\n<\/ul>","protected":false},"excerpt":{"rendered":"<p>Objectifs p\u00e9dagogiques D\u00e9terminer la notion d\u2019innovation en formation et ses effets sur le monde du travail (SGPI-CDC BDT)\u00a0 D\u00e9couvrir les chemins d\u2019innovation en p\u00e9dagogie par le biais d\u2019un consortium (Perf &hellip; <\/p>\n","protected":false},"author":1,"featured_media":0,"parent":0,"menu_order":0,"comment_status":"closed","ping_status":"closed","template":"","meta":[],"categories":[40,38],"tags":[],"wf_page_folders":[87],"acf":[],"yoast_head":"<!-- This site is optimized with the Yoast SEO plugin v20.3 - https:\/\/yoast.com\/wordpress\/plugins\/seo\/ -->\n<title>D2.47 AT - Soutenir et d\u00e9ployer l\u2019innovation en formation : investissement public et initiatives priv\u00e9es - 18e Universit\u00e9 d&#039;Hiver de la Formation Professionnelle<\/title>\n<meta name=\"robots\" content=\"index, follow, max-snippet:-1, max-image-preview:large, max-video-preview:-1\" \/>\n<link rel=\"canonical\" href=\"https:\/\/uhfp.centre-inffo.fr\/2023\/d2-47-at-soutenir-et-deployer-linnovation-en-formation-investissement-public-et-initiatives-privees\/\" \/>\n<meta property=\"og:locale\" content=\"fr_FR\" \/>\n<meta property=\"og:type\" content=\"article\" \/>\n<meta property=\"og:title\" content=\"D2.47 AT - Soutenir et d\u00e9ployer l\u2019innovation en formation : investissement public et initiatives priv\u00e9es - 18e Universit\u00e9 d&#039;Hiver de la Formation Professionnelle\" \/>\n<meta property=\"og:description\" content=\"Objectifs p\u00e9dagogiques D\u00e9terminer la notion d\u2019innovation en formation et ses effets sur le monde du travail (SGPI-CDC BDT)\u00a0 D\u00e9couvrir les chemins d\u2019innovation en p\u00e9dagogie par le biais d\u2019un consortium (Perf &hellip;\" \/>\n<meta property=\"og:url\" content=\"https:\/\/uhfp.centre-inffo.fr\/2023\/d2-47-at-soutenir-et-deployer-linnovation-en-formation-investissement-public-et-initiatives-privees\/\" \/>\n<meta property=\"og:site_name\" content=\"18e Universit\u00e9 d&#039;Hiver de la Formation Professionnelle\" \/>\n<meta property=\"article:publisher\" content=\"https:\/\/www.facebook.com\/centreinffo\" \/>\n<meta property=\"article:modified_time\" content=\"2023-02-13T10:36:19+00:00\" \/>\n<meta name=\"twitter:card\" content=\"summary_large_image\" \/>\n<meta name=\"twitter:site\" content=\"@centreinffo\" \/>\n<meta name=\"twitter:label1\" content=\"Dur\u00e9e de lecture estim\u00e9e\" \/>\n\t<meta name=\"twitter:data1\" content=\"1 minute\" \/>\n<script type=\"application\/ld+json\" class=\"yoast-schema-graph\">{\"@context\":\"https:\/\/schema.org\",\"@graph\":[{\"@type\":\"WebPage\",\"@id\":\"https:\/\/uhfp.centre-inffo.fr\/2023\/d2-47-at-soutenir-et-deployer-linnovation-en-formation-investissement-public-et-initiatives-privees\/\",\"url\":\"https:\/\/uhfp.centre-inffo.fr\/2023\/d2-47-at-soutenir-et-deployer-linnovation-en-formation-investissement-public-et-initiatives-privees\/\",\"name\":\"D2.47 AT - Soutenir et d\u00e9ployer l\u2019innovation en formation : investissement public et initiatives priv\u00e9es - 18e Universit\u00e9 d&#039;Hiver de la Formation Professionnelle\",\"isPartOf\":{\"@id\":\"https:\/\/uhfp.centre-inffo.fr\/2023\/#website\"},\"datePublished\":\"2023-01-04T15:11:56+00:00\",\"dateModified\":\"2023-02-13T10:36:19+00:00\",\"breadcrumb\":{\"@id\":\"https:\/\/uhfp.centre-inffo.fr\/2023\/d2-47-at-soutenir-et-deployer-linnovation-en-formation-investissement-public-et-initiatives-privees\/#breadcrumb\"},\"inLanguage\":\"fr-FR\",\"potentialAction\":[{\"@type\":\"ReadAction\",\"target\":[\"https:\/\/uhfp.centre-inffo.fr\/2023\/d2-47-at-soutenir-et-deployer-linnovation-en-formation-investissement-public-et-initiatives-privees\/\"]}]},{\"@type\":\"BreadcrumbList\",\"@id\":\"https:\/\/uhfp.centre-inffo.fr\/2023\/d2-47-at-soutenir-et-deployer-linnovation-en-formation-investissement-public-et-initiatives-privees\/#breadcrumb\",\"itemListElement\":[{\"@type\":\"ListItem\",\"position\":1,\"name\":\"Accueil\",\"item\":\"https:\/\/uhfp.centre-inffo.fr\/2023\/\"},{\"@type\":\"ListItem\",\"position\":2,\"name\":\"Programme\",\"item\":\"https:\/\/uhfp.centre-inffo.fr\/2023\/rubrique\/programme\/\"},{\"@type\":\"ListItem\",\"position\":3,\"name\":\"Jeudi 26 janvier\",\"item\":\"https:\/\/uhfp.centre-inffo.fr\/2023\/rubrique\/programme\/jeudi-26-janvier\/\"},{\"@type\":\"ListItem\",\"position\":4,\"name\":\"D2.47 AT &#8211; Soutenir et d\u00e9ployer l\u2019innovation en formation : investissement public et initiatives priv\u00e9es\"}]},{\"@type\":\"WebSite\",\"@id\":\"https:\/\/uhfp.centre-inffo.fr\/2023\/#website\",\"url\":\"https:\/\/uhfp.centre-inffo.fr\/2023\/\",\"name\":\"18e Universit\u00e9 d&#039;Hiver de la Formation Professionnelle\",\"description\":\"Comp\u00e9tences 2030 : r\u00e9ussir ensemble les transitions ! - Du 25 au 27 janvier 2023, \u00e0 Cannes\",\"publisher\":{\"@id\":\"https:\/\/uhfp.centre-inffo.fr\/2023\/#organization\"},\"potentialAction\":[{\"@type\":\"SearchAction\",\"target\":{\"@type\":\"EntryPoint\",\"urlTemplate\":\"https:\/\/uhfp.centre-inffo.fr\/2023\/?s={search_term_string}\"},\"query-input\":\"required name=search_term_string\"}],\"inLanguage\":\"fr-FR\"},{\"@type\":\"Organization\",\"@id\":\"https:\/\/uhfp.centre-inffo.fr\/2023\/#organization\",\"name\":\"Centre Inffo\",\"url\":\"https:\/\/uhfp.centre-inffo.fr\/2023\/\",\"logo\":{\"@type\":\"ImageObject\",\"inLanguage\":\"fr-FR\",\"@id\":\"https:\/\/uhfp.centre-inffo.fr\/2023\/#\/schema\/logo\/image\/\",\"url\":\"\",\"contentUrl\":\"\",\"caption\":\"Centre Inffo\"},\"image\":{\"@id\":\"https:\/\/uhfp.centre-inffo.fr\/2023\/#\/schema\/logo\/image\/\"},\"sameAs\":[\"https:\/\/www.facebook.com\/centreinffo\",\"https:\/\/twitter.com\/centreinffo\",\"https:\/\/www.linkedin.com\/company\/centre-inffo\/\",\"https:\/\/www.youtube.com\/user\/centreinffo\"]}]}<\/script>\n<!-- \/ Yoast SEO plugin. -->","yoast_head_json":{"title":"D2.47 AT - Soutenir et d\u00e9ployer l\u2019innovation en formation : investissement public et initiatives priv\u00e9es - 18e Universit\u00e9 d&#039;Hiver de la Formation Professionnelle","robots":{"index":"index","follow":"follow","max-snippet":"max-snippet:-1","max-image-preview":"max-image-preview:large","max-video-preview":"max-video-preview:-1"},"canonical":"https:\/\/uhfp.centre-inffo.fr\/2023\/d2-47-at-soutenir-et-deployer-linnovation-en-formation-investissement-public-et-initiatives-privees\/","og_locale":"fr_FR","og_type":"article","og_title":"D2.47 AT - Soutenir et d\u00e9ployer l\u2019innovation en formation : investissement public et initiatives priv\u00e9es - 18e Universit\u00e9 d&#039;Hiver de la Formation Professionnelle","og_description":"Objectifs p\u00e9dagogiques D\u00e9terminer la notion d\u2019innovation en formation et ses effets sur le monde du travail (SGPI-CDC BDT)\u00a0 D\u00e9couvrir les chemins d\u2019innovation en p\u00e9dagogie par le biais d\u2019un consortium (Perf &hellip;","og_url":"https:\/\/uhfp.centre-inffo.fr\/2023\/d2-47-at-soutenir-et-deployer-linnovation-en-formation-investissement-public-et-initiatives-privees\/","og_site_name":"18e Universit\u00e9 d&#039;Hiver de la Formation Professionnelle","article_publisher":"https:\/\/www.facebook.com\/centreinffo","article_modified_time":"2023-02-13T10:36:19+00:00","twitter_card":"summary_large_image","twitter_site":"@centreinffo","twitter_misc":{"Dur\u00e9e de lecture estim\u00e9e":"1 minute"},"schema":{"@context":"https:\/\/schema.org","@graph":[{"@type":"WebPage","@id":"https:\/\/uhfp.centre-inffo.fr\/2023\/d2-47-at-soutenir-et-deployer-linnovation-en-formation-investissement-public-et-initiatives-privees\/","url":"https:\/\/uhfp.centre-inffo.fr\/2023\/d2-47-at-soutenir-et-deployer-linnovation-en-formation-investissement-public-et-initiatives-privees\/","name":"D2.47 AT - Soutenir et d\u00e9ployer l\u2019innovation en formation : investissement public et initiatives priv\u00e9es - 18e Universit\u00e9 d&#039;Hiver de la Formation Professionnelle","isPartOf":{"@id":"https:\/\/uhfp.centre-inffo.fr\/2023\/#website"},"datePublished":"2023-01-04T15:11:56+00:00","dateModified":"2023-02-13T10:36:19+00:00","breadcrumb":{"@id":"https:\/\/uhfp.centre-inffo.fr\/2023\/d2-47-at-soutenir-et-deployer-linnovation-en-formation-investissement-public-et-initiatives-privees\/#breadcrumb"},"inLanguage":"fr-FR","potentialAction":[{"@type":"ReadAction","target":["https:\/\/uhfp.centre-inffo.fr\/2023\/d2-47-at-soutenir-et-deployer-linnovation-en-formation-investissement-public-et-initiatives-privees\/"]}]},{"@type":"BreadcrumbList","@id":"https:\/\/uhfp.centre-inffo.fr\/2023\/d2-47-at-soutenir-et-deployer-linnovation-en-formation-investissement-public-et-initiatives-privees\/#breadcrumb","itemListElement":[{"@type":"ListItem","position":1,"name":"Accueil","item":"https:\/\/uhfp.centre-inffo.fr\/2023\/"},{"@type":"ListItem","position":2,"name":"Programme","item":"https:\/\/uhfp.centre-inffo.fr\/2023\/rubrique\/programme\/"},{"@type":"ListItem","position":3,"name":"Jeudi 26 janvier","item":"https:\/\/uhfp.centre-inffo.fr\/2023\/rubrique\/programme\/jeudi-26-janvier\/"},{"@type":"ListItem","position":4,"name":"D2.47 AT &#8211; Soutenir et d\u00e9ployer l\u2019innovation en formation : investissement public et initiatives priv\u00e9es"}]},{"@type":"WebSite","@id":"https:\/\/uhfp.centre-inffo.fr\/2023\/#website","url":"https:\/\/uhfp.centre-inffo.fr\/2023\/","name":"18e Universit\u00e9 d&#039;Hiver de la Formation Professionnelle","description":"Comp\u00e9tences 2030 : r\u00e9ussir ensemble les transitions ! - Du 25 au 27 janvier 2023, \u00e0 Cannes","publisher":{"@id":"https:\/\/uhfp.centre-inffo.fr\/2023\/#organization"},"potentialAction":[{"@type":"SearchAction","target":{"@type":"EntryPoint","urlTemplate":"https:\/\/uhfp.centre-inffo.fr\/2023\/?s={search_term_string}"},"query-input":"required name=search_term_string"}],"inLanguage":"fr-FR"},{"@type":"Organization","@id":"https:\/\/uhfp.centre-inffo.fr\/2023\/#organization","name":"Centre Inffo","url":"https:\/\/uhfp.centre-inffo.fr\/2023\/","logo":{"@type":"ImageObject","inLanguage":"fr-FR","@id":"https:\/\/uhfp.centre-inffo.fr\/2023\/#\/schema\/logo\/image\/","url":"","contentUrl":"","caption":"Centre Inffo"},"image":{"@id":"https:\/\/uhfp.centre-inffo.fr\/2023\/#\/schema\/logo\/image\/"},"sameAs":["https:\/\/www.facebook.com\/centreinffo","https:\/\/twitter.com\/centreinffo","https:\/\/www.linkedin.com\/company\/centre-inffo\/","https:\/\/www.youtube.com\/user\/centreinffo"]}]}},"_links":{"self":[{"href":"https:\/\/uhfp.centre-inffo.fr\/2023\/wp-json\/wp\/v2\/pages\/4323"}],"collection":[{"href":"https:\/\/uhfp.centre-inffo.fr\/2023\/wp-json\/wp\/v2\/pages"}],"about":[{"href":"https:\/\/uhfp.centre-inffo.fr\/2023\/wp-json\/wp\/v2\/types\/page"}],"author":[{"embeddable":true,"href":"https:\/\/uhfp.centre-inffo.fr\/2023\/wp-json\/wp\/v2\/users\/1"}],"replies":[{"embeddable":true,"href":"https:\/\/uhfp.centre-inffo.fr\/2023\/wp-json\/wp\/v2\/comments?post=4323"}],"version-history":[{"count":11,"href":"https:\/\/uhfp.centre-inffo.fr\/2023\/wp-json\/wp\/v2\/pages\/4323\/revisions"}],"predecessor-version":[{"id":6067,"href":"https:\/\/uhfp.centre-inffo.fr\/2023\/wp-json\/wp\/v2\/pages\/4323\/revisions\/6067"}],"wp:attachment":[{"href":"https:\/\/uhfp.centre-inffo.fr\/2023\/wp-json\/wp\/v2\/media?parent=4323"}],"wp:term":[{"taxonomy":"category","embeddable":true,"href":"https:\/\/uhfp.centre-inffo.fr\/2023\/wp-json\/wp\/v2\/categories?post=4323"},{"taxonomy":"post_tag","embeddable":true,"href":"https:\/\/uhfp.centre-inffo.fr\/2023\/wp-json\/wp\/v2\/tags?post=4323"},{"taxonomy":"wf_page_folders","embeddable":true,"href":"https:\/\/uhfp.centre-inffo.fr\/2023\/wp-json\/wp\/v2\/wf_page_folders?post=4323"}],"curies":[{"name":"wp","href":"https:\/\/api.w.org\/{rel}","templated":true}]}}