{"id":4332,"date":"2023-01-04T16:21:40","date_gmt":"2023-01-04T15:21:40","guid":{"rendered":"https:\/\/uhfp.centre-inffo.fr\/2023\/?page_id=4332"},"modified":"2023-01-19T11:11:45","modified_gmt":"2023-01-19T10:11:45","slug":"d4-50-definir-les-competences-indispensables-pour-les-transitions","status":"publish","type":"page","link":"https:\/\/uhfp.centre-inffo.fr\/2023\/d4-50-definir-les-competences-indispensables-pour-les-transitions\/","title":{"rendered":"D4.50 &#8211; D\u00e9finir les comp\u00e9tences indispensables pour les transitions\u00a0"},"content":{"rendered":"<p><span class=\"TextRun Highlight SCXW233906030 BCX0\" lang=\"FR-FR\" xml:lang=\"FR-FR\" data-contrast=\"none\"><span class=\"NormalTextRun SCXW233906030 BCX0\">Transition \u00e9cologique, num\u00e9rique, \u00e9nerg\u00e9tique, soci\u00e9tale qui vont \u00e0 coup s\u00fbr transformer l\u2019\u00e9conomie et le monde la formation en profondeur. Et si on abordait cette grande transition \u00e0 hauteur d\u2019homme ? Et si nos campus \u00e9taient le lieu id\u00e9al en les consid\u00e9rant comme des \u00e9cosyst\u00e8mes complexes ? Et si l\u2019enjeu \u00e9tait d\u2019embarquer la communaut\u00e9 \u00e9ducative avec des projets concrets ? <\/span><\/span><span class=\"LineBreakBlob BlobObject DragDrop SCXW233906030 BCX0\"><span class=\"SCXW233906030 BCX0\">\u00a0<\/span><br class=\"SCXW233906030 BCX0\" \/><\/span><span class=\"LineBreakBlob BlobObject DragDrop SCXW233906030 BCX0\"><span class=\"SCXW233906030 BCX0\">\u00a0<\/span><br class=\"SCXW233906030 BCX0\" \/><\/span><span class=\"TextRun Highlight SCXW233906030 BCX0\" lang=\"FR-FR\" xml:lang=\"FR-FR\" data-contrast=\"none\"><span class=\"NormalTextRun SCXW233906030 BCX0\">Cet atelier mobilise l&rsquo;intelligence collective pour d\u00e9finir les comp\u00e9tences indispensables \u00e0 mobiliser pour engager les transitions p\u00e9dagogiques.<\/span><\/span><span class=\"EOP SCXW233906030 BCX0\" data-ccp-props=\"{}\">\u00a0<\/span><\/p>\n<h3>Intervenant<\/h3>\n<ul>\n<li><a href=\"\/2023\/duport\/\">Fran\u00e7ois Duport<\/a> &#8211; Responsable de programme, CCI France<\/li>\n<li>Sophie Fourquet &#8211;\u00a0CCI France<\/li>\n<\/ul>\n","protected":false},"excerpt":{"rendered":"<p>Transition \u00e9cologique, num\u00e9rique, \u00e9nerg\u00e9tique, soci\u00e9tale qui vont \u00e0 coup s\u00fbr transformer l\u2019\u00e9conomie et le monde la formation en profondeur. Et si on abordait cette grande transition \u00e0 hauteur d\u2019homme ? &hellip; <\/p>\n","protected":false},"author":1,"featured_media":0,"parent":0,"menu_order":0,"comment_status":"closed","ping_status":"closed","template":"","meta":[],"categories":[40,38],"tags":[],"wf_page_folders":[87],"acf":[],"yoast_head":"<!-- This site is optimized with the Yoast SEO plugin v20.3 - https:\/\/yoast.com\/wordpress\/plugins\/seo\/ -->\n<title>D4.50 - D\u00e9finir les comp\u00e9tences indispensables pour les transitions\u00a0 - 18e Universit\u00e9 d&#039;Hiver de la Formation Professionnelle<\/title>\n<meta name=\"robots\" content=\"index, follow, max-snippet:-1, max-image-preview:large, max-video-preview:-1\" \/>\n<link rel=\"canonical\" href=\"https:\/\/uhfp.centre-inffo.fr\/2023\/d4-50-definir-les-competences-indispensables-pour-les-transitions\/\" \/>\n<meta property=\"og:locale\" content=\"fr_FR\" \/>\n<meta property=\"og:type\" content=\"article\" \/>\n<meta property=\"og:title\" content=\"D4.50 - D\u00e9finir les comp\u00e9tences indispensables pour les transitions\u00a0 - 18e Universit\u00e9 d&#039;Hiver de la Formation Professionnelle\" \/>\n<meta property=\"og:description\" content=\"Transition \u00e9cologique, num\u00e9rique, \u00e9nerg\u00e9tique, soci\u00e9tale qui vont \u00e0 coup s\u00fbr transformer l\u2019\u00e9conomie et le monde la formation en profondeur. Et si on abordait cette grande transition \u00e0 hauteur d\u2019homme ? &hellip;\" \/>\n<meta property=\"og:url\" content=\"https:\/\/uhfp.centre-inffo.fr\/2023\/d4-50-definir-les-competences-indispensables-pour-les-transitions\/\" \/>\n<meta property=\"og:site_name\" content=\"18e Universit\u00e9 d&#039;Hiver de la Formation Professionnelle\" \/>\n<meta property=\"article:publisher\" content=\"https:\/\/www.facebook.com\/centreinffo\" \/>\n<meta property=\"article:modified_time\" content=\"2023-01-19T10:11:45+00:00\" \/>\n<meta name=\"twitter:card\" content=\"summary_large_image\" \/>\n<meta name=\"twitter:site\" content=\"@centreinffo\" \/>\n<meta name=\"twitter:label1\" content=\"Dur\u00e9e de lecture estim\u00e9e\" \/>\n\t<meta name=\"twitter:data1\" content=\"1 minute\" \/>\n<script type=\"application\/ld+json\" class=\"yoast-schema-graph\">{\"@context\":\"https:\/\/schema.org\",\"@graph\":[{\"@type\":\"WebPage\",\"@id\":\"https:\/\/uhfp.centre-inffo.fr\/2023\/d4-50-definir-les-competences-indispensables-pour-les-transitions\/\",\"url\":\"https:\/\/uhfp.centre-inffo.fr\/2023\/d4-50-definir-les-competences-indispensables-pour-les-transitions\/\",\"name\":\"D4.50 - D\u00e9finir les comp\u00e9tences indispensables pour les transitions\u00a0 - 18e Universit\u00e9 d&#039;Hiver de la Formation Professionnelle\",\"isPartOf\":{\"@id\":\"https:\/\/uhfp.centre-inffo.fr\/2023\/#website\"},\"datePublished\":\"2023-01-04T15:21:40+00:00\",\"dateModified\":\"2023-01-19T10:11:45+00:00\",\"breadcrumb\":{\"@id\":\"https:\/\/uhfp.centre-inffo.fr\/2023\/d4-50-definir-les-competences-indispensables-pour-les-transitions\/#breadcrumb\"},\"inLanguage\":\"fr-FR\",\"potentialAction\":[{\"@type\":\"ReadAction\",\"target\":[\"https:\/\/uhfp.centre-inffo.fr\/2023\/d4-50-definir-les-competences-indispensables-pour-les-transitions\/\"]}]},{\"@type\":\"BreadcrumbList\",\"@id\":\"https:\/\/uhfp.centre-inffo.fr\/2023\/d4-50-definir-les-competences-indispensables-pour-les-transitions\/#breadcrumb\",\"itemListElement\":[{\"@type\":\"ListItem\",\"position\":1,\"name\":\"Accueil\",\"item\":\"https:\/\/uhfp.centre-inffo.fr\/2023\/\"},{\"@type\":\"ListItem\",\"position\":2,\"name\":\"Programme\",\"item\":\"https:\/\/uhfp.centre-inffo.fr\/2023\/rubrique\/programme\/\"},{\"@type\":\"ListItem\",\"position\":3,\"name\":\"Jeudi 26 janvier\",\"item\":\"https:\/\/uhfp.centre-inffo.fr\/2023\/rubrique\/programme\/jeudi-26-janvier\/\"},{\"@type\":\"ListItem\",\"position\":4,\"name\":\"D4.50 &#8211; D\u00e9finir les comp\u00e9tences indispensables pour les transitions\u00a0\"}]},{\"@type\":\"WebSite\",\"@id\":\"https:\/\/uhfp.centre-inffo.fr\/2023\/#website\",\"url\":\"https:\/\/uhfp.centre-inffo.fr\/2023\/\",\"name\":\"18e Universit\u00e9 d&#039;Hiver de la Formation Professionnelle\",\"description\":\"Comp\u00e9tences 2030 : r\u00e9ussir ensemble les transitions ! - Du 25 au 27 janvier 2023, \u00e0 Cannes\",\"publisher\":{\"@id\":\"https:\/\/uhfp.centre-inffo.fr\/2023\/#organization\"},\"potentialAction\":[{\"@type\":\"SearchAction\",\"target\":{\"@type\":\"EntryPoint\",\"urlTemplate\":\"https:\/\/uhfp.centre-inffo.fr\/2023\/?s={search_term_string}\"},\"query-input\":\"required name=search_term_string\"}],\"inLanguage\":\"fr-FR\"},{\"@type\":\"Organization\",\"@id\":\"https:\/\/uhfp.centre-inffo.fr\/2023\/#organization\",\"name\":\"Centre Inffo\",\"url\":\"https:\/\/uhfp.centre-inffo.fr\/2023\/\",\"logo\":{\"@type\":\"ImageObject\",\"inLanguage\":\"fr-FR\",\"@id\":\"https:\/\/uhfp.centre-inffo.fr\/2023\/#\/schema\/logo\/image\/\",\"url\":\"\",\"contentUrl\":\"\",\"caption\":\"Centre Inffo\"},\"image\":{\"@id\":\"https:\/\/uhfp.centre-inffo.fr\/2023\/#\/schema\/logo\/image\/\"},\"sameAs\":[\"https:\/\/www.facebook.com\/centreinffo\",\"https:\/\/twitter.com\/centreinffo\",\"https:\/\/www.linkedin.com\/company\/centre-inffo\/\",\"https:\/\/www.youtube.com\/user\/centreinffo\"]}]}<\/script>\n<!-- \/ Yoast SEO plugin. -->","yoast_head_json":{"title":"D4.50 - D\u00e9finir les comp\u00e9tences indispensables pour les transitions\u00a0 - 18e Universit\u00e9 d&#039;Hiver de la Formation Professionnelle","robots":{"index":"index","follow":"follow","max-snippet":"max-snippet:-1","max-image-preview":"max-image-preview:large","max-video-preview":"max-video-preview:-1"},"canonical":"https:\/\/uhfp.centre-inffo.fr\/2023\/d4-50-definir-les-competences-indispensables-pour-les-transitions\/","og_locale":"fr_FR","og_type":"article","og_title":"D4.50 - D\u00e9finir les comp\u00e9tences indispensables pour les transitions\u00a0 - 18e Universit\u00e9 d&#039;Hiver de la Formation Professionnelle","og_description":"Transition \u00e9cologique, num\u00e9rique, \u00e9nerg\u00e9tique, soci\u00e9tale qui vont \u00e0 coup s\u00fbr transformer l\u2019\u00e9conomie et le monde la formation en profondeur. Et si on abordait cette grande transition \u00e0 hauteur d\u2019homme ? &hellip;","og_url":"https:\/\/uhfp.centre-inffo.fr\/2023\/d4-50-definir-les-competences-indispensables-pour-les-transitions\/","og_site_name":"18e Universit\u00e9 d&#039;Hiver de la Formation Professionnelle","article_publisher":"https:\/\/www.facebook.com\/centreinffo","article_modified_time":"2023-01-19T10:11:45+00:00","twitter_card":"summary_large_image","twitter_site":"@centreinffo","twitter_misc":{"Dur\u00e9e de lecture estim\u00e9e":"1 minute"},"schema":{"@context":"https:\/\/schema.org","@graph":[{"@type":"WebPage","@id":"https:\/\/uhfp.centre-inffo.fr\/2023\/d4-50-definir-les-competences-indispensables-pour-les-transitions\/","url":"https:\/\/uhfp.centre-inffo.fr\/2023\/d4-50-definir-les-competences-indispensables-pour-les-transitions\/","name":"D4.50 - D\u00e9finir les comp\u00e9tences indispensables pour les transitions\u00a0 - 18e Universit\u00e9 d&#039;Hiver de la Formation Professionnelle","isPartOf":{"@id":"https:\/\/uhfp.centre-inffo.fr\/2023\/#website"},"datePublished":"2023-01-04T15:21:40+00:00","dateModified":"2023-01-19T10:11:45+00:00","breadcrumb":{"@id":"https:\/\/uhfp.centre-inffo.fr\/2023\/d4-50-definir-les-competences-indispensables-pour-les-transitions\/#breadcrumb"},"inLanguage":"fr-FR","potentialAction":[{"@type":"ReadAction","target":["https:\/\/uhfp.centre-inffo.fr\/2023\/d4-50-definir-les-competences-indispensables-pour-les-transitions\/"]}]},{"@type":"BreadcrumbList","@id":"https:\/\/uhfp.centre-inffo.fr\/2023\/d4-50-definir-les-competences-indispensables-pour-les-transitions\/#breadcrumb","itemListElement":[{"@type":"ListItem","position":1,"name":"Accueil","item":"https:\/\/uhfp.centre-inffo.fr\/2023\/"},{"@type":"ListItem","position":2,"name":"Programme","item":"https:\/\/uhfp.centre-inffo.fr\/2023\/rubrique\/programme\/"},{"@type":"ListItem","position":3,"name":"Jeudi 26 janvier","item":"https:\/\/uhfp.centre-inffo.fr\/2023\/rubrique\/programme\/jeudi-26-janvier\/"},{"@type":"ListItem","position":4,"name":"D4.50 &#8211; D\u00e9finir les comp\u00e9tences indispensables pour les transitions\u00a0"}]},{"@type":"WebSite","@id":"https:\/\/uhfp.centre-inffo.fr\/2023\/#website","url":"https:\/\/uhfp.centre-inffo.fr\/2023\/","name":"18e Universit\u00e9 d&#039;Hiver de la Formation Professionnelle","description":"Comp\u00e9tences 2030 : r\u00e9ussir ensemble les transitions ! - Du 25 au 27 janvier 2023, \u00e0 Cannes","publisher":{"@id":"https:\/\/uhfp.centre-inffo.fr\/2023\/#organization"},"potentialAction":[{"@type":"SearchAction","target":{"@type":"EntryPoint","urlTemplate":"https:\/\/uhfp.centre-inffo.fr\/2023\/?s={search_term_string}"},"query-input":"required name=search_term_string"}],"inLanguage":"fr-FR"},{"@type":"Organization","@id":"https:\/\/uhfp.centre-inffo.fr\/2023\/#organization","name":"Centre Inffo","url":"https:\/\/uhfp.centre-inffo.fr\/2023\/","logo":{"@type":"ImageObject","inLanguage":"fr-FR","@id":"https:\/\/uhfp.centre-inffo.fr\/2023\/#\/schema\/logo\/image\/","url":"","contentUrl":"","caption":"Centre Inffo"},"image":{"@id":"https:\/\/uhfp.centre-inffo.fr\/2023\/#\/schema\/logo\/image\/"},"sameAs":["https:\/\/www.facebook.com\/centreinffo","https:\/\/twitter.com\/centreinffo","https:\/\/www.linkedin.com\/company\/centre-inffo\/","https:\/\/www.youtube.com\/user\/centreinffo"]}]}},"_links":{"self":[{"href":"https:\/\/uhfp.centre-inffo.fr\/2023\/wp-json\/wp\/v2\/pages\/4332"}],"collection":[{"href":"https:\/\/uhfp.centre-inffo.fr\/2023\/wp-json\/wp\/v2\/pages"}],"about":[{"href":"https:\/\/uhfp.centre-inffo.fr\/2023\/wp-json\/wp\/v2\/types\/page"}],"author":[{"embeddable":true,"href":"https:\/\/uhfp.centre-inffo.fr\/2023\/wp-json\/wp\/v2\/users\/1"}],"replies":[{"embeddable":true,"href":"https:\/\/uhfp.centre-inffo.fr\/2023\/wp-json\/wp\/v2\/comments?post=4332"}],"version-history":[{"count":4,"href":"https:\/\/uhfp.centre-inffo.fr\/2023\/wp-json\/wp\/v2\/pages\/4332\/revisions"}],"predecessor-version":[{"id":5110,"href":"https:\/\/uhfp.centre-inffo.fr\/2023\/wp-json\/wp\/v2\/pages\/4332\/revisions\/5110"}],"wp:attachment":[{"href":"https:\/\/uhfp.centre-inffo.fr\/2023\/wp-json\/wp\/v2\/media?parent=4332"}],"wp:term":[{"taxonomy":"category","embeddable":true,"href":"https:\/\/uhfp.centre-inffo.fr\/2023\/wp-json\/wp\/v2\/categories?post=4332"},{"taxonomy":"post_tag","embeddable":true,"href":"https:\/\/uhfp.centre-inffo.fr\/2023\/wp-json\/wp\/v2\/tags?post=4332"},{"taxonomy":"wf_page_folders","embeddable":true,"href":"https:\/\/uhfp.centre-inffo.fr\/2023\/wp-json\/wp\/v2\/wf_page_folders?post=4332"}],"curies":[{"name":"wp","href":"https:\/\/api.w.org\/{rel}","templated":true}]}}

D4.50 &#8211; Définir les compétences indispensables pour les transitions

<p><span class="TextRun Highlight SCXW233906030 BCX0" lang="FR-FR" xml:lang="FR-FR" data-contrast="none"><span class="NormalTextRun SCXW233906030 BCX0">Transition écologique, numérique, énergétique, sociétale qui vont à coup sûr transformer l’économie et le monde la formation en profondeur. Et si on abordait cette grande transition à hauteur d’homme ? Et si nos campus étaient le lieu idéal en les considérant comme des écosystèmes complexes ? Et si l’enjeu était d’embarquer la communauté éducative avec des projets concrets ? </span></span><span class="LineBreakBlob BlobObject DragDrop SCXW233906030 BCX0"><span class="SCXW233906030 BCX0"> </span><br class="SCXW233906030 BCX0" /></span><span class="LineBreakBlob BlobObject DragDrop SCXW233906030 BCX0"><span class="SCXW233906030 BCX0"> </span><br class="SCXW233906030 BCX0" /></span><span class="TextRun Highlight SCXW233906030 BCX0" lang="FR-FR" xml:lang="FR-FR" data-contrast="none"><span class="NormalTextRun SCXW233906030 BCX0">Cet atelier mobilise l&rsquo;intelligence collective pour définir les compétences indispensables à mobiliser pour engager les transitions pédagogiques.</span></span><span class="EOP SCXW233906030 BCX0" data-ccp-props="{}"> </span></p>
<h3>Intervenant</h3>
<ul>
<li><a href="/2023/duport/">François Duport</a> &#8211; Responsable de programme, CCI France</li>
<li>Sophie Fourquet &#8211; CCI France</li>
</ul>

<p>Transition écologique, numérique, énergétique, sociétale qui vont à coup sûr transformer l’économie et le monde la formation en profondeur. Et si on abordait cette grande transition à hauteur d’homme ? &hellip; </p>

<!-- This site is optimized with the Yoast SEO plugin v20.3 - https://yoast.com/wordpress/plugins/seo/ -->
<title>D4.50 - Définir les compétences indispensables pour les transitions  - 18e Université d&#039;Hiver de la Formation Professionnelle</title>
<meta name="robots" content="index, follow, max-snippet:-1, max-image-preview:large, max-video-preview:-1" />
<link rel="canonical" href="https://uhfp.centre-inffo.fr/2023/d4-50-definir-les-competences-indispensables-pour-les-transitions/" />
<meta property="og:locale" content="fr_FR" />
<meta property="og:type" content="article" />
<meta property="og:title" content="D4.50 - Définir les compétences indispensables pour les transitions  - 18e Université d&#039;Hiver de la Formation Professionnelle" />
<meta property="og:description" content="Transition écologique, numérique, énergétique, sociétale qui vont à coup sûr transformer l’économie et le monde la formation en profondeur. Et si on abordait cette grande transition à hauteur d’homme ? &hellip;" />
<meta property="og:url" content="https://uhfp.centre-inffo.fr/2023/d4-50-definir-les-competences-indispensables-pour-les-transitions/" />
<meta property="og:site_name" content="18e Université d&#039;Hiver de la Formation Professionnelle" />
<meta property="article:publisher" content="https://www.facebook.com/centreinffo" />
<meta property="article:modified_time" content="2023-01-19T10:11:45+00:00" />
<meta name="twitter:card" content="summary_large_image" />
<meta name="twitter:site" content="@centreinffo" />
<meta name="twitter:label1" content="Durée de lecture estimée" />
	<meta name="twitter:data1" content="1 minute" />
<script type="application/ld+json" class="yoast-schema-graph">{"@context":"https://schema.org","@graph":[{"@type":"WebPage","@id":"https://uhfp.centre-inffo.fr/2023/d4-50-definir-les-competences-indispensables-pour-les-transitions/","url":"https://uhfp.centre-inffo.fr/2023/d4-50-definir-les-competences-indispensables-pour-les-transitions/","name":"D4.50 - Définir les compétences indispensables pour les transitions  - 18e Université d&#039;Hiver de la Formation Professionnelle","isPartOf":{"@id":"https://uhfp.centre-inffo.fr/2023/#website"},"datePublished":"2023-01-04T15:21:40+00:00","dateModified":"2023-01-19T10:11:45+00:00","breadcrumb":{"@id":"https://uhfp.centre-inffo.fr/2023/d4-50-definir-les-competences-indispensables-pour-les-transitions/#breadcrumb"},"inLanguage":"fr-FR","potentialAction":[{"@type":"ReadAction","target":["https://uhfp.centre-inffo.fr/2023/d4-50-definir-les-competences-indispensables-pour-les-transitions/"]}]},{"@type":"BreadcrumbList","@id":"https://uhfp.centre-inffo.fr/2023/d4-50-definir-les-competences-indispensables-pour-les-transitions/#breadcrumb","itemListElement":[{"@type":"ListItem","position":1,"name":"Accueil","item":"https://uhfp.centre-inffo.fr/2023/"},{"@type":"ListItem","position":2,"name":"Programme","item":"https://uhfp.centre-inffo.fr/2023/rubrique/programme/"},{"@type":"ListItem","position":3,"name":"Jeudi 26 janvier","item":"https://uhfp.centre-inffo.fr/2023/rubrique/programme/jeudi-26-janvier/"},{"@type":"ListItem","position":4,"name":"D4.50 &#8211; Définir les compétences indispensables pour les transitions "}]},{"@type":"WebSite","@id":"https://uhfp.centre-inffo.fr/2023/#website","url":"https://uhfp.centre-inffo.fr/2023/","name":"18e Université d&#039;Hiver de la Formation Professionnelle","description":"Compétences 2030 : réussir ensemble les transitions ! - Du 25 au 27 janvier 2023, à Cannes","publisher":{"@id":"https://uhfp.centre-inffo.fr/2023/#organization"},"potentialAction":[{"@type":"SearchAction","target":{"@type":"EntryPoint","urlTemplate":"https://uhfp.centre-inffo.fr/2023/?s={search_term_string}"},"query-input":"required name=search_term_string"}],"inLanguage":"fr-FR"},{"@type":"Organization","@id":"https://uhfp.centre-inffo.fr/2023/#organization","name":"Centre Inffo","url":"https://uhfp.centre-inffo.fr/2023/","logo":{"@type":"ImageObject","inLanguage":"fr-FR","@id":"https://uhfp.centre-inffo.fr/2023/#/schema/logo/image/","url":"","contentUrl":"","caption":"Centre Inffo"},"image":{"@id":"https://uhfp.centre-inffo.fr/2023/#/schema/logo/image/"},"sameAs":["https://www.facebook.com/centreinffo","https://twitter.com/centreinffo","https://www.linkedin.com/company/centre-inffo/","https://www.youtube.com/user/centreinffo"]}]}</script>
<!-- / Yoast SEO plugin. -->

D4.50 - Définir les compétences indispensables pour les transitions  - 18e Université d&#039;Hiver de la Formation Professionnelle

Transition écologique, numérique, énergétique, sociétale qui vont à coup sûr transformer l’économie et le monde la formation en profondeur. Et si on abordait cette grande transition à hauteur d’homme ? &hellip;

18e Université d&#039;Hiver de la Formation Professionnelle

Compétences 2030 : réussir ensemble les transitions ! - Du 25 au 27 janvier 2023, à Cannes
