{"id":4599,"date":"2023-01-06T15:44:31","date_gmt":"2023-01-06T14:44:31","guid":{"rendered":"https:\/\/uhfp.centre-inffo.fr\/2023\/?page_id=4599"},"modified":"2023-02-08T14:23:24","modified_gmt":"2023-02-08T13:23:24","slug":"e3-63-at-qualiopi-la-certification-facteur-de-management-et-facteur-dinclusion","status":"publish","type":"page","link":"https:\/\/uhfp.centre-inffo.fr\/2023\/e3-63-at-qualiopi-la-certification-facteur-de-management-et-facteur-dinclusion\/","title":{"rendered":"E3.63 AT &#8211; Qualiopi : la certification facteur de management et facteur d\u2019inclusion"},"content":{"rendered":"\n<div class=\"wp-block-buttons is-content-justification-center is-layout-flex wp-container-1\">\n<div class=\"wp-block-button\"><a class=\"wp-block-button__link wp-element-button\" href=\"\/2023\/wp-content\/uploads\/2023\/02\/E3.63.pdf\">T\u00e9l\u00e9charger la pr\u00e9sentation (.pdf)<\/a><\/div>\n<\/div>\n\n\n\n<hr class=\"wp-block-separator has-alpha-channel-opacity\"\/>\n\n\n<p><span style=\"font-weight: 400;\">Pass\u00e9 le temps de l\u2019appropriation d\u2019une nouvelle \u00e9volution r\u00e8glementaire et le stress de la pr\u00e9paration de l\u2019audit initial, le R\u00e9f\u00e9rentiel National Qualit\u00e9 devient un outil de management et un v\u00e9ritable facteur d\u2019inclusion qui va bien au-del\u00e0 de la dimension du handicap.<\/span><\/p>\n<p><span style=\"font-weight: 400;\">La Certification Nationale Qualit\u00e9 est avant tout une opportunit\u00e9 de formalisation du son pilotage d\u2019activit\u00e9 permettant aussi de renforcer le d\u00e9veloppement des comp\u00e9tences et d\u2019assoir son process d\u2019am\u00e9lioration continue.\u00a0<\/span><\/p>\n<p><span style=\"font-weight: 400;\">C\u2019est aussi un facteur d\u2019inclusion pouvant concourir \u00e0 l\u2019accompagnement d\u2019une croissance externe, l\u2019adjonction de sites dans un r\u00e9seau et une plus forte inclusion des intervenants externes.<\/span><\/p>\n<p><span style=\"font-weight: 400;\">L\u2019intervention sera illustr\u00e9e par plusieurs partages d\u2019exp\u00e9rience de prestataires concourant au d\u00e9veloppement des comp\u00e9tences.<\/span><\/p>\n<h3>Objectifs p\u00e9dagogiques<\/h3>\n<ul>\n<li style=\"font-weight: 400;\" aria-level=\"1\"><span style=\"font-weight: 400;\">Transformer une contrainte r\u00e8glementaire en outil de management<\/span><\/li>\n<li style=\"font-weight: 400;\" aria-level=\"1\"><span style=\"font-weight: 400;\">Renforcer son process d\u2019am\u00e9lioration continue<\/span><\/li>\n<li style=\"font-weight: 400;\" aria-level=\"1\"><span style=\"font-weight: 400;\">S\u00e9curiser l\u2019inclusion et le pilotage des intervenants externes<\/span><\/li>\n<li style=\"font-weight: 400;\" aria-level=\"1\"><span style=\"font-weight: 400;\">Faciliter l\u2019int\u00e9gration et l\u2019alignement des diff\u00e9rentes parties en phase de croissance<\/span><\/li>\n<\/ul>\n<h3>Pilote<\/h3>\n<ul>\n<li><a href=\"\/2023\/verger\/\">Marc Verger<\/a> &#8211; Directeur du d\u00e9veloppement<span style=\"font-weight: 400;\">, ISQ Certification<\/span><\/li>\n<\/ul>\n<h3>Intervenants<\/h3>\n<ul>\n<li style=\"font-weight: 400;\" aria-level=\"1\"><span style=\"font-weight: 400;\">Farida Brioua-Temimi \u2013 Directrice qualit\u00e9, ISQ Certification<\/span><\/li>\n<li aria-level=\"1\"><span style=\"font-weight: 400;\">Marie Luce Rouxel &#8211; Directrice nationale, Croix-Rouge Comp\u00e9tence<\/span><\/li>\n<\/ul>","protected":false},"excerpt":{"rendered":"<p>Pass\u00e9 le temps de l\u2019appropriation d\u2019une nouvelle \u00e9volution r\u00e8glementaire et le stress de la pr\u00e9paration de l\u2019audit initial, le R\u00e9f\u00e9rentiel National Qualit\u00e9 devient un outil de management et un v\u00e9ritable &hellip; <\/p>\n","protected":false},"author":1,"featured_media":0,"parent":0,"menu_order":0,"comment_status":"closed","ping_status":"closed","template":"","meta":[],"categories":[38,41],"tags":[],"wf_page_folders":[88],"acf":[],"yoast_head":"<!-- This site is optimized with the Yoast SEO plugin v20.3 - https:\/\/yoast.com\/wordpress\/plugins\/seo\/ -->\n<title>E3.63 AT - Qualiopi : la certification facteur de management et facteur d\u2019inclusion - 18e Universit\u00e9 d&#039;Hiver de la Formation Professionnelle<\/title>\n<meta name=\"robots\" content=\"index, follow, max-snippet:-1, max-image-preview:large, max-video-preview:-1\" \/>\n<link rel=\"canonical\" href=\"https:\/\/uhfp.centre-inffo.fr\/2023\/e3-63-at-qualiopi-la-certification-facteur-de-management-et-facteur-dinclusion\/\" \/>\n<meta property=\"og:locale\" content=\"fr_FR\" \/>\n<meta property=\"og:type\" content=\"article\" \/>\n<meta property=\"og:title\" content=\"E3.63 AT - Qualiopi : la certification facteur de management et facteur d\u2019inclusion - 18e Universit\u00e9 d&#039;Hiver de la Formation Professionnelle\" \/>\n<meta property=\"og:description\" content=\"Pass\u00e9 le temps de l\u2019appropriation d\u2019une nouvelle \u00e9volution r\u00e8glementaire et le stress de la pr\u00e9paration de l\u2019audit initial, le R\u00e9f\u00e9rentiel National Qualit\u00e9 devient un outil de management et un v\u00e9ritable &hellip;\" \/>\n<meta property=\"og:url\" content=\"https:\/\/uhfp.centre-inffo.fr\/2023\/e3-63-at-qualiopi-la-certification-facteur-de-management-et-facteur-dinclusion\/\" \/>\n<meta property=\"og:site_name\" content=\"18e Universit\u00e9 d&#039;Hiver de la Formation Professionnelle\" \/>\n<meta property=\"article:publisher\" content=\"https:\/\/www.facebook.com\/centreinffo\" \/>\n<meta property=\"article:modified_time\" content=\"2023-02-08T13:23:24+00:00\" \/>\n<meta name=\"twitter:card\" content=\"summary_large_image\" \/>\n<meta name=\"twitter:site\" content=\"@centreinffo\" \/>\n<meta name=\"twitter:label1\" content=\"Dur\u00e9e de lecture estim\u00e9e\" \/>\n\t<meta name=\"twitter:data1\" content=\"1 minute\" \/>\n<script type=\"application\/ld+json\" class=\"yoast-schema-graph\">{\"@context\":\"https:\/\/schema.org\",\"@graph\":[{\"@type\":\"WebPage\",\"@id\":\"https:\/\/uhfp.centre-inffo.fr\/2023\/e3-63-at-qualiopi-la-certification-facteur-de-management-et-facteur-dinclusion\/\",\"url\":\"https:\/\/uhfp.centre-inffo.fr\/2023\/e3-63-at-qualiopi-la-certification-facteur-de-management-et-facteur-dinclusion\/\",\"name\":\"E3.63 AT - Qualiopi : la certification facteur de management et facteur d\u2019inclusion - 18e Universit\u00e9 d&#039;Hiver de la Formation Professionnelle\",\"isPartOf\":{\"@id\":\"https:\/\/uhfp.centre-inffo.fr\/2023\/#website\"},\"datePublished\":\"2023-01-06T14:44:31+00:00\",\"dateModified\":\"2023-02-08T13:23:24+00:00\",\"breadcrumb\":{\"@id\":\"https:\/\/uhfp.centre-inffo.fr\/2023\/e3-63-at-qualiopi-la-certification-facteur-de-management-et-facteur-dinclusion\/#breadcrumb\"},\"inLanguage\":\"fr-FR\",\"potentialAction\":[{\"@type\":\"ReadAction\",\"target\":[\"https:\/\/uhfp.centre-inffo.fr\/2023\/e3-63-at-qualiopi-la-certification-facteur-de-management-et-facteur-dinclusion\/\"]}]},{\"@type\":\"BreadcrumbList\",\"@id\":\"https:\/\/uhfp.centre-inffo.fr\/2023\/e3-63-at-qualiopi-la-certification-facteur-de-management-et-facteur-dinclusion\/#breadcrumb\",\"itemListElement\":[{\"@type\":\"ListItem\",\"position\":1,\"name\":\"Accueil\",\"item\":\"https:\/\/uhfp.centre-inffo.fr\/2023\/\"},{\"@type\":\"ListItem\",\"position\":2,\"name\":\"Programme\",\"item\":\"https:\/\/uhfp.centre-inffo.fr\/2023\/rubrique\/programme\/\"},{\"@type\":\"ListItem\",\"position\":3,\"name\":\"Vendredi 27 janvier\",\"item\":\"https:\/\/uhfp.centre-inffo.fr\/2023\/rubrique\/programme\/vendredi-27-janvier\/\"},{\"@type\":\"ListItem\",\"position\":4,\"name\":\"E3.63 AT &#8211; Qualiopi : la certification facteur de management et facteur d\u2019inclusion\"}]},{\"@type\":\"WebSite\",\"@id\":\"https:\/\/uhfp.centre-inffo.fr\/2023\/#website\",\"url\":\"https:\/\/uhfp.centre-inffo.fr\/2023\/\",\"name\":\"18e Universit\u00e9 d&#039;Hiver de la Formation Professionnelle\",\"description\":\"Comp\u00e9tences 2030 : r\u00e9ussir ensemble les transitions ! - Du 25 au 27 janvier 2023, \u00e0 Cannes\",\"publisher\":{\"@id\":\"https:\/\/uhfp.centre-inffo.fr\/2023\/#organization\"},\"potentialAction\":[{\"@type\":\"SearchAction\",\"target\":{\"@type\":\"EntryPoint\",\"urlTemplate\":\"https:\/\/uhfp.centre-inffo.fr\/2023\/?s={search_term_string}\"},\"query-input\":\"required name=search_term_string\"}],\"inLanguage\":\"fr-FR\"},{\"@type\":\"Organization\",\"@id\":\"https:\/\/uhfp.centre-inffo.fr\/2023\/#organization\",\"name\":\"Centre Inffo\",\"url\":\"https:\/\/uhfp.centre-inffo.fr\/2023\/\",\"logo\":{\"@type\":\"ImageObject\",\"inLanguage\":\"fr-FR\",\"@id\":\"https:\/\/uhfp.centre-inffo.fr\/2023\/#\/schema\/logo\/image\/\",\"url\":\"\",\"contentUrl\":\"\",\"caption\":\"Centre Inffo\"},\"image\":{\"@id\":\"https:\/\/uhfp.centre-inffo.fr\/2023\/#\/schema\/logo\/image\/\"},\"sameAs\":[\"https:\/\/www.facebook.com\/centreinffo\",\"https:\/\/twitter.com\/centreinffo\",\"https:\/\/www.linkedin.com\/company\/centre-inffo\/\",\"https:\/\/www.youtube.com\/user\/centreinffo\"]}]}<\/script>\n<!-- \/ Yoast SEO plugin. -->","yoast_head_json":{"title":"E3.63 AT - Qualiopi : la certification facteur de management et facteur d\u2019inclusion - 18e Universit\u00e9 d&#039;Hiver de la Formation Professionnelle","robots":{"index":"index","follow":"follow","max-snippet":"max-snippet:-1","max-image-preview":"max-image-preview:large","max-video-preview":"max-video-preview:-1"},"canonical":"https:\/\/uhfp.centre-inffo.fr\/2023\/e3-63-at-qualiopi-la-certification-facteur-de-management-et-facteur-dinclusion\/","og_locale":"fr_FR","og_type":"article","og_title":"E3.63 AT - Qualiopi : la certification facteur de management et facteur d\u2019inclusion - 18e Universit\u00e9 d&#039;Hiver de la Formation Professionnelle","og_description":"Pass\u00e9 le temps de l\u2019appropriation d\u2019une nouvelle \u00e9volution r\u00e8glementaire et le stress de la pr\u00e9paration de l\u2019audit initial, le R\u00e9f\u00e9rentiel National Qualit\u00e9 devient un outil de management et un v\u00e9ritable &hellip;","og_url":"https:\/\/uhfp.centre-inffo.fr\/2023\/e3-63-at-qualiopi-la-certification-facteur-de-management-et-facteur-dinclusion\/","og_site_name":"18e Universit\u00e9 d&#039;Hiver de la Formation Professionnelle","article_publisher":"https:\/\/www.facebook.com\/centreinffo","article_modified_time":"2023-02-08T13:23:24+00:00","twitter_card":"summary_large_image","twitter_site":"@centreinffo","twitter_misc":{"Dur\u00e9e de lecture estim\u00e9e":"1 minute"},"schema":{"@context":"https:\/\/schema.org","@graph":[{"@type":"WebPage","@id":"https:\/\/uhfp.centre-inffo.fr\/2023\/e3-63-at-qualiopi-la-certification-facteur-de-management-et-facteur-dinclusion\/","url":"https:\/\/uhfp.centre-inffo.fr\/2023\/e3-63-at-qualiopi-la-certification-facteur-de-management-et-facteur-dinclusion\/","name":"E3.63 AT - Qualiopi : la certification facteur de management et facteur d\u2019inclusion - 18e Universit\u00e9 d&#039;Hiver de la Formation Professionnelle","isPartOf":{"@id":"https:\/\/uhfp.centre-inffo.fr\/2023\/#website"},"datePublished":"2023-01-06T14:44:31+00:00","dateModified":"2023-02-08T13:23:24+00:00","breadcrumb":{"@id":"https:\/\/uhfp.centre-inffo.fr\/2023\/e3-63-at-qualiopi-la-certification-facteur-de-management-et-facteur-dinclusion\/#breadcrumb"},"inLanguage":"fr-FR","potentialAction":[{"@type":"ReadAction","target":["https:\/\/uhfp.centre-inffo.fr\/2023\/e3-63-at-qualiopi-la-certification-facteur-de-management-et-facteur-dinclusion\/"]}]},{"@type":"BreadcrumbList","@id":"https:\/\/uhfp.centre-inffo.fr\/2023\/e3-63-at-qualiopi-la-certification-facteur-de-management-et-facteur-dinclusion\/#breadcrumb","itemListElement":[{"@type":"ListItem","position":1,"name":"Accueil","item":"https:\/\/uhfp.centre-inffo.fr\/2023\/"},{"@type":"ListItem","position":2,"name":"Programme","item":"https:\/\/uhfp.centre-inffo.fr\/2023\/rubrique\/programme\/"},{"@type":"ListItem","position":3,"name":"Vendredi 27 janvier","item":"https:\/\/uhfp.centre-inffo.fr\/2023\/rubrique\/programme\/vendredi-27-janvier\/"},{"@type":"ListItem","position":4,"name":"E3.63 AT &#8211; Qualiopi : la certification facteur de management et facteur d\u2019inclusion"}]},{"@type":"WebSite","@id":"https:\/\/uhfp.centre-inffo.fr\/2023\/#website","url":"https:\/\/uhfp.centre-inffo.fr\/2023\/","name":"18e Universit\u00e9 d&#039;Hiver de la Formation Professionnelle","description":"Comp\u00e9tences 2030 : r\u00e9ussir ensemble les transitions ! - Du 25 au 27 janvier 2023, \u00e0 Cannes","publisher":{"@id":"https:\/\/uhfp.centre-inffo.fr\/2023\/#organization"},"potentialAction":[{"@type":"SearchAction","target":{"@type":"EntryPoint","urlTemplate":"https:\/\/uhfp.centre-inffo.fr\/2023\/?s={search_term_string}"},"query-input":"required name=search_term_string"}],"inLanguage":"fr-FR"},{"@type":"Organization","@id":"https:\/\/uhfp.centre-inffo.fr\/2023\/#organization","name":"Centre Inffo","url":"https:\/\/uhfp.centre-inffo.fr\/2023\/","logo":{"@type":"ImageObject","inLanguage":"fr-FR","@id":"https:\/\/uhfp.centre-inffo.fr\/2023\/#\/schema\/logo\/image\/","url":"","contentUrl":"","caption":"Centre Inffo"},"image":{"@id":"https:\/\/uhfp.centre-inffo.fr\/2023\/#\/schema\/logo\/image\/"},"sameAs":["https:\/\/www.facebook.com\/centreinffo","https:\/\/twitter.com\/centreinffo","https:\/\/www.linkedin.com\/company\/centre-inffo\/","https:\/\/www.youtube.com\/user\/centreinffo"]}]}},"_links":{"self":[{"href":"https:\/\/uhfp.centre-inffo.fr\/2023\/wp-json\/wp\/v2\/pages\/4599"}],"collection":[{"href":"https:\/\/uhfp.centre-inffo.fr\/2023\/wp-json\/wp\/v2\/pages"}],"about":[{"href":"https:\/\/uhfp.centre-inffo.fr\/2023\/wp-json\/wp\/v2\/types\/page"}],"author":[{"embeddable":true,"href":"https:\/\/uhfp.centre-inffo.fr\/2023\/wp-json\/wp\/v2\/users\/1"}],"replies":[{"embeddable":true,"href":"https:\/\/uhfp.centre-inffo.fr\/2023\/wp-json\/wp\/v2\/comments?post=4599"}],"version-history":[{"count":6,"href":"https:\/\/uhfp.centre-inffo.fr\/2023\/wp-json\/wp\/v2\/pages\/4599\/revisions"}],"predecessor-version":[{"id":6027,"href":"https:\/\/uhfp.centre-inffo.fr\/2023\/wp-json\/wp\/v2\/pages\/4599\/revisions\/6027"}],"wp:attachment":[{"href":"https:\/\/uhfp.centre-inffo.fr\/2023\/wp-json\/wp\/v2\/media?parent=4599"}],"wp:term":[{"taxonomy":"category","embeddable":true,"href":"https:\/\/uhfp.centre-inffo.fr\/2023\/wp-json\/wp\/v2\/categories?post=4599"},{"taxonomy":"post_tag","embeddable":true,"href":"https:\/\/uhfp.centre-inffo.fr\/2023\/wp-json\/wp\/v2\/tags?post=4599"},{"taxonomy":"wf_page_folders","embeddable":true,"href":"https:\/\/uhfp.centre-inffo.fr\/2023\/wp-json\/wp\/v2\/wf_page_folders?post=4599"}],"curies":[{"name":"wp","href":"https:\/\/api.w.org\/{rel}","templated":true}]}}