{"id":4766,"date":"2022-12-02T11:52:36","date_gmt":"2022-12-02T10:52:36","guid":{"rendered":"https:\/\/uhfp.centre-inffo.fr\/2023\/?page_id=4766"},"modified":"2023-01-24T17:19:25","modified_gmt":"2023-01-24T16:19:25","slug":"mazenq","status":"publish","type":"page","link":"https:\/\/uhfp.centre-inffo.fr\/2023\/mazenq\/","title":{"rendered":"Mazenq"},"content":{"rendered":"<p>Charg\u00e9e du management de la formation qualifiante pour les demandeurs d\u2019emploi et de politiques d\u2019appui \u00e0 \u00a0l\u2019innovation p\u00e9dagogique \u00e0 la R\u00e9gion Occitanie, Isabelle Mazenq a une exp\u00e9rience de pr\u00e8s de 30 ans dans le pilotage de politiques publiques en mati\u00e8re de formation et d\u2019emploi\u00a0: d\u2019abord au sein des services de l\u2019Etat (Pr\u00e9fecture de Savoie et Directions du travail de Savoie et d\u2019Aveyron) puis d\u2019institutions r\u00e9gionales (Rh\u00f4ne-Alpes et Occitanie ensuite).<\/p>\n<p>Dipl\u00f4m\u00e9e d\u2019un 3<sup>e<\/sup> cycle en sciences \u00e9conomiques, Isabelle s\u2019investit tr\u00e8s vite dans la probl\u00e9matique de la formation comme outil de d\u00e9veloppement local. Elle y construit son expertise comme praticienne des relations emploi\/formation en liaison avec les acteurs de l\u2019\u00e9cosyst\u00e8me.<\/p>\n<p>Evoluant de fonctions de charg\u00e9e de mission, sur le terrain comme au si\u00e8ge de ses administrations, vers des fonctions de management, Isabelle a ainsi abord\u00e9 quasiment tous les domaines\u00a0:<\/p>\n<ul>\n<li>l\u2019orientation \u00e0 travers la mise en place du SPRO et le partenariat avec les missions locales,<\/li>\n<li>la formation \u00e0 travers l\u2019achat de formation pour les demandeurs d\u2019emploi, les politiques de formation des salari\u00e9s et la digitalisation\/l\u2019hybridation,<\/li>\n<li>le d\u00e9ploiement de la VAE,<\/li>\n<li>l\u2019emploi \u00e0 travers l\u2019accompagnement au recrutement et l\u2019appui des entreprises dans leur gestion ressources humaines,<\/li>\n<li>l\u2019articulation des acteurs \u00e0 travers le d\u00e9ploiement de d\u00e9marches de GTECT et le pilotage de contractualisation entre financeurs.<\/li>\n<\/ul>\n<h3>Intervention<\/h3>\n<ul>\n<li><a href=\"\/2023\/b3-20-at-la-reconversion-professionnelle-au-service-de-la-gtec\/\">B3.20 AT : La reconversion professionnelle au service de la GTEC<\/a><\/li>\n<\/ul>\n","protected":false},"excerpt":{"rendered":"<p>Charg\u00e9e du management de la formation qualifiante pour les demandeurs d\u2019emploi et de politiques d\u2019appui \u00e0 \u00a0l\u2019innovation p\u00e9dagogique \u00e0 la R\u00e9gion Occitanie, Isabelle Mazenq a une exp\u00e9rience de pr\u00e8s de &hellip; <\/p>\n","protected":false},"author":1,"featured_media":5256,"parent":0,"menu_order":0,"comment_status":"closed","ping_status":"closed","template":"","meta":[],"categories":[6],"tags":[],"wf_page_folders":[92],"acf":[],"yoast_head":"<!-- This site is optimized with the Yoast SEO plugin v20.3 - https:\/\/yoast.com\/wordpress\/plugins\/seo\/ -->\n<title>Mazenq - 18e Universit\u00e9 d&#039;Hiver de la Formation Professionnelle<\/title>\n<meta name=\"robots\" content=\"index, follow, max-snippet:-1, max-image-preview:large, max-video-preview:-1\" \/>\n<link rel=\"canonical\" href=\"https:\/\/uhfp.centre-inffo.fr\/2023\/mazenq\/\" \/>\n<meta property=\"og:locale\" content=\"fr_FR\" \/>\n<meta property=\"og:type\" content=\"article\" \/>\n<meta property=\"og:title\" content=\"Mazenq - 18e Universit\u00e9 d&#039;Hiver de la Formation Professionnelle\" \/>\n<meta property=\"og:description\" content=\"Charg\u00e9e du management de la formation qualifiante pour les demandeurs d\u2019emploi et de politiques d\u2019appui \u00e0 \u00a0l\u2019innovation p\u00e9dagogique \u00e0 la R\u00e9gion Occitanie, Isabelle Mazenq a une exp\u00e9rience de pr\u00e8s de &hellip;\" \/>\n<meta property=\"og:url\" content=\"https:\/\/uhfp.centre-inffo.fr\/2023\/mazenq\/\" \/>\n<meta property=\"og:site_name\" content=\"18e Universit\u00e9 d&#039;Hiver de la Formation Professionnelle\" \/>\n<meta property=\"article:publisher\" content=\"https:\/\/www.facebook.com\/centreinffo\" \/>\n<meta property=\"article:modified_time\" content=\"2023-01-24T16:19:25+00:00\" \/>\n<meta property=\"og:image\" content=\"https:\/\/uhfp.centre-inffo.fr\/2023\/wp-content\/uploads\/2023\/01\/Mazenq-1.png\" \/>\n\t<meta property=\"og:image:width\" content=\"300\" \/>\n\t<meta property=\"og:image:height\" content=\"300\" \/>\n\t<meta property=\"og:image:type\" content=\"image\/png\" \/>\n<meta name=\"twitter:card\" content=\"summary_large_image\" \/>\n<meta name=\"twitter:site\" content=\"@centreinffo\" \/>\n<meta name=\"twitter:label1\" content=\"Dur\u00e9e de lecture estim\u00e9e\" \/>\n\t<meta name=\"twitter:data1\" content=\"2 minutes\" \/>\n<script type=\"application\/ld+json\" class=\"yoast-schema-graph\">{\"@context\":\"https:\/\/schema.org\",\"@graph\":[{\"@type\":\"WebPage\",\"@id\":\"https:\/\/uhfp.centre-inffo.fr\/2023\/mazenq\/\",\"url\":\"https:\/\/uhfp.centre-inffo.fr\/2023\/mazenq\/\",\"name\":\"Mazenq - 18e Universit\u00e9 d&#039;Hiver de la Formation Professionnelle\",\"isPartOf\":{\"@id\":\"https:\/\/uhfp.centre-inffo.fr\/2023\/#website\"},\"datePublished\":\"2022-12-02T10:52:36+00:00\",\"dateModified\":\"2023-01-24T16:19:25+00:00\",\"breadcrumb\":{\"@id\":\"https:\/\/uhfp.centre-inffo.fr\/2023\/mazenq\/#breadcrumb\"},\"inLanguage\":\"fr-FR\",\"potentialAction\":[{\"@type\":\"ReadAction\",\"target\":[\"https:\/\/uhfp.centre-inffo.fr\/2023\/mazenq\/\"]}]},{\"@type\":\"BreadcrumbList\",\"@id\":\"https:\/\/uhfp.centre-inffo.fr\/2023\/mazenq\/#breadcrumb\",\"itemListElement\":[{\"@type\":\"ListItem\",\"position\":1,\"name\":\"Accueil\",\"item\":\"https:\/\/uhfp.centre-inffo.fr\/2023\/\"},{\"@type\":\"ListItem\",\"position\":2,\"name\":\"Intervenants\",\"item\":\"https:\/\/uhfp.centre-inffo.fr\/2023\/rubrique\/intervenants\/\"},{\"@type\":\"ListItem\",\"position\":3,\"name\":\"Mazenq\"}]},{\"@type\":\"WebSite\",\"@id\":\"https:\/\/uhfp.centre-inffo.fr\/2023\/#website\",\"url\":\"https:\/\/uhfp.centre-inffo.fr\/2023\/\",\"name\":\"18e Universit\u00e9 d&#039;Hiver de la Formation Professionnelle\",\"description\":\"Comp\u00e9tences 2030 : r\u00e9ussir ensemble les transitions ! - Du 25 au 27 janvier 2023, \u00e0 Cannes\",\"publisher\":{\"@id\":\"https:\/\/uhfp.centre-inffo.fr\/2023\/#organization\"},\"potentialAction\":[{\"@type\":\"SearchAction\",\"target\":{\"@type\":\"EntryPoint\",\"urlTemplate\":\"https:\/\/uhfp.centre-inffo.fr\/2023\/?s={search_term_string}\"},\"query-input\":\"required name=search_term_string\"}],\"inLanguage\":\"fr-FR\"},{\"@type\":\"Organization\",\"@id\":\"https:\/\/uhfp.centre-inffo.fr\/2023\/#organization\",\"name\":\"Centre Inffo\",\"url\":\"https:\/\/uhfp.centre-inffo.fr\/2023\/\",\"logo\":{\"@type\":\"ImageObject\",\"inLanguage\":\"fr-FR\",\"@id\":\"https:\/\/uhfp.centre-inffo.fr\/2023\/#\/schema\/logo\/image\/\",\"url\":\"\",\"contentUrl\":\"\",\"caption\":\"Centre Inffo\"},\"image\":{\"@id\":\"https:\/\/uhfp.centre-inffo.fr\/2023\/#\/schema\/logo\/image\/\"},\"sameAs\":[\"https:\/\/www.facebook.com\/centreinffo\",\"https:\/\/twitter.com\/centreinffo\",\"https:\/\/www.linkedin.com\/company\/centre-inffo\/\",\"https:\/\/www.youtube.com\/user\/centreinffo\"]}]}<\/script>\n<!-- \/ Yoast SEO plugin. -->","yoast_head_json":{"title":"Mazenq - 18e Universit\u00e9 d&#039;Hiver de la Formation Professionnelle","robots":{"index":"index","follow":"follow","max-snippet":"max-snippet:-1","max-image-preview":"max-image-preview:large","max-video-preview":"max-video-preview:-1"},"canonical":"https:\/\/uhfp.centre-inffo.fr\/2023\/mazenq\/","og_locale":"fr_FR","og_type":"article","og_title":"Mazenq - 18e Universit\u00e9 d&#039;Hiver de la Formation Professionnelle","og_description":"Charg\u00e9e du management de la formation qualifiante pour les demandeurs d\u2019emploi et de politiques d\u2019appui \u00e0 \u00a0l\u2019innovation p\u00e9dagogique \u00e0 la R\u00e9gion Occitanie, Isabelle Mazenq a une exp\u00e9rience de pr\u00e8s de &hellip;","og_url":"https:\/\/uhfp.centre-inffo.fr\/2023\/mazenq\/","og_site_name":"18e Universit\u00e9 d&#039;Hiver de la Formation Professionnelle","article_publisher":"https:\/\/www.facebook.com\/centreinffo","article_modified_time":"2023-01-24T16:19:25+00:00","og_image":[{"width":300,"height":300,"url":"https:\/\/uhfp.centre-inffo.fr\/2023\/wp-content\/uploads\/2023\/01\/Mazenq-1.png","type":"image\/png"}],"twitter_card":"summary_large_image","twitter_site":"@centreinffo","twitter_misc":{"Dur\u00e9e de lecture estim\u00e9e":"2 minutes"},"schema":{"@context":"https:\/\/schema.org","@graph":[{"@type":"WebPage","@id":"https:\/\/uhfp.centre-inffo.fr\/2023\/mazenq\/","url":"https:\/\/uhfp.centre-inffo.fr\/2023\/mazenq\/","name":"Mazenq - 18e Universit\u00e9 d&#039;Hiver de la Formation Professionnelle","isPartOf":{"@id":"https:\/\/uhfp.centre-inffo.fr\/2023\/#website"},"datePublished":"2022-12-02T10:52:36+00:00","dateModified":"2023-01-24T16:19:25+00:00","breadcrumb":{"@id":"https:\/\/uhfp.centre-inffo.fr\/2023\/mazenq\/#breadcrumb"},"inLanguage":"fr-FR","potentialAction":[{"@type":"ReadAction","target":["https:\/\/uhfp.centre-inffo.fr\/2023\/mazenq\/"]}]},{"@type":"BreadcrumbList","@id":"https:\/\/uhfp.centre-inffo.fr\/2023\/mazenq\/#breadcrumb","itemListElement":[{"@type":"ListItem","position":1,"name":"Accueil","item":"https:\/\/uhfp.centre-inffo.fr\/2023\/"},{"@type":"ListItem","position":2,"name":"Intervenants","item":"https:\/\/uhfp.centre-inffo.fr\/2023\/rubrique\/intervenants\/"},{"@type":"ListItem","position":3,"name":"Mazenq"}]},{"@type":"WebSite","@id":"https:\/\/uhfp.centre-inffo.fr\/2023\/#website","url":"https:\/\/uhfp.centre-inffo.fr\/2023\/","name":"18e Universit\u00e9 d&#039;Hiver de la Formation Professionnelle","description":"Comp\u00e9tences 2030 : r\u00e9ussir ensemble les transitions ! - Du 25 au 27 janvier 2023, \u00e0 Cannes","publisher":{"@id":"https:\/\/uhfp.centre-inffo.fr\/2023\/#organization"},"potentialAction":[{"@type":"SearchAction","target":{"@type":"EntryPoint","urlTemplate":"https:\/\/uhfp.centre-inffo.fr\/2023\/?s={search_term_string}"},"query-input":"required name=search_term_string"}],"inLanguage":"fr-FR"},{"@type":"Organization","@id":"https:\/\/uhfp.centre-inffo.fr\/2023\/#organization","name":"Centre Inffo","url":"https:\/\/uhfp.centre-inffo.fr\/2023\/","logo":{"@type":"ImageObject","inLanguage":"fr-FR","@id":"https:\/\/uhfp.centre-inffo.fr\/2023\/#\/schema\/logo\/image\/","url":"","contentUrl":"","caption":"Centre Inffo"},"image":{"@id":"https:\/\/uhfp.centre-inffo.fr\/2023\/#\/schema\/logo\/image\/"},"sameAs":["https:\/\/www.facebook.com\/centreinffo","https:\/\/twitter.com\/centreinffo","https:\/\/www.linkedin.com\/company\/centre-inffo\/","https:\/\/www.youtube.com\/user\/centreinffo"]}]}},"_links":{"self":[{"href":"https:\/\/uhfp.centre-inffo.fr\/2023\/wp-json\/wp\/v2\/pages\/4766"}],"collection":[{"href":"https:\/\/uhfp.centre-inffo.fr\/2023\/wp-json\/wp\/v2\/pages"}],"about":[{"href":"https:\/\/uhfp.centre-inffo.fr\/2023\/wp-json\/wp\/v2\/types\/page"}],"author":[{"embeddable":true,"href":"https:\/\/uhfp.centre-inffo.fr\/2023\/wp-json\/wp\/v2\/users\/1"}],"replies":[{"embeddable":true,"href":"https:\/\/uhfp.centre-inffo.fr\/2023\/wp-json\/wp\/v2\/comments?post=4766"}],"version-history":[{"count":6,"href":"https:\/\/uhfp.centre-inffo.fr\/2023\/wp-json\/wp\/v2\/pages\/4766\/revisions"}],"predecessor-version":[{"id":5340,"href":"https:\/\/uhfp.centre-inffo.fr\/2023\/wp-json\/wp\/v2\/pages\/4766\/revisions\/5340"}],"wp:featuredmedia":[{"embeddable":true,"href":"https:\/\/uhfp.centre-inffo.fr\/2023\/wp-json\/wp\/v2\/media\/5256"}],"wp:attachment":[{"href":"https:\/\/uhfp.centre-inffo.fr\/2023\/wp-json\/wp\/v2\/media?parent=4766"}],"wp:term":[{"taxonomy":"category","embeddable":true,"href":"https:\/\/uhfp.centre-inffo.fr\/2023\/wp-json\/wp\/v2\/categories?post=4766"},{"taxonomy":"post_tag","embeddable":true,"href":"https:\/\/uhfp.centre-inffo.fr\/2023\/wp-json\/wp\/v2\/tags?post=4766"},{"taxonomy":"wf_page_folders","embeddable":true,"href":"https:\/\/uhfp.centre-inffo.fr\/2023\/wp-json\/wp\/v2\/wf_page_folders?post=4766"}],"curies":[{"name":"wp","href":"https:\/\/api.w.org\/{rel}","templated":true}]}}

<p>Chargée du management de la formation qualifiante pour les demandeurs d’emploi et de politiques d’appui à  l’innovation pédagogique à la Région Occitanie, Isabelle Mazenq a une expérience de près de 30 ans dans le pilotage de politiques publiques en matière de formation et d’emploi : d’abord au sein des services de l’Etat (Préfecture de Savoie et Directions du travail de Savoie et d’Aveyron) puis d’institutions régionales (Rhône-Alpes et Occitanie ensuite).</p>
<p>Diplômée d’un 3<sup>e</sup> cycle en sciences économiques, Isabelle s’investit très vite dans la problématique de la formation comme outil de développement local. Elle y construit son expertise comme praticienne des relations emploi/formation en liaison avec les acteurs de l’écosystème.</p>
<p>Evoluant de fonctions de chargée de mission, sur le terrain comme au siège de ses administrations, vers des fonctions de management, Isabelle a ainsi abordé quasiment tous les domaines :</p>
<ul>
<li>l’orientation à travers la mise en place du SPRO et le partenariat avec les missions locales,</li>
<li>la formation à travers l’achat de formation pour les demandeurs d’emploi, les politiques de formation des salariés et la digitalisation/l’hybridation,</li>
<li>le déploiement de la VAE,</li>
<li>l’emploi à travers l’accompagnement au recrutement et l’appui des entreprises dans leur gestion ressources humaines,</li>
<li>l’articulation des acteurs à travers le déploiement de démarches de GTECT et le pilotage de contractualisation entre financeurs.</li>
</ul>
<h3>Intervention</h3>
<ul>
<li><a href="/2023/b3-20-at-la-reconversion-professionnelle-au-service-de-la-gtec/">B3.20 AT : La reconversion professionnelle au service de la GTEC</a></li>
</ul>

<p>Chargée du management de la formation qualifiante pour les demandeurs d’emploi et de politiques d’appui à  l’innovation pédagogique à la Région Occitanie, Isabelle Mazenq a une expérience de près de &hellip; </p>

<!-- This site is optimized with the Yoast SEO plugin v20.3 - https://yoast.com/wordpress/plugins/seo/ -->
<title>Mazenq - 18e Université d&#039;Hiver de la Formation Professionnelle</title>
<meta name="robots" content="index, follow, max-snippet:-1, max-image-preview:large, max-video-preview:-1" />
<link rel="canonical" href="https://uhfp.centre-inffo.fr/2023/mazenq/" />
<meta property="og:locale" content="fr_FR" />
<meta property="og:type" content="article" />
<meta property="og:title" content="Mazenq - 18e Université d&#039;Hiver de la Formation Professionnelle" />
<meta property="og:description" content="Chargée du management de la formation qualifiante pour les demandeurs d’emploi et de politiques d’appui à  l’innovation pédagogique à la Région Occitanie, Isabelle Mazenq a une expérience de près de &hellip;" />
<meta property="og:url" content="https://uhfp.centre-inffo.fr/2023/mazenq/" />
<meta property="og:site_name" content="18e Université d&#039;Hiver de la Formation Professionnelle" />
<meta property="article:publisher" content="https://www.facebook.com/centreinffo" />
<meta property="article:modified_time" content="2023-01-24T16:19:25+00:00" />
<meta property="og:image" content="https://uhfp.centre-inffo.fr/2023/wp-content/uploads/2023/01/Mazenq-1.png" />
	<meta property="og:image:width" content="300" />
	<meta property="og:image:height" content="300" />
	<meta property="og:image:type" content="image/png" />
<meta name="twitter:card" content="summary_large_image" />
<meta name="twitter:site" content="@centreinffo" />
<meta name="twitter:label1" content="Durée de lecture estimée" />
	<meta name="twitter:data1" content="2 minutes" />
<script type="application/ld+json" class="yoast-schema-graph">{"@context":"https://schema.org","@graph":[{"@type":"WebPage","@id":"https://uhfp.centre-inffo.fr/2023/mazenq/","url":"https://uhfp.centre-inffo.fr/2023/mazenq/","name":"Mazenq - 18e Université d&#039;Hiver de la Formation Professionnelle","isPartOf":{"@id":"https://uhfp.centre-inffo.fr/2023/#website"},"datePublished":"2022-12-02T10:52:36+00:00","dateModified":"2023-01-24T16:19:25+00:00","breadcrumb":{"@id":"https://uhfp.centre-inffo.fr/2023/mazenq/#breadcrumb"},"inLanguage":"fr-FR","potentialAction":[{"@type":"ReadAction","target":["https://uhfp.centre-inffo.fr/2023/mazenq/"]}]},{"@type":"BreadcrumbList","@id":"https://uhfp.centre-inffo.fr/2023/mazenq/#breadcrumb","itemListElement":[{"@type":"ListItem","position":1,"name":"Accueil","item":"https://uhfp.centre-inffo.fr/2023/"},{"@type":"ListItem","position":2,"name":"Intervenants","item":"https://uhfp.centre-inffo.fr/2023/rubrique/intervenants/"},{"@type":"ListItem","position":3,"name":"Mazenq"}]},{"@type":"WebSite","@id":"https://uhfp.centre-inffo.fr/2023/#website","url":"https://uhfp.centre-inffo.fr/2023/","name":"18e Université d&#039;Hiver de la Formation Professionnelle","description":"Compétences 2030 : réussir ensemble les transitions ! - Du 25 au 27 janvier 2023, à Cannes","publisher":{"@id":"https://uhfp.centre-inffo.fr/2023/#organization"},"potentialAction":[{"@type":"SearchAction","target":{"@type":"EntryPoint","urlTemplate":"https://uhfp.centre-inffo.fr/2023/?s={search_term_string}"},"query-input":"required name=search_term_string"}],"inLanguage":"fr-FR"},{"@type":"Organization","@id":"https://uhfp.centre-inffo.fr/2023/#organization","name":"Centre Inffo","url":"https://uhfp.centre-inffo.fr/2023/","logo":{"@type":"ImageObject","inLanguage":"fr-FR","@id":"https://uhfp.centre-inffo.fr/2023/#/schema/logo/image/","url":"","contentUrl":"","caption":"Centre Inffo"},"image":{"@id":"https://uhfp.centre-inffo.fr/2023/#/schema/logo/image/"},"sameAs":["https://www.facebook.com/centreinffo","https://twitter.com/centreinffo","https://www.linkedin.com/company/centre-inffo/","https://www.youtube.com/user/centreinffo"]}]}</script>
<!-- / Yoast SEO plugin. -->

Mazenq - 18e Université d&#039;Hiver de la Formation Professionnelle

Chargée du management de la formation qualifiante pour les demandeurs d’emploi et de politiques d’appui à  l’innovation pédagogique à la Région Occitanie, Isabelle Mazenq a une expérience de près de &hellip;

18e Université d&#039;Hiver de la Formation Professionnelle

Compétences 2030 : réussir ensemble les transitions ! - Du 25 au 27 janvier 2023, à Cannes
