{"id":5007,"date":"2023-01-17T16:34:38","date_gmt":"2023-01-17T15:34:38","guid":{"rendered":"https:\/\/uhfp.centre-inffo.fr\/2023\/?page_id=5007"},"modified":"2023-01-19T16:22:02","modified_gmt":"2023-01-19T15:22:02","slug":"c2-30-tr-recruter-autrement-sourcing-sur-mesure-pour-les-entreprises-de-la-region-sud","status":"publish","type":"page","link":"https:\/\/uhfp.centre-inffo.fr\/2023\/c2-30-tr-recruter-autrement-sourcing-sur-mesure-pour-les-entreprises-de-la-region-sud\/","title":{"rendered":"C2.30 AT : Recruter autrement : sourcing sur mesure pour les entreprises de la r\u00e9gion Sud"},"content":{"rendered":"<p>Dans un contexte de forte reprise \u00e9conomique, le niveau d\u2019emploi atteint son plus haut niveau, plusieurs secteurs d\u2019activit\u00e9 sont confront\u00e9s \u00e0 des difficult\u00e9s de recrutement qui, si elles ne sont pas prises en compte, pourraient ralentir le retour \u00e0 une croissance qui doit b\u00e9n\u00e9ficier \u00e0 tous. Comment assurer l\u2019\u00e9quilibre entre besoins des entreprises, tensions structurelles et aspirations des personnes en recherche d\u2019emploi\u00a0?<\/p>\n<p>La R\u00e9gion Provence Alpes C\u00f4te d\u2019Azur et P\u00f4le emploi ont d\u00e9cid\u00e9 de d\u00e9ployer le dispositif de d\u00e9tection de potentiel. Inspir\u00e9e de la m\u00e9thode de recrutement par simulation (MRS), ce dispositif s\u2019appuie notamment sur l\u2019implication des entreprises.<\/p>\n<h3>Intervenants<\/h3>\n<ul type=\"disc\">\n<li class=\"x_MsoListParagraph\"><a href=\"\/2023\/delhoume\/\">Philippe Delhoume<\/a> &#8211; Directeur de l\u2019emploi, de la formation et de l\u2019information aux m\u00e9tiers, R\u00e9gions Provence-Alpes-C\u00f4te d\u2019Azur<\/li>\n<li class=\"x_MsoListParagraph\"><a href=\"\/2023\/thiebaud\/\">Virginie Thiebaud<\/a> &#8211; Responsable de l\u2019\u00e9quipe d\u00e9di\u00e9e \u00ab Potentiels d\u2019avenir \u00bb, P\u00f4le emploi<\/li>\n<\/ul>\n","protected":false},"excerpt":{"rendered":"<p>Dans un contexte de forte reprise \u00e9conomique, le niveau d\u2019emploi atteint son plus haut niveau, plusieurs secteurs d\u2019activit\u00e9 sont confront\u00e9s \u00e0 des difficult\u00e9s de recrutement qui, si elles ne sont &hellip; <\/p>\n","protected":false},"author":1,"featured_media":0,"parent":0,"menu_order":0,"comment_status":"closed","ping_status":"closed","template":"","meta":[],"categories":[40,38],"tags":[],"wf_page_folders":[87],"acf":[],"yoast_head":"<!-- This site is optimized with the Yoast SEO plugin v20.3 - https:\/\/yoast.com\/wordpress\/plugins\/seo\/ -->\n<title>C2.30 AT : Recruter autrement : sourcing sur mesure pour les entreprises de la r\u00e9gion Sud - 18e Universit\u00e9 d&#039;Hiver de la Formation Professionnelle<\/title>\n<meta name=\"robots\" content=\"index, follow, max-snippet:-1, max-image-preview:large, max-video-preview:-1\" \/>\n<link rel=\"canonical\" href=\"https:\/\/uhfp.centre-inffo.fr\/2023\/c2-30-tr-recruter-autrement-sourcing-sur-mesure-pour-les-entreprises-de-la-region-sud\/\" \/>\n<meta property=\"og:locale\" content=\"fr_FR\" \/>\n<meta property=\"og:type\" content=\"article\" \/>\n<meta property=\"og:title\" content=\"C2.30 AT : Recruter autrement : sourcing sur mesure pour les entreprises de la r\u00e9gion Sud - 18e Universit\u00e9 d&#039;Hiver de la Formation Professionnelle\" \/>\n<meta property=\"og:description\" content=\"Dans un contexte de forte reprise \u00e9conomique, le niveau d\u2019emploi atteint son plus haut niveau, plusieurs secteurs d\u2019activit\u00e9 sont confront\u00e9s \u00e0 des difficult\u00e9s de recrutement qui, si elles ne sont &hellip;\" \/>\n<meta property=\"og:url\" content=\"https:\/\/uhfp.centre-inffo.fr\/2023\/c2-30-tr-recruter-autrement-sourcing-sur-mesure-pour-les-entreprises-de-la-region-sud\/\" \/>\n<meta property=\"og:site_name\" content=\"18e Universit\u00e9 d&#039;Hiver de la Formation Professionnelle\" \/>\n<meta property=\"article:publisher\" content=\"https:\/\/www.facebook.com\/centreinffo\" \/>\n<meta property=\"article:modified_time\" content=\"2023-01-19T15:22:02+00:00\" \/>\n<meta name=\"twitter:card\" content=\"summary_large_image\" \/>\n<meta name=\"twitter:site\" content=\"@centreinffo\" \/>\n<meta name=\"twitter:label1\" content=\"Dur\u00e9e de lecture estim\u00e9e\" \/>\n\t<meta name=\"twitter:data1\" content=\"1 minute\" \/>\n<script type=\"application\/ld+json\" class=\"yoast-schema-graph\">{\"@context\":\"https:\/\/schema.org\",\"@graph\":[{\"@type\":\"WebPage\",\"@id\":\"https:\/\/uhfp.centre-inffo.fr\/2023\/c2-30-tr-recruter-autrement-sourcing-sur-mesure-pour-les-entreprises-de-la-region-sud\/\",\"url\":\"https:\/\/uhfp.centre-inffo.fr\/2023\/c2-30-tr-recruter-autrement-sourcing-sur-mesure-pour-les-entreprises-de-la-region-sud\/\",\"name\":\"C2.30 AT : Recruter autrement : sourcing sur mesure pour les entreprises de la r\u00e9gion Sud - 18e Universit\u00e9 d&#039;Hiver de la Formation Professionnelle\",\"isPartOf\":{\"@id\":\"https:\/\/uhfp.centre-inffo.fr\/2023\/#website\"},\"datePublished\":\"2023-01-17T15:34:38+00:00\",\"dateModified\":\"2023-01-19T15:22:02+00:00\",\"breadcrumb\":{\"@id\":\"https:\/\/uhfp.centre-inffo.fr\/2023\/c2-30-tr-recruter-autrement-sourcing-sur-mesure-pour-les-entreprises-de-la-region-sud\/#breadcrumb\"},\"inLanguage\":\"fr-FR\",\"potentialAction\":[{\"@type\":\"ReadAction\",\"target\":[\"https:\/\/uhfp.centre-inffo.fr\/2023\/c2-30-tr-recruter-autrement-sourcing-sur-mesure-pour-les-entreprises-de-la-region-sud\/\"]}]},{\"@type\":\"BreadcrumbList\",\"@id\":\"https:\/\/uhfp.centre-inffo.fr\/2023\/c2-30-tr-recruter-autrement-sourcing-sur-mesure-pour-les-entreprises-de-la-region-sud\/#breadcrumb\",\"itemListElement\":[{\"@type\":\"ListItem\",\"position\":1,\"name\":\"Accueil\",\"item\":\"https:\/\/uhfp.centre-inffo.fr\/2023\/\"},{\"@type\":\"ListItem\",\"position\":2,\"name\":\"Programme\",\"item\":\"https:\/\/uhfp.centre-inffo.fr\/2023\/rubrique\/programme\/\"},{\"@type\":\"ListItem\",\"position\":3,\"name\":\"C2.30 AT : Recruter autrement : sourcing sur mesure pour les entreprises de la r\u00e9gion Sud\"}]},{\"@type\":\"WebSite\",\"@id\":\"https:\/\/uhfp.centre-inffo.fr\/2023\/#website\",\"url\":\"https:\/\/uhfp.centre-inffo.fr\/2023\/\",\"name\":\"18e Universit\u00e9 d&#039;Hiver de la Formation Professionnelle\",\"description\":\"Comp\u00e9tences 2030 : r\u00e9ussir ensemble les transitions ! - Du 25 au 27 janvier 2023, \u00e0 Cannes\",\"publisher\":{\"@id\":\"https:\/\/uhfp.centre-inffo.fr\/2023\/#organization\"},\"potentialAction\":[{\"@type\":\"SearchAction\",\"target\":{\"@type\":\"EntryPoint\",\"urlTemplate\":\"https:\/\/uhfp.centre-inffo.fr\/2023\/?s={search_term_string}\"},\"query-input\":\"required name=search_term_string\"}],\"inLanguage\":\"fr-FR\"},{\"@type\":\"Organization\",\"@id\":\"https:\/\/uhfp.centre-inffo.fr\/2023\/#organization\",\"name\":\"Centre Inffo\",\"url\":\"https:\/\/uhfp.centre-inffo.fr\/2023\/\",\"logo\":{\"@type\":\"ImageObject\",\"inLanguage\":\"fr-FR\",\"@id\":\"https:\/\/uhfp.centre-inffo.fr\/2023\/#\/schema\/logo\/image\/\",\"url\":\"\",\"contentUrl\":\"\",\"caption\":\"Centre Inffo\"},\"image\":{\"@id\":\"https:\/\/uhfp.centre-inffo.fr\/2023\/#\/schema\/logo\/image\/\"},\"sameAs\":[\"https:\/\/www.facebook.com\/centreinffo\",\"https:\/\/twitter.com\/centreinffo\",\"https:\/\/www.linkedin.com\/company\/centre-inffo\/\",\"https:\/\/www.youtube.com\/user\/centreinffo\"]}]}<\/script>\n<!-- \/ Yoast SEO plugin. -->","yoast_head_json":{"title":"C2.30 AT : Recruter autrement : sourcing sur mesure pour les entreprises de la r\u00e9gion Sud - 18e Universit\u00e9 d&#039;Hiver de la Formation Professionnelle","robots":{"index":"index","follow":"follow","max-snippet":"max-snippet:-1","max-image-preview":"max-image-preview:large","max-video-preview":"max-video-preview:-1"},"canonical":"https:\/\/uhfp.centre-inffo.fr\/2023\/c2-30-tr-recruter-autrement-sourcing-sur-mesure-pour-les-entreprises-de-la-region-sud\/","og_locale":"fr_FR","og_type":"article","og_title":"C2.30 AT : Recruter autrement : sourcing sur mesure pour les entreprises de la r\u00e9gion Sud - 18e Universit\u00e9 d&#039;Hiver de la Formation Professionnelle","og_description":"Dans un contexte de forte reprise \u00e9conomique, le niveau d\u2019emploi atteint son plus haut niveau, plusieurs secteurs d\u2019activit\u00e9 sont confront\u00e9s \u00e0 des difficult\u00e9s de recrutement qui, si elles ne sont &hellip;","og_url":"https:\/\/uhfp.centre-inffo.fr\/2023\/c2-30-tr-recruter-autrement-sourcing-sur-mesure-pour-les-entreprises-de-la-region-sud\/","og_site_name":"18e Universit\u00e9 d&#039;Hiver de la Formation Professionnelle","article_publisher":"https:\/\/www.facebook.com\/centreinffo","article_modified_time":"2023-01-19T15:22:02+00:00","twitter_card":"summary_large_image","twitter_site":"@centreinffo","twitter_misc":{"Dur\u00e9e de lecture estim\u00e9e":"1 minute"},"schema":{"@context":"https:\/\/schema.org","@graph":[{"@type":"WebPage","@id":"https:\/\/uhfp.centre-inffo.fr\/2023\/c2-30-tr-recruter-autrement-sourcing-sur-mesure-pour-les-entreprises-de-la-region-sud\/","url":"https:\/\/uhfp.centre-inffo.fr\/2023\/c2-30-tr-recruter-autrement-sourcing-sur-mesure-pour-les-entreprises-de-la-region-sud\/","name":"C2.30 AT : Recruter autrement : sourcing sur mesure pour les entreprises de la r\u00e9gion Sud - 18e Universit\u00e9 d&#039;Hiver de la Formation Professionnelle","isPartOf":{"@id":"https:\/\/uhfp.centre-inffo.fr\/2023\/#website"},"datePublished":"2023-01-17T15:34:38+00:00","dateModified":"2023-01-19T15:22:02+00:00","breadcrumb":{"@id":"https:\/\/uhfp.centre-inffo.fr\/2023\/c2-30-tr-recruter-autrement-sourcing-sur-mesure-pour-les-entreprises-de-la-region-sud\/#breadcrumb"},"inLanguage":"fr-FR","potentialAction":[{"@type":"ReadAction","target":["https:\/\/uhfp.centre-inffo.fr\/2023\/c2-30-tr-recruter-autrement-sourcing-sur-mesure-pour-les-entreprises-de-la-region-sud\/"]}]},{"@type":"BreadcrumbList","@id":"https:\/\/uhfp.centre-inffo.fr\/2023\/c2-30-tr-recruter-autrement-sourcing-sur-mesure-pour-les-entreprises-de-la-region-sud\/#breadcrumb","itemListElement":[{"@type":"ListItem","position":1,"name":"Accueil","item":"https:\/\/uhfp.centre-inffo.fr\/2023\/"},{"@type":"ListItem","position":2,"name":"Programme","item":"https:\/\/uhfp.centre-inffo.fr\/2023\/rubrique\/programme\/"},{"@type":"ListItem","position":3,"name":"C2.30 AT : Recruter autrement : sourcing sur mesure pour les entreprises de la r\u00e9gion Sud"}]},{"@type":"WebSite","@id":"https:\/\/uhfp.centre-inffo.fr\/2023\/#website","url":"https:\/\/uhfp.centre-inffo.fr\/2023\/","name":"18e Universit\u00e9 d&#039;Hiver de la Formation Professionnelle","description":"Comp\u00e9tences 2030 : r\u00e9ussir ensemble les transitions ! - Du 25 au 27 janvier 2023, \u00e0 Cannes","publisher":{"@id":"https:\/\/uhfp.centre-inffo.fr\/2023\/#organization"},"potentialAction":[{"@type":"SearchAction","target":{"@type":"EntryPoint","urlTemplate":"https:\/\/uhfp.centre-inffo.fr\/2023\/?s={search_term_string}"},"query-input":"required name=search_term_string"}],"inLanguage":"fr-FR"},{"@type":"Organization","@id":"https:\/\/uhfp.centre-inffo.fr\/2023\/#organization","name":"Centre Inffo","url":"https:\/\/uhfp.centre-inffo.fr\/2023\/","logo":{"@type":"ImageObject","inLanguage":"fr-FR","@id":"https:\/\/uhfp.centre-inffo.fr\/2023\/#\/schema\/logo\/image\/","url":"","contentUrl":"","caption":"Centre Inffo"},"image":{"@id":"https:\/\/uhfp.centre-inffo.fr\/2023\/#\/schema\/logo\/image\/"},"sameAs":["https:\/\/www.facebook.com\/centreinffo","https:\/\/twitter.com\/centreinffo","https:\/\/www.linkedin.com\/company\/centre-inffo\/","https:\/\/www.youtube.com\/user\/centreinffo"]}]}},"_links":{"self":[{"href":"https:\/\/uhfp.centre-inffo.fr\/2023\/wp-json\/wp\/v2\/pages\/5007"}],"collection":[{"href":"https:\/\/uhfp.centre-inffo.fr\/2023\/wp-json\/wp\/v2\/pages"}],"about":[{"href":"https:\/\/uhfp.centre-inffo.fr\/2023\/wp-json\/wp\/v2\/types\/page"}],"author":[{"embeddable":true,"href":"https:\/\/uhfp.centre-inffo.fr\/2023\/wp-json\/wp\/v2\/users\/1"}],"replies":[{"embeddable":true,"href":"https:\/\/uhfp.centre-inffo.fr\/2023\/wp-json\/wp\/v2\/comments?post=5007"}],"version-history":[{"count":7,"href":"https:\/\/uhfp.centre-inffo.fr\/2023\/wp-json\/wp\/v2\/pages\/5007\/revisions"}],"predecessor-version":[{"id":5174,"href":"https:\/\/uhfp.centre-inffo.fr\/2023\/wp-json\/wp\/v2\/pages\/5007\/revisions\/5174"}],"wp:attachment":[{"href":"https:\/\/uhfp.centre-inffo.fr\/2023\/wp-json\/wp\/v2\/media?parent=5007"}],"wp:term":[{"taxonomy":"category","embeddable":true,"href":"https:\/\/uhfp.centre-inffo.fr\/2023\/wp-json\/wp\/v2\/categories?post=5007"},{"taxonomy":"post_tag","embeddable":true,"href":"https:\/\/uhfp.centre-inffo.fr\/2023\/wp-json\/wp\/v2\/tags?post=5007"},{"taxonomy":"wf_page_folders","embeddable":true,"href":"https:\/\/uhfp.centre-inffo.fr\/2023\/wp-json\/wp\/v2\/wf_page_folders?post=5007"}],"curies":[{"name":"wp","href":"https:\/\/api.w.org\/{rel}","templated":true}]}}

C2.30 AT : Recruter autrement : sourcing sur mesure pour les entreprises de la région Sud

<p>Dans un contexte de forte reprise économique, le niveau d’emploi atteint son plus haut niveau, plusieurs secteurs d’activité sont confrontés à des difficultés de recrutement qui, si elles ne sont pas prises en compte, pourraient ralentir le retour à une croissance qui doit bénéficier à tous. Comment assurer l’équilibre entre besoins des entreprises, tensions structurelles et aspirations des personnes en recherche d’emploi ?</p>
<p>La Région Provence Alpes Côte d’Azur et Pôle emploi ont décidé de déployer le dispositif de détection de potentiel. Inspirée de la méthode de recrutement par simulation (MRS), ce dispositif s’appuie notamment sur l’implication des entreprises.</p>
<h3>Intervenants</h3>
<ul type="disc">
<li class="x_MsoListParagraph"><a href="/2023/delhoume/">Philippe Delhoume</a> &#8211; Directeur de l’emploi, de la formation et de l’information aux métiers, Régions Provence-Alpes-Côte d’Azur</li>
<li class="x_MsoListParagraph"><a href="/2023/thiebaud/">Virginie Thiebaud</a> &#8211; Responsable de l’équipe dédiée « Potentiels d’avenir », Pôle emploi</li>
</ul>

<p>Dans un contexte de forte reprise économique, le niveau d’emploi atteint son plus haut niveau, plusieurs secteurs d’activité sont confrontés à des difficultés de recrutement qui, si elles ne sont &hellip; </p>

<!-- This site is optimized with the Yoast SEO plugin v20.3 - https://yoast.com/wordpress/plugins/seo/ -->
<title>C2.30 AT : Recruter autrement : sourcing sur mesure pour les entreprises de la région Sud - 18e Université d&#039;Hiver de la Formation Professionnelle</title>
<meta name="robots" content="index, follow, max-snippet:-1, max-image-preview:large, max-video-preview:-1" />
<link rel="canonical" href="https://uhfp.centre-inffo.fr/2023/c2-30-tr-recruter-autrement-sourcing-sur-mesure-pour-les-entreprises-de-la-region-sud/" />
<meta property="og:locale" content="fr_FR" />
<meta property="og:type" content="article" />
<meta property="og:title" content="C2.30 AT : Recruter autrement : sourcing sur mesure pour les entreprises de la région Sud - 18e Université d&#039;Hiver de la Formation Professionnelle" />
<meta property="og:description" content="Dans un contexte de forte reprise économique, le niveau d’emploi atteint son plus haut niveau, plusieurs secteurs d’activité sont confrontés à des difficultés de recrutement qui, si elles ne sont &hellip;" />
<meta property="og:url" content="https://uhfp.centre-inffo.fr/2023/c2-30-tr-recruter-autrement-sourcing-sur-mesure-pour-les-entreprises-de-la-region-sud/" />
<meta property="og:site_name" content="18e Université d&#039;Hiver de la Formation Professionnelle" />
<meta property="article:publisher" content="https://www.facebook.com/centreinffo" />
<meta property="article:modified_time" content="2023-01-19T15:22:02+00:00" />
<meta name="twitter:card" content="summary_large_image" />
<meta name="twitter:site" content="@centreinffo" />
<meta name="twitter:label1" content="Durée de lecture estimée" />
	<meta name="twitter:data1" content="1 minute" />
<script type="application/ld+json" class="yoast-schema-graph">{"@context":"https://schema.org","@graph":[{"@type":"WebPage","@id":"https://uhfp.centre-inffo.fr/2023/c2-30-tr-recruter-autrement-sourcing-sur-mesure-pour-les-entreprises-de-la-region-sud/","url":"https://uhfp.centre-inffo.fr/2023/c2-30-tr-recruter-autrement-sourcing-sur-mesure-pour-les-entreprises-de-la-region-sud/","name":"C2.30 AT : Recruter autrement : sourcing sur mesure pour les entreprises de la région Sud - 18e Université d&#039;Hiver de la Formation Professionnelle","isPartOf":{"@id":"https://uhfp.centre-inffo.fr/2023/#website"},"datePublished":"2023-01-17T15:34:38+00:00","dateModified":"2023-01-19T15:22:02+00:00","breadcrumb":{"@id":"https://uhfp.centre-inffo.fr/2023/c2-30-tr-recruter-autrement-sourcing-sur-mesure-pour-les-entreprises-de-la-region-sud/#breadcrumb"},"inLanguage":"fr-FR","potentialAction":[{"@type":"ReadAction","target":["https://uhfp.centre-inffo.fr/2023/c2-30-tr-recruter-autrement-sourcing-sur-mesure-pour-les-entreprises-de-la-region-sud/"]}]},{"@type":"BreadcrumbList","@id":"https://uhfp.centre-inffo.fr/2023/c2-30-tr-recruter-autrement-sourcing-sur-mesure-pour-les-entreprises-de-la-region-sud/#breadcrumb","itemListElement":[{"@type":"ListItem","position":1,"name":"Accueil","item":"https://uhfp.centre-inffo.fr/2023/"},{"@type":"ListItem","position":2,"name":"Programme","item":"https://uhfp.centre-inffo.fr/2023/rubrique/programme/"},{"@type":"ListItem","position":3,"name":"C2.30 AT : Recruter autrement : sourcing sur mesure pour les entreprises de la région Sud"}]},{"@type":"WebSite","@id":"https://uhfp.centre-inffo.fr/2023/#website","url":"https://uhfp.centre-inffo.fr/2023/","name":"18e Université d&#039;Hiver de la Formation Professionnelle","description":"Compétences 2030 : réussir ensemble les transitions ! - Du 25 au 27 janvier 2023, à Cannes","publisher":{"@id":"https://uhfp.centre-inffo.fr/2023/#organization"},"potentialAction":[{"@type":"SearchAction","target":{"@type":"EntryPoint","urlTemplate":"https://uhfp.centre-inffo.fr/2023/?s={search_term_string}"},"query-input":"required name=search_term_string"}],"inLanguage":"fr-FR"},{"@type":"Organization","@id":"https://uhfp.centre-inffo.fr/2023/#organization","name":"Centre Inffo","url":"https://uhfp.centre-inffo.fr/2023/","logo":{"@type":"ImageObject","inLanguage":"fr-FR","@id":"https://uhfp.centre-inffo.fr/2023/#/schema/logo/image/","url":"","contentUrl":"","caption":"Centre Inffo"},"image":{"@id":"https://uhfp.centre-inffo.fr/2023/#/schema/logo/image/"},"sameAs":["https://www.facebook.com/centreinffo","https://twitter.com/centreinffo","https://www.linkedin.com/company/centre-inffo/","https://www.youtube.com/user/centreinffo"]}]}</script>
<!-- / Yoast SEO plugin. -->

C2.30 AT : Recruter autrement : sourcing sur mesure pour les entreprises de la région Sud - 18e Université d&#039;Hiver de la Formation Professionnelle

Dans un contexte de forte reprise économique, le niveau d’emploi atteint son plus haut niveau, plusieurs secteurs d’activité sont confrontés à des difficultés de recrutement qui, si elles ne sont &hellip;

18e Université d&#039;Hiver de la Formation Professionnelle

Compétences 2030 : réussir ensemble les transitions ! - Du 25 au 27 janvier 2023, à Cannes
