{"id":511,"date":"2022-06-04T13:26:20","date_gmt":"2022-06-04T11:26:20","guid":{"rendered":"https:\/\/uhfp.centre-inffo.fr\/2023\/?page_id=511"},"modified":"2022-10-12T10:09:57","modified_gmt":"2022-10-12T08:09:57","slug":"venir-a-l-uhfp","status":"publish","type":"page","link":"https:\/\/uhfp.centre-inffo.fr\/2023\/venir-a-l-uhfp\/","title":{"rendered":"Venir \u00e0 l&rsquo;UHFP"},"content":{"rendered":"\n<hr class=\"wp-block-separator has-alpha-channel-opacity\"\/>\n\n\n\n<div class=\"wp-block-columns is-layout-flex wp-container-4\">\n<div class=\"wp-block-column is-layout-flow\">\n<h3 class=\"in-page-title wp-block-heading\">Par la route<\/h3>\n\n\n\n<hr class=\"wp-block-separator has-alpha-channel-opacity\"\/>\n\n\n\n<p class=\"x_MsoNormal\"><strong>Pensez au covoiturage&nbsp;pour votre d\u00e9placement !<\/strong><\/p>\n<p class=\"x_MsoNormal\">5 bonnes raisons de covoiturer&nbsp;:<\/p>\n<ol start=\"1\" type=\"1\">\n<li class=\"x_MsoListParagraph\">Faire un geste pour l\u2019environnement<\/li>\n<li class=\"x_MsoListParagraph\">R\u00e9aliser des \u00e9conomies<\/li>\n<li class=\"x_MsoListParagraph\">Se d\u00e9placer avec flexibilit\u00e9<\/li>\n<li class=\"x_MsoListParagraph\">Partager des trajets conviviaux<\/li>\n<li class=\"x_MsoListParagraph\">D\u00e9sencombrer les routes<\/li>\n<\/ol>\n\n\n\n<hr class=\"wp-block-separator has-alpha-channel-opacity\"\/>\n\n\n\n<p>Cannes est reli\u00e9e \u00e0 toutes les grandes villes d \u2019Europe par le r\u00e9seau autoroutier.<div class=\"su-spoiler su-spoiler-style-default su-spoiler-icon-plus su-spoiler-closed\" data-scroll-offset=\"0\" data-anchor-in-url=\"no\"><div class=\"su-spoiler-title\" tabindex=\"0\" role=\"button\"><span class=\"su-spoiler-icon\"><\/span>Plus d'infos<\/div><div class=\"su-spoiler-content su-u-clearfix su-u-trim\">La ville est desservie par l\u2019autoroute A8 \u00ab La Proven\u00e7ale \u00bb (sortie N\u00b043 Cannes La Bocca ou sortie Mougins\/Cannes), en provenance d\u2019Aix en Provence \u00e0 l\u2019ouest et d\u2019Italie \u00e0 l\u2019est.<\/p>\n<p>Quelques exemples de distances kilom\u00e9triques : Paris 950 km \u2013 Milan 320 km \u2013 Gen\u00e8ve 630 km \u2013 Barcelone 670 km \u2013 Rome 710 km &#8211; Munich 810 km \u2013 Bruxelles 1220 km \u2013 Amsterdam 1400 km.<\/p>\n<p>La route Napol\u00e9on (N85) de Golfe Juan \u00e0 Grenoble, retrace le parcours historique de l\u2019Empereur, au retour de l\u2019ile d\u2019Elbe en 1815.<\/div><\/div>\n<\/div>\n\n\n\n<div class=\"wp-block-column is-layout-flow\">\n<h3 class=\"in-page-title wp-block-heading\">Par le train<\/h3>\n\n\n\n<hr class=\"wp-block-separator has-alpha-channel-opacity\"\/>\n\n\n\n<p>La ville de Cannes est desservie par TGV, train Corail et train express qui la relient \u00e0 toutes les r\u00e9gions fran\u00e7aises et aux plus grandes villes d\u2019Europe.&nbsp;<br><a title=\"IDTGV\" href=\"http:\/\/www.idtgv.com\/fr\/\" target=\"_blank\" rel=\"noopener noreferrer\" data-auth=\"NotApplicable\" data-safelink=\"true\" data-linkindex=\"2\">idtgv.com<\/a> ou&nbsp;<a title=\"Voyages SNCF\" href=\"http:\/\/www.voyages-sncf.com\/\" target=\"_blank\" rel=\"noopener noreferrer\" data-auth=\"NotApplicable\" data-safelink=\"true\" data-linkindex=\"3\">voyages-sncf.com<\/a><\/p>\n<p>Quelques exemples de dur\u00e9es de trajets :<\/p>\n<p>Cannes\/Toulon : 1h15 &#8211; Cannes\/Marseille : 2h &#8211; Cannes\/Aix en Provence : 3h15 &#8211; Cannes\/Lyon : 4h et Cannes\/Paris : 5h15.<\/p>\n<p>Le TER permet de parcourir toute la r\u00e9gion de Saint-Rapha\u00ebl \u00e0 Monaco, en passant par Antibes, Biot, Cagnes sur mer, Nice, Villefranche sur Mer.&nbsp;<br><a href=\"http:\/\/ter.sncf.com\/sud-provence-alpes-cote-d-azur\" target=\"_blank\" rel=\"noopener noreferrer\" data-auth=\"NotApplicable\" data-safelink=\"true\" data-linkindex=\"4\">ter.sncf.com\/sud-provence-alpes-cote-d-azur<\/a><\/p>\n<\/div>\n\n\n\n<div class=\"wp-block-column is-layout-flow\">\n<h3 class=\"in-page-title wp-block-heading\">Par avion<\/h3>\n\n\n\n<hr class=\"wp-block-separator has-alpha-channel-opacity\"\/>\n\n\n\n<p>Situ\u00e9e \u00e0 27 km de l\u2019a\u00e9roport de Nice C\u00f4te d\u2019Azur,\u00a0Cannes est accessible en moins de 30 minutes.\u00a0<\/p>\n<p>L\u2019a\u00e9roport Nice C\u00f4te d\u2019Azur, porte d\u2019entr\u00e9e majeure de l\u2019Europe du Sud, dessert 90 destinations par vols directs et accueille pr\u00e8s de 50 compagnies a\u00e9riennes.\u00a0<br \/><a title=\"aeroport\" href=\"http:\/\/www.nice.aeroport.fr\/\" target=\"_blank\" rel=\"noopener noreferrer\" data-auth=\"NotApplicable\" data-safelink=\"true\" data-linkindex=\"5\">nice.aeroport.fr<\/a><\/p>\n<p>Navettes a\u00e9roport \u2013 Palais des festivals mises en place sp\u00e9cialement pour les participants \u00e0 l\u2019UHFP.<\/p>\n<p>Air France vous propose de b\u00e9n\u00e9ficier de tarifs pr\u00e9f\u00e9rentiels en utilisant les codes suivants :<\/p>\n<ul>\n<li>Site\u00a0:\u00a0<a href=\"https:\/\/wwws.airfrance.fr\/information\/destinations-offres\/tarifs-speciaux\/congres-seminaires-salons\">globalmeetings.airfranceklm.com<\/a><\/li>\n<li>Ev\u00e9nement : <b>UHFP 2023<\/b><\/li>\n<li>Code identifiant :\u00a0<b>39264AF<\/b><\/li>\n<\/ul>\n<\/div>\n<\/div>\n\n\n<div class=\"wp-block-image\">\n<figure class=\"aligncenter size-full is-resized\"><img decoding=\"async\" loading=\"lazy\" src=\"https:\/\/uhfp.centre-inffo.fr\/2023\/wp-content\/uploads\/2022\/09\/theme-01.png\" alt=\"\" class=\"wp-image-887\" width=\"230\" height=\"215\" srcset=\"https:\/\/uhfp.centre-inffo.fr\/2023\/wp-content\/uploads\/2022\/09\/theme-01.png 306w, https:\/\/uhfp.centre-inffo.fr\/2023\/wp-content\/uploads\/2022\/09\/theme-01-300x280.png 300w\" sizes=\"(max-width: 230px) 100vw, 230px\" \/><\/figure><\/div>\n\n\n<iframe loading=\"lazy\" style=\"border: 0;\" src=\"https:\/\/www.google.com\/maps\/d\/embed?mid=1b1ESffe6GbLDvmBPUZCweLS2ZwNtnhc&amp;ehbc=2E312F\" width=\"100%\" height=\"600\" border=\"0\"><\/iframe>\n","protected":false},"excerpt":{"rendered":"<p>Par la route Pensez au covoiturage&nbsp;pour votre d\u00e9placement ! 5 bonnes raisons de covoiturer&nbsp;: Faire un geste pour l\u2019environnement R\u00e9aliser des \u00e9conomies Se d\u00e9placer avec flexibilit\u00e9 Partager des trajets conviviaux &hellip; <\/p>\n","protected":false},"author":1,"featured_media":0,"parent":0,"menu_order":0,"comment_status":"closed","ping_status":"closed","template":"","meta":[],"categories":[1],"tags":[],"wf_page_folders":[82],"acf":[],"yoast_head":"<!-- This site is optimized with the Yoast SEO plugin v20.3 - https:\/\/yoast.com\/wordpress\/plugins\/seo\/ -->\n<title>Venir \u00e0 l&#039;UHFP - 18e Universit\u00e9 d&#039;Hiver de la Formation Professionnelle<\/title>\n<meta name=\"robots\" content=\"index, follow, max-snippet:-1, max-image-preview:large, max-video-preview:-1\" \/>\n<link rel=\"canonical\" href=\"https:\/\/uhfp.centre-inffo.fr\/2023\/venir-a-l-uhfp\/\" \/>\n<meta property=\"og:locale\" content=\"fr_FR\" \/>\n<meta property=\"og:type\" content=\"article\" \/>\n<meta property=\"og:title\" content=\"Venir \u00e0 l&#039;UHFP - 18e Universit\u00e9 d&#039;Hiver de la Formation Professionnelle\" \/>\n<meta property=\"og:description\" content=\"Par la route Pensez au covoiturage&nbsp;pour votre d\u00e9placement ! 5 bonnes raisons de covoiturer&nbsp;: Faire un geste pour l\u2019environnement R\u00e9aliser des \u00e9conomies Se d\u00e9placer avec flexibilit\u00e9 Partager des trajets conviviaux &hellip;\" \/>\n<meta property=\"og:url\" content=\"https:\/\/uhfp.centre-inffo.fr\/2023\/venir-a-l-uhfp\/\" \/>\n<meta property=\"og:site_name\" content=\"18e Universit\u00e9 d&#039;Hiver de la Formation Professionnelle\" \/>\n<meta property=\"article:publisher\" content=\"https:\/\/www.facebook.com\/centreinffo\" \/>\n<meta property=\"article:modified_time\" content=\"2022-10-12T08:09:57+00:00\" \/>\n<meta property=\"og:image\" content=\"https:\/\/uhfp.centre-inffo.fr\/2023\/wp-content\/uploads\/2022\/09\/theme-01.png\" \/>\n<meta name=\"twitter:card\" content=\"summary_large_image\" \/>\n<meta name=\"twitter:site\" content=\"@centreinffo\" \/>\n<meta name=\"twitter:label1\" content=\"Dur\u00e9e de lecture estim\u00e9e\" \/>\n\t<meta name=\"twitter:data1\" content=\"2 minutes\" \/>\n<script type=\"application\/ld+json\" class=\"yoast-schema-graph\">{\"@context\":\"https:\/\/schema.org\",\"@graph\":[{\"@type\":\"WebPage\",\"@id\":\"https:\/\/uhfp.centre-inffo.fr\/2023\/venir-a-l-uhfp\/\",\"url\":\"https:\/\/uhfp.centre-inffo.fr\/2023\/venir-a-l-uhfp\/\",\"name\":\"Venir \u00e0 l'UHFP - 18e Universit\u00e9 d&#039;Hiver de la Formation Professionnelle\",\"isPartOf\":{\"@id\":\"https:\/\/uhfp.centre-inffo.fr\/2023\/#website\"},\"datePublished\":\"2022-06-04T11:26:20+00:00\",\"dateModified\":\"2022-10-12T08:09:57+00:00\",\"breadcrumb\":{\"@id\":\"https:\/\/uhfp.centre-inffo.fr\/2023\/venir-a-l-uhfp\/#breadcrumb\"},\"inLanguage\":\"fr-FR\",\"potentialAction\":[{\"@type\":\"ReadAction\",\"target\":[\"https:\/\/uhfp.centre-inffo.fr\/2023\/venir-a-l-uhfp\/\"]}]},{\"@type\":\"BreadcrumbList\",\"@id\":\"https:\/\/uhfp.centre-inffo.fr\/2023\/venir-a-l-uhfp\/#breadcrumb\",\"itemListElement\":[{\"@type\":\"ListItem\",\"position\":1,\"name\":\"Accueil\",\"item\":\"https:\/\/uhfp.centre-inffo.fr\/2023\/\"},{\"@type\":\"ListItem\",\"position\":2,\"name\":\"Infos pratiques\",\"item\":\"https:\/\/uhfp.centre-inffo.fr\/2023\/rubrique\/infos-pratiques\/\"},{\"@type\":\"ListItem\",\"position\":3,\"name\":\"Venir \u00e0 l&rsquo;UHFP\"}]},{\"@type\":\"WebSite\",\"@id\":\"https:\/\/uhfp.centre-inffo.fr\/2023\/#website\",\"url\":\"https:\/\/uhfp.centre-inffo.fr\/2023\/\",\"name\":\"18e Universit\u00e9 d&#039;Hiver de la Formation Professionnelle\",\"description\":\"Comp\u00e9tences 2030 : r\u00e9ussir ensemble les transitions ! - Du 25 au 27 janvier 2023, \u00e0 Cannes\",\"publisher\":{\"@id\":\"https:\/\/uhfp.centre-inffo.fr\/2023\/#organization\"},\"potentialAction\":[{\"@type\":\"SearchAction\",\"target\":{\"@type\":\"EntryPoint\",\"urlTemplate\":\"https:\/\/uhfp.centre-inffo.fr\/2023\/?s={search_term_string}\"},\"query-input\":\"required name=search_term_string\"}],\"inLanguage\":\"fr-FR\"},{\"@type\":\"Organization\",\"@id\":\"https:\/\/uhfp.centre-inffo.fr\/2023\/#organization\",\"name\":\"Centre Inffo\",\"url\":\"https:\/\/uhfp.centre-inffo.fr\/2023\/\",\"logo\":{\"@type\":\"ImageObject\",\"inLanguage\":\"fr-FR\",\"@id\":\"https:\/\/uhfp.centre-inffo.fr\/2023\/#\/schema\/logo\/image\/\",\"url\":\"\",\"contentUrl\":\"\",\"caption\":\"Centre Inffo\"},\"image\":{\"@id\":\"https:\/\/uhfp.centre-inffo.fr\/2023\/#\/schema\/logo\/image\/\"},\"sameAs\":[\"https:\/\/www.facebook.com\/centreinffo\",\"https:\/\/twitter.com\/centreinffo\",\"https:\/\/www.linkedin.com\/company\/centre-inffo\/\",\"https:\/\/www.youtube.com\/user\/centreinffo\"]}]}<\/script>\n<!-- \/ Yoast SEO plugin. -->","yoast_head_json":{"title":"Venir \u00e0 l'UHFP - 18e Universit\u00e9 d&#039;Hiver de la Formation Professionnelle","robots":{"index":"index","follow":"follow","max-snippet":"max-snippet:-1","max-image-preview":"max-image-preview:large","max-video-preview":"max-video-preview:-1"},"canonical":"https:\/\/uhfp.centre-inffo.fr\/2023\/venir-a-l-uhfp\/","og_locale":"fr_FR","og_type":"article","og_title":"Venir \u00e0 l'UHFP - 18e Universit\u00e9 d&#039;Hiver de la Formation Professionnelle","og_description":"Par la route Pensez au covoiturage&nbsp;pour votre d\u00e9placement ! 5 bonnes raisons de covoiturer&nbsp;: Faire un geste pour l\u2019environnement R\u00e9aliser des \u00e9conomies Se d\u00e9placer avec flexibilit\u00e9 Partager des trajets conviviaux &hellip;","og_url":"https:\/\/uhfp.centre-inffo.fr\/2023\/venir-a-l-uhfp\/","og_site_name":"18e Universit\u00e9 d&#039;Hiver de la Formation Professionnelle","article_publisher":"https:\/\/www.facebook.com\/centreinffo","article_modified_time":"2022-10-12T08:09:57+00:00","og_image":[{"url":"https:\/\/uhfp.centre-inffo.fr\/2023\/wp-content\/uploads\/2022\/09\/theme-01.png"}],"twitter_card":"summary_large_image","twitter_site":"@centreinffo","twitter_misc":{"Dur\u00e9e de lecture estim\u00e9e":"2 minutes"},"schema":{"@context":"https:\/\/schema.org","@graph":[{"@type":"WebPage","@id":"https:\/\/uhfp.centre-inffo.fr\/2023\/venir-a-l-uhfp\/","url":"https:\/\/uhfp.centre-inffo.fr\/2023\/venir-a-l-uhfp\/","name":"Venir \u00e0 l'UHFP - 18e Universit\u00e9 d&#039;Hiver de la Formation Professionnelle","isPartOf":{"@id":"https:\/\/uhfp.centre-inffo.fr\/2023\/#website"},"datePublished":"2022-06-04T11:26:20+00:00","dateModified":"2022-10-12T08:09:57+00:00","breadcrumb":{"@id":"https:\/\/uhfp.centre-inffo.fr\/2023\/venir-a-l-uhfp\/#breadcrumb"},"inLanguage":"fr-FR","potentialAction":[{"@type":"ReadAction","target":["https:\/\/uhfp.centre-inffo.fr\/2023\/venir-a-l-uhfp\/"]}]},{"@type":"BreadcrumbList","@id":"https:\/\/uhfp.centre-inffo.fr\/2023\/venir-a-l-uhfp\/#breadcrumb","itemListElement":[{"@type":"ListItem","position":1,"name":"Accueil","item":"https:\/\/uhfp.centre-inffo.fr\/2023\/"},{"@type":"ListItem","position":2,"name":"Infos pratiques","item":"https:\/\/uhfp.centre-inffo.fr\/2023\/rubrique\/infos-pratiques\/"},{"@type":"ListItem","position":3,"name":"Venir \u00e0 l&rsquo;UHFP"}]},{"@type":"WebSite","@id":"https:\/\/uhfp.centre-inffo.fr\/2023\/#website","url":"https:\/\/uhfp.centre-inffo.fr\/2023\/","name":"18e Universit\u00e9 d&#039;Hiver de la Formation Professionnelle","description":"Comp\u00e9tences 2030 : r\u00e9ussir ensemble les transitions ! - Du 25 au 27 janvier 2023, \u00e0 Cannes","publisher":{"@id":"https:\/\/uhfp.centre-inffo.fr\/2023\/#organization"},"potentialAction":[{"@type":"SearchAction","target":{"@type":"EntryPoint","urlTemplate":"https:\/\/uhfp.centre-inffo.fr\/2023\/?s={search_term_string}"},"query-input":"required name=search_term_string"}],"inLanguage":"fr-FR"},{"@type":"Organization","@id":"https:\/\/uhfp.centre-inffo.fr\/2023\/#organization","name":"Centre Inffo","url":"https:\/\/uhfp.centre-inffo.fr\/2023\/","logo":{"@type":"ImageObject","inLanguage":"fr-FR","@id":"https:\/\/uhfp.centre-inffo.fr\/2023\/#\/schema\/logo\/image\/","url":"","contentUrl":"","caption":"Centre Inffo"},"image":{"@id":"https:\/\/uhfp.centre-inffo.fr\/2023\/#\/schema\/logo\/image\/"},"sameAs":["https:\/\/www.facebook.com\/centreinffo","https:\/\/twitter.com\/centreinffo","https:\/\/www.linkedin.com\/company\/centre-inffo\/","https:\/\/www.youtube.com\/user\/centreinffo"]}]}},"_links":{"self":[{"href":"https:\/\/uhfp.centre-inffo.fr\/2023\/wp-json\/wp\/v2\/pages\/511"}],"collection":[{"href":"https:\/\/uhfp.centre-inffo.fr\/2023\/wp-json\/wp\/v2\/pages"}],"about":[{"href":"https:\/\/uhfp.centre-inffo.fr\/2023\/wp-json\/wp\/v2\/types\/page"}],"author":[{"embeddable":true,"href":"https:\/\/uhfp.centre-inffo.fr\/2023\/wp-json\/wp\/v2\/users\/1"}],"replies":[{"embeddable":true,"href":"https:\/\/uhfp.centre-inffo.fr\/2023\/wp-json\/wp\/v2\/comments?post=511"}],"version-history":[{"count":35,"href":"https:\/\/uhfp.centre-inffo.fr\/2023\/wp-json\/wp\/v2\/pages\/511\/revisions"}],"predecessor-version":[{"id":6331,"href":"https:\/\/uhfp.centre-inffo.fr\/2023\/wp-json\/wp\/v2\/pages\/511\/revisions\/6331"}],"wp:attachment":[{"href":"https:\/\/uhfp.centre-inffo.fr\/2023\/wp-json\/wp\/v2\/media?parent=511"}],"wp:term":[{"taxonomy":"category","embeddable":true,"href":"https:\/\/uhfp.centre-inffo.fr\/2023\/wp-json\/wp\/v2\/categories?post=511"},{"taxonomy":"post_tag","embeddable":true,"href":"https:\/\/uhfp.centre-inffo.fr\/2023\/wp-json\/wp\/v2\/tags?post=511"},{"taxonomy":"wf_page_folders","embeddable":true,"href":"https:\/\/uhfp.centre-inffo.fr\/2023\/wp-json\/wp\/v2\/wf_page_folders?post=511"}],"curies":[{"name":"wp","href":"https:\/\/api.w.org\/{rel}","templated":true}]}}