{"id":5145,"date":"2022-11-11T13:41:47","date_gmt":"2022-11-11T12:41:47","guid":{"rendered":"https:\/\/uhfp.centre-inffo.fr\/2023\/?page_id=5145"},"modified":"2023-01-24T10:19:17","modified_gmt":"2023-01-24T09:19:17","slug":"sgarzi","status":"publish","type":"page","link":"https:\/\/uhfp.centre-inffo.fr\/2023\/sgarzi\/","title":{"rendered":"Sgarzi"},"content":{"rendered":"<p><span style=\"font-weight: 400;\">En 2023, Matteo Sgarzi f\u00eate ses 22 ann\u00e9es d\u2019activit\u00e9 dans le domaine de l\u2019\u00e9ducation et de la formation et depuis 18 ans dans la promotion des relations internationales et la gestion de projets europ\u00e9ens.\u00a0<\/span><\/p>\n<p><span style=\"font-weight: 400;\">Il a \u00e9tudi\u00e9 \u00e0 l&rsquo;Universit\u00e9 de Bologne (Italie) et est titulaire d&rsquo;un Master (<\/span><i><span style=\"font-weight: 400;\">Laurea Magistrale<\/span><\/i><span style=\"font-weight: 400;\">) en sciences politiques et relations internationales. Il a conduit plusieurs projets sur des sujets vari\u00e9s comme l\u2019insertion professionnelle, l&rsquo;\u00e9ducation et la formation professionnelle (EFP), l\u2019enseignement sup\u00e9rieur, les politiques de formation tout au long de la vie, l&rsquo;assurance qualit\u00e9. Il est expert en politiques et syst\u00e8mes d&rsquo;enseignement sup\u00e9rieur et d&rsquo;EFP, en gestion de projets multilat\u00e9raux et internationaux. Depuis 2013 en tant que responsable de la mission relation internationales du Centre d\u2019\u00e9tude et recherches sur les qualifications (C\u00e9req), il est engag\u00e9 dans la promotion de l&rsquo;activit\u00e9 scientifique du centre.<\/span><b>\u00a0<\/b><\/p>\n<p><span style=\"font-weight: 400;\">Il a collabor\u00e9 avec de nombreuses instances internationales (Banque Mondiale, BIT, UNESCO), europ\u00e9ennes (Commission, Cedefop, ETF), fran\u00e7aises (AFD, France Education International), italiennes (INAPP, Fondation G. Brodolini) entre autres.<\/span><\/p>\n<h3>Intervention<\/h3>\n<ul>\n<li><a href=\"\/2023\/europe-formation-transitions\/\">A2.12 AT &#8211; L\u2019Europe de la formation au c\u0153ur des transitions<\/a><\/li>\n<\/ul>\n","protected":false},"excerpt":{"rendered":"<p>En 2023, Matteo Sgarzi f\u00eate ses 22 ann\u00e9es d\u2019activit\u00e9 dans le domaine de l\u2019\u00e9ducation et de la formation et depuis 18 ans dans la promotion des relations internationales et la &hellip; <\/p>\n","protected":false},"author":1,"featured_media":5264,"parent":0,"menu_order":0,"comment_status":"closed","ping_status":"closed","template":"","meta":[],"categories":[6],"tags":[],"wf_page_folders":[92],"acf":[],"yoast_head":"<!-- This site is optimized with the Yoast SEO plugin v20.3 - https:\/\/yoast.com\/wordpress\/plugins\/seo\/ -->\n<title>Sgarzi - 18e Universit\u00e9 d&#039;Hiver de la Formation Professionnelle<\/title>\n<meta name=\"robots\" content=\"index, follow, max-snippet:-1, max-image-preview:large, max-video-preview:-1\" \/>\n<link rel=\"canonical\" href=\"https:\/\/uhfp.centre-inffo.fr\/2023\/sgarzi\/\" \/>\n<meta property=\"og:locale\" content=\"fr_FR\" \/>\n<meta property=\"og:type\" content=\"article\" \/>\n<meta property=\"og:title\" content=\"Sgarzi - 18e Universit\u00e9 d&#039;Hiver de la Formation Professionnelle\" \/>\n<meta property=\"og:description\" content=\"En 2023, Matteo Sgarzi f\u00eate ses 22 ann\u00e9es d\u2019activit\u00e9 dans le domaine de l\u2019\u00e9ducation et de la formation et depuis 18 ans dans la promotion des relations internationales et la &hellip;\" \/>\n<meta property=\"og:url\" content=\"https:\/\/uhfp.centre-inffo.fr\/2023\/sgarzi\/\" \/>\n<meta property=\"og:site_name\" content=\"18e Universit\u00e9 d&#039;Hiver de la Formation Professionnelle\" \/>\n<meta property=\"article:publisher\" content=\"https:\/\/www.facebook.com\/centreinffo\" \/>\n<meta property=\"article:modified_time\" content=\"2023-01-24T09:19:17+00:00\" \/>\n<meta property=\"og:image\" content=\"https:\/\/uhfp.centre-inffo.fr\/2023\/wp-content\/uploads\/2023\/01\/sgarzi.jpg\" \/>\n\t<meta property=\"og:image:width\" content=\"300\" \/>\n\t<meta property=\"og:image:height\" content=\"300\" \/>\n\t<meta property=\"og:image:type\" content=\"image\/jpeg\" \/>\n<meta name=\"twitter:card\" content=\"summary_large_image\" \/>\n<meta name=\"twitter:site\" content=\"@centreinffo\" \/>\n<meta name=\"twitter:label1\" content=\"Dur\u00e9e de lecture estim\u00e9e\" \/>\n\t<meta name=\"twitter:data1\" content=\"1 minute\" \/>\n<script type=\"application\/ld+json\" class=\"yoast-schema-graph\">{\"@context\":\"https:\/\/schema.org\",\"@graph\":[{\"@type\":\"WebPage\",\"@id\":\"https:\/\/uhfp.centre-inffo.fr\/2023\/sgarzi\/\",\"url\":\"https:\/\/uhfp.centre-inffo.fr\/2023\/sgarzi\/\",\"name\":\"Sgarzi - 18e Universit\u00e9 d&#039;Hiver de la Formation Professionnelle\",\"isPartOf\":{\"@id\":\"https:\/\/uhfp.centre-inffo.fr\/2023\/#website\"},\"datePublished\":\"2022-11-11T12:41:47+00:00\",\"dateModified\":\"2023-01-24T09:19:17+00:00\",\"breadcrumb\":{\"@id\":\"https:\/\/uhfp.centre-inffo.fr\/2023\/sgarzi\/#breadcrumb\"},\"inLanguage\":\"fr-FR\",\"potentialAction\":[{\"@type\":\"ReadAction\",\"target\":[\"https:\/\/uhfp.centre-inffo.fr\/2023\/sgarzi\/\"]}]},{\"@type\":\"BreadcrumbList\",\"@id\":\"https:\/\/uhfp.centre-inffo.fr\/2023\/sgarzi\/#breadcrumb\",\"itemListElement\":[{\"@type\":\"ListItem\",\"position\":1,\"name\":\"Accueil\",\"item\":\"https:\/\/uhfp.centre-inffo.fr\/2023\/\"},{\"@type\":\"ListItem\",\"position\":2,\"name\":\"Intervenants\",\"item\":\"https:\/\/uhfp.centre-inffo.fr\/2023\/rubrique\/intervenants\/\"},{\"@type\":\"ListItem\",\"position\":3,\"name\":\"Sgarzi\"}]},{\"@type\":\"WebSite\",\"@id\":\"https:\/\/uhfp.centre-inffo.fr\/2023\/#website\",\"url\":\"https:\/\/uhfp.centre-inffo.fr\/2023\/\",\"name\":\"18e Universit\u00e9 d&#039;Hiver de la Formation Professionnelle\",\"description\":\"Comp\u00e9tences 2030 : r\u00e9ussir ensemble les transitions ! - Du 25 au 27 janvier 2023, \u00e0 Cannes\",\"publisher\":{\"@id\":\"https:\/\/uhfp.centre-inffo.fr\/2023\/#organization\"},\"potentialAction\":[{\"@type\":\"SearchAction\",\"target\":{\"@type\":\"EntryPoint\",\"urlTemplate\":\"https:\/\/uhfp.centre-inffo.fr\/2023\/?s={search_term_string}\"},\"query-input\":\"required name=search_term_string\"}],\"inLanguage\":\"fr-FR\"},{\"@type\":\"Organization\",\"@id\":\"https:\/\/uhfp.centre-inffo.fr\/2023\/#organization\",\"name\":\"Centre Inffo\",\"url\":\"https:\/\/uhfp.centre-inffo.fr\/2023\/\",\"logo\":{\"@type\":\"ImageObject\",\"inLanguage\":\"fr-FR\",\"@id\":\"https:\/\/uhfp.centre-inffo.fr\/2023\/#\/schema\/logo\/image\/\",\"url\":\"\",\"contentUrl\":\"\",\"caption\":\"Centre Inffo\"},\"image\":{\"@id\":\"https:\/\/uhfp.centre-inffo.fr\/2023\/#\/schema\/logo\/image\/\"},\"sameAs\":[\"https:\/\/www.facebook.com\/centreinffo\",\"https:\/\/twitter.com\/centreinffo\",\"https:\/\/www.linkedin.com\/company\/centre-inffo\/\",\"https:\/\/www.youtube.com\/user\/centreinffo\"]}]}<\/script>\n<!-- \/ Yoast SEO plugin. -->","yoast_head_json":{"title":"Sgarzi - 18e Universit\u00e9 d&#039;Hiver de la Formation Professionnelle","robots":{"index":"index","follow":"follow","max-snippet":"max-snippet:-1","max-image-preview":"max-image-preview:large","max-video-preview":"max-video-preview:-1"},"canonical":"https:\/\/uhfp.centre-inffo.fr\/2023\/sgarzi\/","og_locale":"fr_FR","og_type":"article","og_title":"Sgarzi - 18e Universit\u00e9 d&#039;Hiver de la Formation Professionnelle","og_description":"En 2023, Matteo Sgarzi f\u00eate ses 22 ann\u00e9es d\u2019activit\u00e9 dans le domaine de l\u2019\u00e9ducation et de la formation et depuis 18 ans dans la promotion des relations internationales et la &hellip;","og_url":"https:\/\/uhfp.centre-inffo.fr\/2023\/sgarzi\/","og_site_name":"18e Universit\u00e9 d&#039;Hiver de la Formation Professionnelle","article_publisher":"https:\/\/www.facebook.com\/centreinffo","article_modified_time":"2023-01-24T09:19:17+00:00","og_image":[{"width":300,"height":300,"url":"https:\/\/uhfp.centre-inffo.fr\/2023\/wp-content\/uploads\/2023\/01\/sgarzi.jpg","type":"image\/jpeg"}],"twitter_card":"summary_large_image","twitter_site":"@centreinffo","twitter_misc":{"Dur\u00e9e de lecture estim\u00e9e":"1 minute"},"schema":{"@context":"https:\/\/schema.org","@graph":[{"@type":"WebPage","@id":"https:\/\/uhfp.centre-inffo.fr\/2023\/sgarzi\/","url":"https:\/\/uhfp.centre-inffo.fr\/2023\/sgarzi\/","name":"Sgarzi - 18e Universit\u00e9 d&#039;Hiver de la Formation Professionnelle","isPartOf":{"@id":"https:\/\/uhfp.centre-inffo.fr\/2023\/#website"},"datePublished":"2022-11-11T12:41:47+00:00","dateModified":"2023-01-24T09:19:17+00:00","breadcrumb":{"@id":"https:\/\/uhfp.centre-inffo.fr\/2023\/sgarzi\/#breadcrumb"},"inLanguage":"fr-FR","potentialAction":[{"@type":"ReadAction","target":["https:\/\/uhfp.centre-inffo.fr\/2023\/sgarzi\/"]}]},{"@type":"BreadcrumbList","@id":"https:\/\/uhfp.centre-inffo.fr\/2023\/sgarzi\/#breadcrumb","itemListElement":[{"@type":"ListItem","position":1,"name":"Accueil","item":"https:\/\/uhfp.centre-inffo.fr\/2023\/"},{"@type":"ListItem","position":2,"name":"Intervenants","item":"https:\/\/uhfp.centre-inffo.fr\/2023\/rubrique\/intervenants\/"},{"@type":"ListItem","position":3,"name":"Sgarzi"}]},{"@type":"WebSite","@id":"https:\/\/uhfp.centre-inffo.fr\/2023\/#website","url":"https:\/\/uhfp.centre-inffo.fr\/2023\/","name":"18e Universit\u00e9 d&#039;Hiver de la Formation Professionnelle","description":"Comp\u00e9tences 2030 : r\u00e9ussir ensemble les transitions ! - Du 25 au 27 janvier 2023, \u00e0 Cannes","publisher":{"@id":"https:\/\/uhfp.centre-inffo.fr\/2023\/#organization"},"potentialAction":[{"@type":"SearchAction","target":{"@type":"EntryPoint","urlTemplate":"https:\/\/uhfp.centre-inffo.fr\/2023\/?s={search_term_string}"},"query-input":"required name=search_term_string"}],"inLanguage":"fr-FR"},{"@type":"Organization","@id":"https:\/\/uhfp.centre-inffo.fr\/2023\/#organization","name":"Centre Inffo","url":"https:\/\/uhfp.centre-inffo.fr\/2023\/","logo":{"@type":"ImageObject","inLanguage":"fr-FR","@id":"https:\/\/uhfp.centre-inffo.fr\/2023\/#\/schema\/logo\/image\/","url":"","contentUrl":"","caption":"Centre Inffo"},"image":{"@id":"https:\/\/uhfp.centre-inffo.fr\/2023\/#\/schema\/logo\/image\/"},"sameAs":["https:\/\/www.facebook.com\/centreinffo","https:\/\/twitter.com\/centreinffo","https:\/\/www.linkedin.com\/company\/centre-inffo\/","https:\/\/www.youtube.com\/user\/centreinffo"]}]}},"_links":{"self":[{"href":"https:\/\/uhfp.centre-inffo.fr\/2023\/wp-json\/wp\/v2\/pages\/5145"}],"collection":[{"href":"https:\/\/uhfp.centre-inffo.fr\/2023\/wp-json\/wp\/v2\/pages"}],"about":[{"href":"https:\/\/uhfp.centre-inffo.fr\/2023\/wp-json\/wp\/v2\/types\/page"}],"author":[{"embeddable":true,"href":"https:\/\/uhfp.centre-inffo.fr\/2023\/wp-json\/wp\/v2\/users\/1"}],"replies":[{"embeddable":true,"href":"https:\/\/uhfp.centre-inffo.fr\/2023\/wp-json\/wp\/v2\/comments?post=5145"}],"version-history":[{"count":6,"href":"https:\/\/uhfp.centre-inffo.fr\/2023\/wp-json\/wp\/v2\/pages\/5145\/revisions"}],"predecessor-version":[{"id":5265,"href":"https:\/\/uhfp.centre-inffo.fr\/2023\/wp-json\/wp\/v2\/pages\/5145\/revisions\/5265"}],"wp:featuredmedia":[{"embeddable":true,"href":"https:\/\/uhfp.centre-inffo.fr\/2023\/wp-json\/wp\/v2\/media\/5264"}],"wp:attachment":[{"href":"https:\/\/uhfp.centre-inffo.fr\/2023\/wp-json\/wp\/v2\/media?parent=5145"}],"wp:term":[{"taxonomy":"category","embeddable":true,"href":"https:\/\/uhfp.centre-inffo.fr\/2023\/wp-json\/wp\/v2\/categories?post=5145"},{"taxonomy":"post_tag","embeddable":true,"href":"https:\/\/uhfp.centre-inffo.fr\/2023\/wp-json\/wp\/v2\/tags?post=5145"},{"taxonomy":"wf_page_folders","embeddable":true,"href":"https:\/\/uhfp.centre-inffo.fr\/2023\/wp-json\/wp\/v2\/wf_page_folders?post=5145"}],"curies":[{"name":"wp","href":"https:\/\/api.w.org\/{rel}","templated":true}]}}

<p><span style="font-weight: 400;">En 2023, Matteo Sgarzi fête ses 22 années d’activité dans le domaine de l’éducation et de la formation et depuis 18 ans dans la promotion des relations internationales et la gestion de projets européens. </span></p>
<p><span style="font-weight: 400;">Il a étudié à l&rsquo;Université de Bologne (Italie) et est titulaire d&rsquo;un Master (</span><i><span style="font-weight: 400;">Laurea Magistrale</span></i><span style="font-weight: 400;">) en sciences politiques et relations internationales. Il a conduit plusieurs projets sur des sujets variés comme l’insertion professionnelle, l&rsquo;éducation et la formation professionnelle (EFP), l’enseignement supérieur, les politiques de formation tout au long de la vie, l&rsquo;assurance qualité. Il est expert en politiques et systèmes d&rsquo;enseignement supérieur et d&rsquo;EFP, en gestion de projets multilatéraux et internationaux. Depuis 2013 en tant que responsable de la mission relation internationales du Centre d’étude et recherches sur les qualifications (Céreq), il est engagé dans la promotion de l&rsquo;activité scientifique du centre.</span><b> </b></p>
<p><span style="font-weight: 400;">Il a collaboré avec de nombreuses instances internationales (Banque Mondiale, BIT, UNESCO), européennes (Commission, Cedefop, ETF), françaises (AFD, France Education International), italiennes (INAPP, Fondation G. Brodolini) entre autres.</span></p>
<h3>Intervention</h3>
<ul>
<li><a href="/2023/europe-formation-transitions/">A2.12 AT &#8211; L’Europe de la formation au cœur des transitions</a></li>
</ul>

<p>En 2023, Matteo Sgarzi fête ses 22 années d’activité dans le domaine de l’éducation et de la formation et depuis 18 ans dans la promotion des relations internationales et la &hellip; </p>

<!-- This site is optimized with the Yoast SEO plugin v20.3 - https://yoast.com/wordpress/plugins/seo/ -->
<title>Sgarzi - 18e Université d&#039;Hiver de la Formation Professionnelle</title>
<meta name="robots" content="index, follow, max-snippet:-1, max-image-preview:large, max-video-preview:-1" />
<link rel="canonical" href="https://uhfp.centre-inffo.fr/2023/sgarzi/" />
<meta property="og:locale" content="fr_FR" />
<meta property="og:type" content="article" />
<meta property="og:title" content="Sgarzi - 18e Université d&#039;Hiver de la Formation Professionnelle" />
<meta property="og:description" content="En 2023, Matteo Sgarzi fête ses 22 années d’activité dans le domaine de l’éducation et de la formation et depuis 18 ans dans la promotion des relations internationales et la &hellip;" />
<meta property="og:url" content="https://uhfp.centre-inffo.fr/2023/sgarzi/" />
<meta property="og:site_name" content="18e Université d&#039;Hiver de la Formation Professionnelle" />
<meta property="article:publisher" content="https://www.facebook.com/centreinffo" />
<meta property="article:modified_time" content="2023-01-24T09:19:17+00:00" />
<meta property="og:image" content="https://uhfp.centre-inffo.fr/2023/wp-content/uploads/2023/01/sgarzi.jpg" />
	<meta property="og:image:width" content="300" />
	<meta property="og:image:height" content="300" />
	<meta property="og:image:type" content="image/jpeg" />
<meta name="twitter:card" content="summary_large_image" />
<meta name="twitter:site" content="@centreinffo" />
<meta name="twitter:label1" content="Durée de lecture estimée" />
	<meta name="twitter:data1" content="1 minute" />
<script type="application/ld+json" class="yoast-schema-graph">{"@context":"https://schema.org","@graph":[{"@type":"WebPage","@id":"https://uhfp.centre-inffo.fr/2023/sgarzi/","url":"https://uhfp.centre-inffo.fr/2023/sgarzi/","name":"Sgarzi - 18e Université d&#039;Hiver de la Formation Professionnelle","isPartOf":{"@id":"https://uhfp.centre-inffo.fr/2023/#website"},"datePublished":"2022-11-11T12:41:47+00:00","dateModified":"2023-01-24T09:19:17+00:00","breadcrumb":{"@id":"https://uhfp.centre-inffo.fr/2023/sgarzi/#breadcrumb"},"inLanguage":"fr-FR","potentialAction":[{"@type":"ReadAction","target":["https://uhfp.centre-inffo.fr/2023/sgarzi/"]}]},{"@type":"BreadcrumbList","@id":"https://uhfp.centre-inffo.fr/2023/sgarzi/#breadcrumb","itemListElement":[{"@type":"ListItem","position":1,"name":"Accueil","item":"https://uhfp.centre-inffo.fr/2023/"},{"@type":"ListItem","position":2,"name":"Intervenants","item":"https://uhfp.centre-inffo.fr/2023/rubrique/intervenants/"},{"@type":"ListItem","position":3,"name":"Sgarzi"}]},{"@type":"WebSite","@id":"https://uhfp.centre-inffo.fr/2023/#website","url":"https://uhfp.centre-inffo.fr/2023/","name":"18e Université d&#039;Hiver de la Formation Professionnelle","description":"Compétences 2030 : réussir ensemble les transitions ! - Du 25 au 27 janvier 2023, à Cannes","publisher":{"@id":"https://uhfp.centre-inffo.fr/2023/#organization"},"potentialAction":[{"@type":"SearchAction","target":{"@type":"EntryPoint","urlTemplate":"https://uhfp.centre-inffo.fr/2023/?s={search_term_string}"},"query-input":"required name=search_term_string"}],"inLanguage":"fr-FR"},{"@type":"Organization","@id":"https://uhfp.centre-inffo.fr/2023/#organization","name":"Centre Inffo","url":"https://uhfp.centre-inffo.fr/2023/","logo":{"@type":"ImageObject","inLanguage":"fr-FR","@id":"https://uhfp.centre-inffo.fr/2023/#/schema/logo/image/","url":"","contentUrl":"","caption":"Centre Inffo"},"image":{"@id":"https://uhfp.centre-inffo.fr/2023/#/schema/logo/image/"},"sameAs":["https://www.facebook.com/centreinffo","https://twitter.com/centreinffo","https://www.linkedin.com/company/centre-inffo/","https://www.youtube.com/user/centreinffo"]}]}</script>
<!-- / Yoast SEO plugin. -->

Sgarzi - 18e Université d&#039;Hiver de la Formation Professionnelle

En 2023, Matteo Sgarzi fête ses 22 années d’activité dans le domaine de l’éducation et de la formation et depuis 18 ans dans la promotion des relations internationales et la &hellip;

18e Université d&#039;Hiver de la Formation Professionnelle

Compétences 2030 : réussir ensemble les transitions ! - Du 25 au 27 janvier 2023, à Cannes
