{"id":5151,"date":"2022-12-05T09:26:53","date_gmt":"2022-12-05T08:26:53","guid":{"rendered":"https:\/\/uhfp.centre-inffo.fr\/2023\/?page_id=5151"},"modified":"2023-01-25T10:50:43","modified_gmt":"2023-01-25T09:50:43","slug":"joseph","status":"publish","type":"page","link":"https:\/\/uhfp.centre-inffo.fr\/2023\/joseph\/","title":{"rendered":"Joseph"},"content":{"rendered":"<p>Vincent Joseph, charg\u00e9 de mission Europe et international \u00e0 Centre Inffo, est engag\u00e9 depuis plus de 20 ans dans des activit\u00e9s de coop\u00e9ration pour la formation professionnelle, en l\u2019Europe et \u00e0 l\u2019international.<\/p>\n<p>Apr\u00e8s une premi\u00e8re partie de carri\u00e8re tourn\u00e9e vers le d\u00e9veloppement de partenariats, au sein d\u2019un organisme de formation, autour de d\u00e9marches de valorisation des comp\u00e9tences dans le secteur culturel et l\u2019\u00e9conomie sociale, il rejoint Centre Inffo en 2016 o\u00f9 ses missions l\u2019am\u00e8nent \u00e0 aborder sur un versant plus institutionnel la construction d\u2019une Europe de la formation.<\/p>\n<p>La r\u00e9alisation de travaux de recherche, la contribution \u00e0 des r\u00e9seaux et des groupes de travail europ\u00e9ens, s\u2019inscrivent dans des objectifs tels d\u00e9mocratiser la mobilit\u00e9 europ\u00e9enne, favoriser l\u2019acc\u00e8s \u00e0 la formation des adultes, et nourrir l\u2019invention de r\u00e9ponses \u00e0 la hauteur des enjeux de l\u2019\u00e9poque et de la crise climatique.<\/p>\n<p>A travers la participation au r\u00e9seau d\u2019expertise Refernet du Cedefop, au r\u00e9seau Euroguidance et \u00e0 l\u2019Agenda Europ\u00e9en pour la Formation des Adultes (AEFA), coordonn\u00e9s par l\u2019agence Erasmus + Education Formation France, les deux dimensions europ\u00e9ennes et nationales s\u2019articulent et se font \u00e9cho : il s\u2019agit d\u2019informer l\u2019UE de ce qui se fait en France, et r\u00e9ciproquement d\u2019\u00e9clairer les acteurs nationaux des initiatives europ\u00e9ennes et des strat\u00e9gies chez nos voisins.<\/p>\n<p>Vincent Joseph a ainsi r\u00e9cemment assur\u00e9 la r\u00e9daction pour l\u2019AEFA de la publication \u00ab Une exploration de la formation en situation de travail, en Europe et ailleurs \u00bb, <a href=\"https:\/\/agence.erasmusplus.fr\/publications\/une-exploration-de-la-formation-en-situation-de-travail-en-europe-et-ailleurs\/\">disponible en ligne sur le site de l\u2019agence Erasmus +<\/a>.<\/p>\n<p>\u00c9galement engag\u00e9 dans des activit\u00e9s d\u2019enseignements \u00e0 l\u2019universit\u00e9 sur les politiques publiques de formation en France et en Europe, il s\u2019attache \u00e0 y tenter de rendre lisibles les choix men\u00e9s et les orientations sous-jacentes qui les structurent, et ainsi \u00e0 rendre plus accessible au d\u00e9bat d\u00e9mocratique ce qui constitue habituellement des sujets de pure expertise.<\/p>\n<h3>Intervention<\/h3>\n<ul>\n<li><a href=\"\/2023\/europe-formation-transitions\/\">A3.12 AT &#8211; L\u2019Europe de la formation au c\u0153ur des transitions<\/a><\/li>\n<\/ul>\n","protected":false},"excerpt":{"rendered":"<p>Vincent Joseph, charg\u00e9 de mission Europe et international \u00e0 Centre Inffo, est engag\u00e9 depuis plus de 20 ans dans des activit\u00e9s de coop\u00e9ration pour la formation professionnelle, en l\u2019Europe et &hellip; <\/p>\n","protected":false},"author":1,"featured_media":5371,"parent":0,"menu_order":0,"comment_status":"closed","ping_status":"closed","template":"","meta":[],"categories":[6],"tags":[],"wf_page_folders":[92],"acf":[],"yoast_head":"<!-- This site is optimized with the Yoast SEO plugin v20.3 - https:\/\/yoast.com\/wordpress\/plugins\/seo\/ -->\n<title>Joseph - 18e Universit\u00e9 d&#039;Hiver de la Formation Professionnelle<\/title>\n<meta name=\"robots\" content=\"index, follow, max-snippet:-1, max-image-preview:large, max-video-preview:-1\" \/>\n<link rel=\"canonical\" href=\"https:\/\/uhfp.centre-inffo.fr\/2023\/joseph\/\" \/>\n<meta property=\"og:locale\" content=\"fr_FR\" \/>\n<meta property=\"og:type\" content=\"article\" \/>\n<meta property=\"og:title\" content=\"Joseph - 18e Universit\u00e9 d&#039;Hiver de la Formation Professionnelle\" \/>\n<meta property=\"og:description\" content=\"Vincent Joseph, charg\u00e9 de mission Europe et international \u00e0 Centre Inffo, est engag\u00e9 depuis plus de 20 ans dans des activit\u00e9s de coop\u00e9ration pour la formation professionnelle, en l\u2019Europe et &hellip;\" \/>\n<meta property=\"og:url\" content=\"https:\/\/uhfp.centre-inffo.fr\/2023\/joseph\/\" \/>\n<meta property=\"og:site_name\" content=\"18e Universit\u00e9 d&#039;Hiver de la Formation Professionnelle\" \/>\n<meta property=\"article:publisher\" content=\"https:\/\/www.facebook.com\/centreinffo\" \/>\n<meta property=\"article:modified_time\" content=\"2023-01-25T09:50:43+00:00\" \/>\n<meta property=\"og:image\" content=\"https:\/\/uhfp.centre-inffo.fr\/2023\/wp-content\/uploads\/2023\/01\/joseph.jpg\" \/>\n\t<meta property=\"og:image:width\" content=\"304\" \/>\n\t<meta property=\"og:image:height\" content=\"300\" \/>\n\t<meta property=\"og:image:type\" content=\"image\/jpeg\" \/>\n<meta name=\"twitter:card\" content=\"summary_large_image\" \/>\n<meta name=\"twitter:site\" content=\"@centreinffo\" \/>\n<meta name=\"twitter:label1\" content=\"Dur\u00e9e de lecture estim\u00e9e\" \/>\n\t<meta name=\"twitter:data1\" content=\"2 minutes\" \/>\n<script type=\"application\/ld+json\" class=\"yoast-schema-graph\">{\"@context\":\"https:\/\/schema.org\",\"@graph\":[{\"@type\":\"WebPage\",\"@id\":\"https:\/\/uhfp.centre-inffo.fr\/2023\/joseph\/\",\"url\":\"https:\/\/uhfp.centre-inffo.fr\/2023\/joseph\/\",\"name\":\"Joseph - 18e Universit\u00e9 d&#039;Hiver de la Formation Professionnelle\",\"isPartOf\":{\"@id\":\"https:\/\/uhfp.centre-inffo.fr\/2023\/#website\"},\"datePublished\":\"2022-12-05T08:26:53+00:00\",\"dateModified\":\"2023-01-25T09:50:43+00:00\",\"breadcrumb\":{\"@id\":\"https:\/\/uhfp.centre-inffo.fr\/2023\/joseph\/#breadcrumb\"},\"inLanguage\":\"fr-FR\",\"potentialAction\":[{\"@type\":\"ReadAction\",\"target\":[\"https:\/\/uhfp.centre-inffo.fr\/2023\/joseph\/\"]}]},{\"@type\":\"BreadcrumbList\",\"@id\":\"https:\/\/uhfp.centre-inffo.fr\/2023\/joseph\/#breadcrumb\",\"itemListElement\":[{\"@type\":\"ListItem\",\"position\":1,\"name\":\"Accueil\",\"item\":\"https:\/\/uhfp.centre-inffo.fr\/2023\/\"},{\"@type\":\"ListItem\",\"position\":2,\"name\":\"Intervenants\",\"item\":\"https:\/\/uhfp.centre-inffo.fr\/2023\/rubrique\/intervenants\/\"},{\"@type\":\"ListItem\",\"position\":3,\"name\":\"Joseph\"}]},{\"@type\":\"WebSite\",\"@id\":\"https:\/\/uhfp.centre-inffo.fr\/2023\/#website\",\"url\":\"https:\/\/uhfp.centre-inffo.fr\/2023\/\",\"name\":\"18e Universit\u00e9 d&#039;Hiver de la Formation Professionnelle\",\"description\":\"Comp\u00e9tences 2030 : r\u00e9ussir ensemble les transitions ! - Du 25 au 27 janvier 2023, \u00e0 Cannes\",\"publisher\":{\"@id\":\"https:\/\/uhfp.centre-inffo.fr\/2023\/#organization\"},\"potentialAction\":[{\"@type\":\"SearchAction\",\"target\":{\"@type\":\"EntryPoint\",\"urlTemplate\":\"https:\/\/uhfp.centre-inffo.fr\/2023\/?s={search_term_string}\"},\"query-input\":\"required name=search_term_string\"}],\"inLanguage\":\"fr-FR\"},{\"@type\":\"Organization\",\"@id\":\"https:\/\/uhfp.centre-inffo.fr\/2023\/#organization\",\"name\":\"Centre Inffo\",\"url\":\"https:\/\/uhfp.centre-inffo.fr\/2023\/\",\"logo\":{\"@type\":\"ImageObject\",\"inLanguage\":\"fr-FR\",\"@id\":\"https:\/\/uhfp.centre-inffo.fr\/2023\/#\/schema\/logo\/image\/\",\"url\":\"\",\"contentUrl\":\"\",\"caption\":\"Centre Inffo\"},\"image\":{\"@id\":\"https:\/\/uhfp.centre-inffo.fr\/2023\/#\/schema\/logo\/image\/\"},\"sameAs\":[\"https:\/\/www.facebook.com\/centreinffo\",\"https:\/\/twitter.com\/centreinffo\",\"https:\/\/www.linkedin.com\/company\/centre-inffo\/\",\"https:\/\/www.youtube.com\/user\/centreinffo\"]}]}<\/script>\n<!-- \/ Yoast SEO plugin. -->","yoast_head_json":{"title":"Joseph - 18e Universit\u00e9 d&#039;Hiver de la Formation Professionnelle","robots":{"index":"index","follow":"follow","max-snippet":"max-snippet:-1","max-image-preview":"max-image-preview:large","max-video-preview":"max-video-preview:-1"},"canonical":"https:\/\/uhfp.centre-inffo.fr\/2023\/joseph\/","og_locale":"fr_FR","og_type":"article","og_title":"Joseph - 18e Universit\u00e9 d&#039;Hiver de la Formation Professionnelle","og_description":"Vincent Joseph, charg\u00e9 de mission Europe et international \u00e0 Centre Inffo, est engag\u00e9 depuis plus de 20 ans dans des activit\u00e9s de coop\u00e9ration pour la formation professionnelle, en l\u2019Europe et &hellip;","og_url":"https:\/\/uhfp.centre-inffo.fr\/2023\/joseph\/","og_site_name":"18e Universit\u00e9 d&#039;Hiver de la Formation Professionnelle","article_publisher":"https:\/\/www.facebook.com\/centreinffo","article_modified_time":"2023-01-25T09:50:43+00:00","og_image":[{"width":304,"height":300,"url":"https:\/\/uhfp.centre-inffo.fr\/2023\/wp-content\/uploads\/2023\/01\/joseph.jpg","type":"image\/jpeg"}],"twitter_card":"summary_large_image","twitter_site":"@centreinffo","twitter_misc":{"Dur\u00e9e de lecture estim\u00e9e":"2 minutes"},"schema":{"@context":"https:\/\/schema.org","@graph":[{"@type":"WebPage","@id":"https:\/\/uhfp.centre-inffo.fr\/2023\/joseph\/","url":"https:\/\/uhfp.centre-inffo.fr\/2023\/joseph\/","name":"Joseph - 18e Universit\u00e9 d&#039;Hiver de la Formation Professionnelle","isPartOf":{"@id":"https:\/\/uhfp.centre-inffo.fr\/2023\/#website"},"datePublished":"2022-12-05T08:26:53+00:00","dateModified":"2023-01-25T09:50:43+00:00","breadcrumb":{"@id":"https:\/\/uhfp.centre-inffo.fr\/2023\/joseph\/#breadcrumb"},"inLanguage":"fr-FR","potentialAction":[{"@type":"ReadAction","target":["https:\/\/uhfp.centre-inffo.fr\/2023\/joseph\/"]}]},{"@type":"BreadcrumbList","@id":"https:\/\/uhfp.centre-inffo.fr\/2023\/joseph\/#breadcrumb","itemListElement":[{"@type":"ListItem","position":1,"name":"Accueil","item":"https:\/\/uhfp.centre-inffo.fr\/2023\/"},{"@type":"ListItem","position":2,"name":"Intervenants","item":"https:\/\/uhfp.centre-inffo.fr\/2023\/rubrique\/intervenants\/"},{"@type":"ListItem","position":3,"name":"Joseph"}]},{"@type":"WebSite","@id":"https:\/\/uhfp.centre-inffo.fr\/2023\/#website","url":"https:\/\/uhfp.centre-inffo.fr\/2023\/","name":"18e Universit\u00e9 d&#039;Hiver de la Formation Professionnelle","description":"Comp\u00e9tences 2030 : r\u00e9ussir ensemble les transitions ! - Du 25 au 27 janvier 2023, \u00e0 Cannes","publisher":{"@id":"https:\/\/uhfp.centre-inffo.fr\/2023\/#organization"},"potentialAction":[{"@type":"SearchAction","target":{"@type":"EntryPoint","urlTemplate":"https:\/\/uhfp.centre-inffo.fr\/2023\/?s={search_term_string}"},"query-input":"required name=search_term_string"}],"inLanguage":"fr-FR"},{"@type":"Organization","@id":"https:\/\/uhfp.centre-inffo.fr\/2023\/#organization","name":"Centre Inffo","url":"https:\/\/uhfp.centre-inffo.fr\/2023\/","logo":{"@type":"ImageObject","inLanguage":"fr-FR","@id":"https:\/\/uhfp.centre-inffo.fr\/2023\/#\/schema\/logo\/image\/","url":"","contentUrl":"","caption":"Centre Inffo"},"image":{"@id":"https:\/\/uhfp.centre-inffo.fr\/2023\/#\/schema\/logo\/image\/"},"sameAs":["https:\/\/www.facebook.com\/centreinffo","https:\/\/twitter.com\/centreinffo","https:\/\/www.linkedin.com\/company\/centre-inffo\/","https:\/\/www.youtube.com\/user\/centreinffo"]}]}},"_links":{"self":[{"href":"https:\/\/uhfp.centre-inffo.fr\/2023\/wp-json\/wp\/v2\/pages\/5151"}],"collection":[{"href":"https:\/\/uhfp.centre-inffo.fr\/2023\/wp-json\/wp\/v2\/pages"}],"about":[{"href":"https:\/\/uhfp.centre-inffo.fr\/2023\/wp-json\/wp\/v2\/types\/page"}],"author":[{"embeddable":true,"href":"https:\/\/uhfp.centre-inffo.fr\/2023\/wp-json\/wp\/v2\/users\/1"}],"replies":[{"embeddable":true,"href":"https:\/\/uhfp.centre-inffo.fr\/2023\/wp-json\/wp\/v2\/comments?post=5151"}],"version-history":[{"count":5,"href":"https:\/\/uhfp.centre-inffo.fr\/2023\/wp-json\/wp\/v2\/pages\/5151\/revisions"}],"predecessor-version":[{"id":5372,"href":"https:\/\/uhfp.centre-inffo.fr\/2023\/wp-json\/wp\/v2\/pages\/5151\/revisions\/5372"}],"wp:featuredmedia":[{"embeddable":true,"href":"https:\/\/uhfp.centre-inffo.fr\/2023\/wp-json\/wp\/v2\/media\/5371"}],"wp:attachment":[{"href":"https:\/\/uhfp.centre-inffo.fr\/2023\/wp-json\/wp\/v2\/media?parent=5151"}],"wp:term":[{"taxonomy":"category","embeddable":true,"href":"https:\/\/uhfp.centre-inffo.fr\/2023\/wp-json\/wp\/v2\/categories?post=5151"},{"taxonomy":"post_tag","embeddable":true,"href":"https:\/\/uhfp.centre-inffo.fr\/2023\/wp-json\/wp\/v2\/tags?post=5151"},{"taxonomy":"wf_page_folders","embeddable":true,"href":"https:\/\/uhfp.centre-inffo.fr\/2023\/wp-json\/wp\/v2\/wf_page_folders?post=5151"}],"curies":[{"name":"wp","href":"https:\/\/api.w.org\/{rel}","templated":true}]}}

<p>Vincent Joseph, chargé de mission Europe et international à Centre Inffo, est engagé depuis plus de 20 ans dans des activités de coopération pour la formation professionnelle, en l’Europe et à l’international.</p>
<p>Après une première partie de carrière tournée vers le développement de partenariats, au sein d’un organisme de formation, autour de démarches de valorisation des compétences dans le secteur culturel et l’économie sociale, il rejoint Centre Inffo en 2016 où ses missions l’amènent à aborder sur un versant plus institutionnel la construction d’une Europe de la formation.</p>
<p>La réalisation de travaux de recherche, la contribution à des réseaux et des groupes de travail européens, s’inscrivent dans des objectifs tels démocratiser la mobilité européenne, favoriser l’accès à la formation des adultes, et nourrir l’invention de réponses à la hauteur des enjeux de l’époque et de la crise climatique.</p>
<p>A travers la participation au réseau d’expertise Refernet du Cedefop, au réseau Euroguidance et à l’Agenda Européen pour la Formation des Adultes (AEFA), coordonnés par l’agence Erasmus + Education Formation France, les deux dimensions européennes et nationales s’articulent et se font écho : il s’agit d’informer l’UE de ce qui se fait en France, et réciproquement d’éclairer les acteurs nationaux des initiatives européennes et des stratégies chez nos voisins.</p>
<p>Vincent Joseph a ainsi récemment assuré la rédaction pour l’AEFA de la publication « Une exploration de la formation en situation de travail, en Europe et ailleurs », <a href="https://agence.erasmusplus.fr/publications/une-exploration-de-la-formation-en-situation-de-travail-en-europe-et-ailleurs/">disponible en ligne sur le site de l’agence Erasmus +</a>.</p>
<p>Également engagé dans des activités d’enseignements à l’université sur les politiques publiques de formation en France et en Europe, il s’attache à y tenter de rendre lisibles les choix menés et les orientations sous-jacentes qui les structurent, et ainsi à rendre plus accessible au débat démocratique ce qui constitue habituellement des sujets de pure expertise.</p>
<h3>Intervention</h3>
<ul>
<li><a href="/2023/europe-formation-transitions/">A3.12 AT &#8211; L’Europe de la formation au cœur des transitions</a></li>
</ul>

<p>Vincent Joseph, chargé de mission Europe et international à Centre Inffo, est engagé depuis plus de 20 ans dans des activités de coopération pour la formation professionnelle, en l’Europe et &hellip; </p>

<!-- This site is optimized with the Yoast SEO plugin v20.3 - https://yoast.com/wordpress/plugins/seo/ -->
<title>Joseph - 18e Université d&#039;Hiver de la Formation Professionnelle</title>
<meta name="robots" content="index, follow, max-snippet:-1, max-image-preview:large, max-video-preview:-1" />
<link rel="canonical" href="https://uhfp.centre-inffo.fr/2023/joseph/" />
<meta property="og:locale" content="fr_FR" />
<meta property="og:type" content="article" />
<meta property="og:title" content="Joseph - 18e Université d&#039;Hiver de la Formation Professionnelle" />
<meta property="og:description" content="Vincent Joseph, chargé de mission Europe et international à Centre Inffo, est engagé depuis plus de 20 ans dans des activités de coopération pour la formation professionnelle, en l’Europe et &hellip;" />
<meta property="og:url" content="https://uhfp.centre-inffo.fr/2023/joseph/" />
<meta property="og:site_name" content="18e Université d&#039;Hiver de la Formation Professionnelle" />
<meta property="article:publisher" content="https://www.facebook.com/centreinffo" />
<meta property="article:modified_time" content="2023-01-25T09:50:43+00:00" />
<meta property="og:image" content="https://uhfp.centre-inffo.fr/2023/wp-content/uploads/2023/01/joseph.jpg" />
	<meta property="og:image:width" content="304" />
	<meta property="og:image:height" content="300" />
	<meta property="og:image:type" content="image/jpeg" />
<meta name="twitter:card" content="summary_large_image" />
<meta name="twitter:site" content="@centreinffo" />
<meta name="twitter:label1" content="Durée de lecture estimée" />
	<meta name="twitter:data1" content="2 minutes" />
<script type="application/ld+json" class="yoast-schema-graph">{"@context":"https://schema.org","@graph":[{"@type":"WebPage","@id":"https://uhfp.centre-inffo.fr/2023/joseph/","url":"https://uhfp.centre-inffo.fr/2023/joseph/","name":"Joseph - 18e Université d&#039;Hiver de la Formation Professionnelle","isPartOf":{"@id":"https://uhfp.centre-inffo.fr/2023/#website"},"datePublished":"2022-12-05T08:26:53+00:00","dateModified":"2023-01-25T09:50:43+00:00","breadcrumb":{"@id":"https://uhfp.centre-inffo.fr/2023/joseph/#breadcrumb"},"inLanguage":"fr-FR","potentialAction":[{"@type":"ReadAction","target":["https://uhfp.centre-inffo.fr/2023/joseph/"]}]},{"@type":"BreadcrumbList","@id":"https://uhfp.centre-inffo.fr/2023/joseph/#breadcrumb","itemListElement":[{"@type":"ListItem","position":1,"name":"Accueil","item":"https://uhfp.centre-inffo.fr/2023/"},{"@type":"ListItem","position":2,"name":"Intervenants","item":"https://uhfp.centre-inffo.fr/2023/rubrique/intervenants/"},{"@type":"ListItem","position":3,"name":"Joseph"}]},{"@type":"WebSite","@id":"https://uhfp.centre-inffo.fr/2023/#website","url":"https://uhfp.centre-inffo.fr/2023/","name":"18e Université d&#039;Hiver de la Formation Professionnelle","description":"Compétences 2030 : réussir ensemble les transitions ! - Du 25 au 27 janvier 2023, à Cannes","publisher":{"@id":"https://uhfp.centre-inffo.fr/2023/#organization"},"potentialAction":[{"@type":"SearchAction","target":{"@type":"EntryPoint","urlTemplate":"https://uhfp.centre-inffo.fr/2023/?s={search_term_string}"},"query-input":"required name=search_term_string"}],"inLanguage":"fr-FR"},{"@type":"Organization","@id":"https://uhfp.centre-inffo.fr/2023/#organization","name":"Centre Inffo","url":"https://uhfp.centre-inffo.fr/2023/","logo":{"@type":"ImageObject","inLanguage":"fr-FR","@id":"https://uhfp.centre-inffo.fr/2023/#/schema/logo/image/","url":"","contentUrl":"","caption":"Centre Inffo"},"image":{"@id":"https://uhfp.centre-inffo.fr/2023/#/schema/logo/image/"},"sameAs":["https://www.facebook.com/centreinffo","https://twitter.com/centreinffo","https://www.linkedin.com/company/centre-inffo/","https://www.youtube.com/user/centreinffo"]}]}</script>
<!-- / Yoast SEO plugin. -->

Joseph - 18e Université d&#039;Hiver de la Formation Professionnelle

Vincent Joseph, chargé de mission Europe et international à Centre Inffo, est engagé depuis plus de 20 ans dans des activités de coopération pour la formation professionnelle, en l’Europe et &hellip;

18e Université d&#039;Hiver de la Formation Professionnelle

Compétences 2030 : réussir ensemble les transitions ! - Du 25 au 27 janvier 2023, à Cannes
