{"id":5206,"date":"2022-12-02T11:55:25","date_gmt":"2022-12-02T10:55:25","guid":{"rendered":"https:\/\/uhfp.centre-inffo.fr\/2023\/?page_id=5206"},"modified":"2023-01-20T10:59:45","modified_gmt":"2023-01-20T09:59:45","slug":"meunier","status":"publish","type":"page","link":"https:\/\/uhfp.centre-inffo.fr\/2023\/meunier\/","title":{"rendered":"Meunier"},"content":{"rendered":"<p>Arnaud\u00a0Meunier\u00a0dirige actuellement la MC2: de Grenoble.\u00a0 La d\u00e9marche inclusive et participative est au c\u0153ur de son travail de directeur d\u2019institutions culturelles et de metteur en sc\u00e8ne.<\/p>\n<p>Tout au long de son parcours, en Seine-Saint-Denis, puis \u00e0 Saint-Etienne, il a eu \u00e0 c\u0153ur de d\u00e9velopper des projets de cr\u00e9ations partag\u00e9es associant des artistes professionnels \u00e0 des jeunes qui ne fr\u00e9quentaient pas les lieux d\u2019art et de culture. En 2011, il m\u00e8ne un projet ambitieux avec trois lyc\u00e9es de Seine-Saint-Denis intitul\u00e9\u00a0<i>d\u2019Un onze septembre \u00e0 l\u2019autre<\/i>\u00a0en menant des ateliers de th\u00e9\u00e2tre aupr\u00e8s d\u2019une centaine de jeunes pendant plus d\u2019un an et en ouvrant la saison du Th\u00e9\u00e2tre de la Ville \u00e0 Paris le week-end anniversaire des dix ans des attentats au World Trade Center avec la pi\u00e8ce de Michel Vinaver : 11 septembre 2001. En 2017 il inaugure la nouvelle Com\u00e9die de Saint-Etienne avec une centaine de jeunes st\u00e9phanois qui avaient travaill\u00e9 pendant deux saisons gr\u00e2ce au projet\u00a0<i>Et maintenant ?<\/i>\u00a0Plus r\u00e9cemment, 400 jeunes issus des quartiers prioritaires (QPV) ont particip\u00e9 au projet\u00a0<i>Ensemble autour des luttes contre les discriminations<\/i>\u00a0via la d\u00e9couverte de la pratique th\u00e9\u00e2trale sous le parrainage de Rachida Brakni et d\u2019\u00c9ric Cantona.<\/p>\n<h3>Intervention<\/h3>\n<ul>\n<li><a href=\"\/2023\/d4-52-at-la-culture-une-obligation-dinclusion\/\">D4.52 AT : La culture, une obligation d&rsquo;inclusion<\/a><\/li>\n<\/ul>\n","protected":false},"excerpt":{"rendered":"<p>Arnaud\u00a0Meunier\u00a0dirige actuellement la MC2: de Grenoble.\u00a0 La d\u00e9marche inclusive et participative est au c\u0153ur de son travail de directeur d\u2019institutions culturelles et de metteur en sc\u00e8ne. Tout au long de &hellip; <\/p>\n","protected":false},"author":1,"featured_media":2627,"parent":0,"menu_order":0,"comment_status":"closed","ping_status":"closed","template":"","meta":[],"categories":[6],"tags":[],"wf_page_folders":[92],"acf":[],"yoast_head":"<!-- This site is optimized with the Yoast SEO plugin v20.3 - https:\/\/yoast.com\/wordpress\/plugins\/seo\/ -->\n<title>Meunier - 18e Universit\u00e9 d&#039;Hiver de la Formation Professionnelle<\/title>\n<meta name=\"robots\" content=\"index, follow, max-snippet:-1, max-image-preview:large, max-video-preview:-1\" \/>\n<link rel=\"canonical\" href=\"https:\/\/uhfp.centre-inffo.fr\/2023\/meunier\/\" \/>\n<meta property=\"og:locale\" content=\"fr_FR\" \/>\n<meta property=\"og:type\" content=\"article\" \/>\n<meta property=\"og:title\" content=\"Meunier - 18e Universit\u00e9 d&#039;Hiver de la Formation Professionnelle\" \/>\n<meta property=\"og:description\" content=\"Arnaud\u00a0Meunier\u00a0dirige actuellement la MC2: de Grenoble.\u00a0 La d\u00e9marche inclusive et participative est au c\u0153ur de son travail de directeur d\u2019institutions culturelles et de metteur en sc\u00e8ne. Tout au long de &hellip;\" \/>\n<meta property=\"og:url\" content=\"https:\/\/uhfp.centre-inffo.fr\/2023\/meunier\/\" \/>\n<meta property=\"og:site_name\" content=\"18e Universit\u00e9 d&#039;Hiver de la Formation Professionnelle\" \/>\n<meta property=\"article:publisher\" content=\"https:\/\/www.facebook.com\/centreinffo\" \/>\n<meta property=\"article:modified_time\" content=\"2023-01-20T09:59:45+00:00\" \/>\n<meta property=\"og:image\" content=\"https:\/\/uhfp.centre-inffo.fr\/2023\/wp-content\/uploads\/2022\/12\/user-x.png\" \/>\n\t<meta property=\"og:image:width\" content=\"1200\" \/>\n\t<meta property=\"og:image:height\" content=\"1200\" \/>\n\t<meta property=\"og:image:type\" content=\"image\/png\" \/>\n<meta name=\"twitter:card\" content=\"summary_large_image\" \/>\n<meta name=\"twitter:site\" content=\"@centreinffo\" \/>\n<meta name=\"twitter:label1\" content=\"Dur\u00e9e de lecture estim\u00e9e\" \/>\n\t<meta name=\"twitter:data1\" content=\"2 minutes\" \/>\n<script type=\"application\/ld+json\" class=\"yoast-schema-graph\">{\"@context\":\"https:\/\/schema.org\",\"@graph\":[{\"@type\":\"WebPage\",\"@id\":\"https:\/\/uhfp.centre-inffo.fr\/2023\/meunier\/\",\"url\":\"https:\/\/uhfp.centre-inffo.fr\/2023\/meunier\/\",\"name\":\"Meunier - 18e Universit\u00e9 d&#039;Hiver de la Formation Professionnelle\",\"isPartOf\":{\"@id\":\"https:\/\/uhfp.centre-inffo.fr\/2023\/#website\"},\"datePublished\":\"2022-12-02T10:55:25+00:00\",\"dateModified\":\"2023-01-20T09:59:45+00:00\",\"breadcrumb\":{\"@id\":\"https:\/\/uhfp.centre-inffo.fr\/2023\/meunier\/#breadcrumb\"},\"inLanguage\":\"fr-FR\",\"potentialAction\":[{\"@type\":\"ReadAction\",\"target\":[\"https:\/\/uhfp.centre-inffo.fr\/2023\/meunier\/\"]}]},{\"@type\":\"BreadcrumbList\",\"@id\":\"https:\/\/uhfp.centre-inffo.fr\/2023\/meunier\/#breadcrumb\",\"itemListElement\":[{\"@type\":\"ListItem\",\"position\":1,\"name\":\"Accueil\",\"item\":\"https:\/\/uhfp.centre-inffo.fr\/2023\/\"},{\"@type\":\"ListItem\",\"position\":2,\"name\":\"Intervenants\",\"item\":\"https:\/\/uhfp.centre-inffo.fr\/2023\/rubrique\/intervenants\/\"},{\"@type\":\"ListItem\",\"position\":3,\"name\":\"Meunier\"}]},{\"@type\":\"WebSite\",\"@id\":\"https:\/\/uhfp.centre-inffo.fr\/2023\/#website\",\"url\":\"https:\/\/uhfp.centre-inffo.fr\/2023\/\",\"name\":\"18e Universit\u00e9 d&#039;Hiver de la Formation Professionnelle\",\"description\":\"Comp\u00e9tences 2030 : r\u00e9ussir ensemble les transitions ! - Du 25 au 27 janvier 2023, \u00e0 Cannes\",\"publisher\":{\"@id\":\"https:\/\/uhfp.centre-inffo.fr\/2023\/#organization\"},\"potentialAction\":[{\"@type\":\"SearchAction\",\"target\":{\"@type\":\"EntryPoint\",\"urlTemplate\":\"https:\/\/uhfp.centre-inffo.fr\/2023\/?s={search_term_string}\"},\"query-input\":\"required name=search_term_string\"}],\"inLanguage\":\"fr-FR\"},{\"@type\":\"Organization\",\"@id\":\"https:\/\/uhfp.centre-inffo.fr\/2023\/#organization\",\"name\":\"Centre Inffo\",\"url\":\"https:\/\/uhfp.centre-inffo.fr\/2023\/\",\"logo\":{\"@type\":\"ImageObject\",\"inLanguage\":\"fr-FR\",\"@id\":\"https:\/\/uhfp.centre-inffo.fr\/2023\/#\/schema\/logo\/image\/\",\"url\":\"\",\"contentUrl\":\"\",\"caption\":\"Centre Inffo\"},\"image\":{\"@id\":\"https:\/\/uhfp.centre-inffo.fr\/2023\/#\/schema\/logo\/image\/\"},\"sameAs\":[\"https:\/\/www.facebook.com\/centreinffo\",\"https:\/\/twitter.com\/centreinffo\",\"https:\/\/www.linkedin.com\/company\/centre-inffo\/\",\"https:\/\/www.youtube.com\/user\/centreinffo\"]}]}<\/script>\n<!-- \/ Yoast SEO plugin. -->","yoast_head_json":{"title":"Meunier - 18e Universit\u00e9 d&#039;Hiver de la Formation Professionnelle","robots":{"index":"index","follow":"follow","max-snippet":"max-snippet:-1","max-image-preview":"max-image-preview:large","max-video-preview":"max-video-preview:-1"},"canonical":"https:\/\/uhfp.centre-inffo.fr\/2023\/meunier\/","og_locale":"fr_FR","og_type":"article","og_title":"Meunier - 18e Universit\u00e9 d&#039;Hiver de la Formation Professionnelle","og_description":"Arnaud\u00a0Meunier\u00a0dirige actuellement la MC2: de Grenoble.\u00a0 La d\u00e9marche inclusive et participative est au c\u0153ur de son travail de directeur d\u2019institutions culturelles et de metteur en sc\u00e8ne. Tout au long de &hellip;","og_url":"https:\/\/uhfp.centre-inffo.fr\/2023\/meunier\/","og_site_name":"18e Universit\u00e9 d&#039;Hiver de la Formation Professionnelle","article_publisher":"https:\/\/www.facebook.com\/centreinffo","article_modified_time":"2023-01-20T09:59:45+00:00","og_image":[{"width":1200,"height":1200,"url":"https:\/\/uhfp.centre-inffo.fr\/2023\/wp-content\/uploads\/2022\/12\/user-x.png","type":"image\/png"}],"twitter_card":"summary_large_image","twitter_site":"@centreinffo","twitter_misc":{"Dur\u00e9e de lecture estim\u00e9e":"2 minutes"},"schema":{"@context":"https:\/\/schema.org","@graph":[{"@type":"WebPage","@id":"https:\/\/uhfp.centre-inffo.fr\/2023\/meunier\/","url":"https:\/\/uhfp.centre-inffo.fr\/2023\/meunier\/","name":"Meunier - 18e Universit\u00e9 d&#039;Hiver de la Formation Professionnelle","isPartOf":{"@id":"https:\/\/uhfp.centre-inffo.fr\/2023\/#website"},"datePublished":"2022-12-02T10:55:25+00:00","dateModified":"2023-01-20T09:59:45+00:00","breadcrumb":{"@id":"https:\/\/uhfp.centre-inffo.fr\/2023\/meunier\/#breadcrumb"},"inLanguage":"fr-FR","potentialAction":[{"@type":"ReadAction","target":["https:\/\/uhfp.centre-inffo.fr\/2023\/meunier\/"]}]},{"@type":"BreadcrumbList","@id":"https:\/\/uhfp.centre-inffo.fr\/2023\/meunier\/#breadcrumb","itemListElement":[{"@type":"ListItem","position":1,"name":"Accueil","item":"https:\/\/uhfp.centre-inffo.fr\/2023\/"},{"@type":"ListItem","position":2,"name":"Intervenants","item":"https:\/\/uhfp.centre-inffo.fr\/2023\/rubrique\/intervenants\/"},{"@type":"ListItem","position":3,"name":"Meunier"}]},{"@type":"WebSite","@id":"https:\/\/uhfp.centre-inffo.fr\/2023\/#website","url":"https:\/\/uhfp.centre-inffo.fr\/2023\/","name":"18e Universit\u00e9 d&#039;Hiver de la Formation Professionnelle","description":"Comp\u00e9tences 2030 : r\u00e9ussir ensemble les transitions ! - Du 25 au 27 janvier 2023, \u00e0 Cannes","publisher":{"@id":"https:\/\/uhfp.centre-inffo.fr\/2023\/#organization"},"potentialAction":[{"@type":"SearchAction","target":{"@type":"EntryPoint","urlTemplate":"https:\/\/uhfp.centre-inffo.fr\/2023\/?s={search_term_string}"},"query-input":"required name=search_term_string"}],"inLanguage":"fr-FR"},{"@type":"Organization","@id":"https:\/\/uhfp.centre-inffo.fr\/2023\/#organization","name":"Centre Inffo","url":"https:\/\/uhfp.centre-inffo.fr\/2023\/","logo":{"@type":"ImageObject","inLanguage":"fr-FR","@id":"https:\/\/uhfp.centre-inffo.fr\/2023\/#\/schema\/logo\/image\/","url":"","contentUrl":"","caption":"Centre Inffo"},"image":{"@id":"https:\/\/uhfp.centre-inffo.fr\/2023\/#\/schema\/logo\/image\/"},"sameAs":["https:\/\/www.facebook.com\/centreinffo","https:\/\/twitter.com\/centreinffo","https:\/\/www.linkedin.com\/company\/centre-inffo\/","https:\/\/www.youtube.com\/user\/centreinffo"]}]}},"_links":{"self":[{"href":"https:\/\/uhfp.centre-inffo.fr\/2023\/wp-json\/wp\/v2\/pages\/5206"}],"collection":[{"href":"https:\/\/uhfp.centre-inffo.fr\/2023\/wp-json\/wp\/v2\/pages"}],"about":[{"href":"https:\/\/uhfp.centre-inffo.fr\/2023\/wp-json\/wp\/v2\/types\/page"}],"author":[{"embeddable":true,"href":"https:\/\/uhfp.centre-inffo.fr\/2023\/wp-json\/wp\/v2\/users\/1"}],"replies":[{"embeddable":true,"href":"https:\/\/uhfp.centre-inffo.fr\/2023\/wp-json\/wp\/v2\/comments?post=5206"}],"version-history":[{"count":3,"href":"https:\/\/uhfp.centre-inffo.fr\/2023\/wp-json\/wp\/v2\/pages\/5206\/revisions"}],"predecessor-version":[{"id":5209,"href":"https:\/\/uhfp.centre-inffo.fr\/2023\/wp-json\/wp\/v2\/pages\/5206\/revisions\/5209"}],"wp:featuredmedia":[{"embeddable":true,"href":"https:\/\/uhfp.centre-inffo.fr\/2023\/wp-json\/wp\/v2\/media\/2627"}],"wp:attachment":[{"href":"https:\/\/uhfp.centre-inffo.fr\/2023\/wp-json\/wp\/v2\/media?parent=5206"}],"wp:term":[{"taxonomy":"category","embeddable":true,"href":"https:\/\/uhfp.centre-inffo.fr\/2023\/wp-json\/wp\/v2\/categories?post=5206"},{"taxonomy":"post_tag","embeddable":true,"href":"https:\/\/uhfp.centre-inffo.fr\/2023\/wp-json\/wp\/v2\/tags?post=5206"},{"taxonomy":"wf_page_folders","embeddable":true,"href":"https:\/\/uhfp.centre-inffo.fr\/2023\/wp-json\/wp\/v2\/wf_page_folders?post=5206"}],"curies":[{"name":"wp","href":"https:\/\/api.w.org\/{rel}","templated":true}]}}

<p>Arnaud Meunier dirige actuellement la MC2: de Grenoble.  La démarche inclusive et participative est au cœur de son travail de directeur d’institutions culturelles et de metteur en scène.</p>
<p>Tout au long de son parcours, en Seine-Saint-Denis, puis à Saint-Etienne, il a eu à cœur de développer des projets de créations partagées associant des artistes professionnels à des jeunes qui ne fréquentaient pas les lieux d’art et de culture. En 2011, il mène un projet ambitieux avec trois lycées de Seine-Saint-Denis intitulé <i>d’Un onze septembre à l’autre</i> en menant des ateliers de théâtre auprès d’une centaine de jeunes pendant plus d’un an et en ouvrant la saison du Théâtre de la Ville à Paris le week-end anniversaire des dix ans des attentats au World Trade Center avec la pièce de Michel Vinaver : 11 septembre 2001. En 2017 il inaugure la nouvelle Comédie de Saint-Etienne avec une centaine de jeunes stéphanois qui avaient travaillé pendant deux saisons grâce au projet <i>Et maintenant ?</i> Plus récemment, 400 jeunes issus des quartiers prioritaires (QPV) ont participé au projet <i>Ensemble autour des luttes contre les discriminations</i> via la découverte de la pratique théâtrale sous le parrainage de Rachida Brakni et d’Éric Cantona.</p>
<h3>Intervention</h3>
<ul>
<li><a href="/2023/d4-52-at-la-culture-une-obligation-dinclusion/">D4.52 AT : La culture, une obligation d&rsquo;inclusion</a></li>
</ul>

<p>Arnaud Meunier dirige actuellement la MC2: de Grenoble.  La démarche inclusive et participative est au cœur de son travail de directeur d’institutions culturelles et de metteur en scène. Tout au long de &hellip; </p>

<!-- This site is optimized with the Yoast SEO plugin v20.3 - https://yoast.com/wordpress/plugins/seo/ -->
<title>Meunier - 18e Université d&#039;Hiver de la Formation Professionnelle</title>
<meta name="robots" content="index, follow, max-snippet:-1, max-image-preview:large, max-video-preview:-1" />
<link rel="canonical" href="https://uhfp.centre-inffo.fr/2023/meunier/" />
<meta property="og:locale" content="fr_FR" />
<meta property="og:type" content="article" />
<meta property="og:title" content="Meunier - 18e Université d&#039;Hiver de la Formation Professionnelle" />
<meta property="og:description" content="Arnaud Meunier dirige actuellement la MC2: de Grenoble.  La démarche inclusive et participative est au cœur de son travail de directeur d’institutions culturelles et de metteur en scène. Tout au long de &hellip;" />
<meta property="og:url" content="https://uhfp.centre-inffo.fr/2023/meunier/" />
<meta property="og:site_name" content="18e Université d&#039;Hiver de la Formation Professionnelle" />
<meta property="article:publisher" content="https://www.facebook.com/centreinffo" />
<meta property="article:modified_time" content="2023-01-20T09:59:45+00:00" />
<meta property="og:image" content="https://uhfp.centre-inffo.fr/2023/wp-content/uploads/2022/12/user-x.png" />
	<meta property="og:image:width" content="1200" />
	<meta property="og:image:height" content="1200" />
	<meta property="og:image:type" content="image/png" />
<meta name="twitter:card" content="summary_large_image" />
<meta name="twitter:site" content="@centreinffo" />
<meta name="twitter:label1" content="Durée de lecture estimée" />
	<meta name="twitter:data1" content="2 minutes" />
<script type="application/ld+json" class="yoast-schema-graph">{"@context":"https://schema.org","@graph":[{"@type":"WebPage","@id":"https://uhfp.centre-inffo.fr/2023/meunier/","url":"https://uhfp.centre-inffo.fr/2023/meunier/","name":"Meunier - 18e Université d&#039;Hiver de la Formation Professionnelle","isPartOf":{"@id":"https://uhfp.centre-inffo.fr/2023/#website"},"datePublished":"2022-12-02T10:55:25+00:00","dateModified":"2023-01-20T09:59:45+00:00","breadcrumb":{"@id":"https://uhfp.centre-inffo.fr/2023/meunier/#breadcrumb"},"inLanguage":"fr-FR","potentialAction":[{"@type":"ReadAction","target":["https://uhfp.centre-inffo.fr/2023/meunier/"]}]},{"@type":"BreadcrumbList","@id":"https://uhfp.centre-inffo.fr/2023/meunier/#breadcrumb","itemListElement":[{"@type":"ListItem","position":1,"name":"Accueil","item":"https://uhfp.centre-inffo.fr/2023/"},{"@type":"ListItem","position":2,"name":"Intervenants","item":"https://uhfp.centre-inffo.fr/2023/rubrique/intervenants/"},{"@type":"ListItem","position":3,"name":"Meunier"}]},{"@type":"WebSite","@id":"https://uhfp.centre-inffo.fr/2023/#website","url":"https://uhfp.centre-inffo.fr/2023/","name":"18e Université d&#039;Hiver de la Formation Professionnelle","description":"Compétences 2030 : réussir ensemble les transitions ! - Du 25 au 27 janvier 2023, à Cannes","publisher":{"@id":"https://uhfp.centre-inffo.fr/2023/#organization"},"potentialAction":[{"@type":"SearchAction","target":{"@type":"EntryPoint","urlTemplate":"https://uhfp.centre-inffo.fr/2023/?s={search_term_string}"},"query-input":"required name=search_term_string"}],"inLanguage":"fr-FR"},{"@type":"Organization","@id":"https://uhfp.centre-inffo.fr/2023/#organization","name":"Centre Inffo","url":"https://uhfp.centre-inffo.fr/2023/","logo":{"@type":"ImageObject","inLanguage":"fr-FR","@id":"https://uhfp.centre-inffo.fr/2023/#/schema/logo/image/","url":"","contentUrl":"","caption":"Centre Inffo"},"image":{"@id":"https://uhfp.centre-inffo.fr/2023/#/schema/logo/image/"},"sameAs":["https://www.facebook.com/centreinffo","https://twitter.com/centreinffo","https://www.linkedin.com/company/centre-inffo/","https://www.youtube.com/user/centreinffo"]}]}</script>
<!-- / Yoast SEO plugin. -->

Meunier - 18e Université d&#039;Hiver de la Formation Professionnelle

Arnaud Meunier dirige actuellement la MC2: de Grenoble.  La démarche inclusive et participative est au cœur de son travail de directeur d’institutions culturelles et de metteur en scène. Tout au long de &hellip;

18e Université d&#039;Hiver de la Formation Professionnelle

Compétences 2030 : réussir ensemble les transitions ! - Du 25 au 27 janvier 2023, à Cannes
