{"id":5397,"date":"2023-01-26T09:21:23","date_gmt":"2023-01-26T08:21:23","guid":{"rendered":"https:\/\/uhfp.centre-inffo.fr\/2023\/?page_id=5397"},"modified":"2023-02-14T13:49:28","modified_gmt":"2023-02-14T12:49:28","slug":"videos-partenaires","status":"publish","type":"page","link":"https:\/\/uhfp.centre-inffo.fr\/2023\/videos-partenaires\/","title":{"rendered":"Vid\u00e9os partenaires"},"content":{"rendered":"\n<hr class=\"wp-block-separator has-alpha-channel-opacity\"\/>\n\n\n\n<h2 class=\"in-page-title wp-block-heading\">Partenaires Platinum<\/h2>\n\n\n\n<hr class=\"wp-block-separator has-alpha-channel-opacity\"\/>\n\n\n\n<div class=\"wp-block-columns is-layout-flex wp-container-3\">\n<div class=\"wp-block-column is-layout-flow\">\n<h3 class=\"wp-block-heading\">AKSIS MOOVEUS<\/h3>\n\n\n\n<iframe loading=\"lazy\" style=\"border: 1px solid #ff5100;\" width=\"100%\" height=\"300\" src=\"https:\/\/www.youtube.com\/embed\/Do42bnm6T6A\" title=\"YouTube video player\" frameborder=\"0\" allow=\"accelerometer; autoplay; clipboard-write; encrypted-media; gyroscope; picture-in-picture; web-share\" allowfullscreen=\"\"><\/iframe>\n<\/div>\n\n\n\n<div class=\"wp-block-column is-layout-flow\">\n<h3 class=\"wp-block-heading\">Akto<\/h3>\n\n\n\n<iframe loading=\"lazy\" style=\"border: 1px solid #ff5100;\" width=\"100%\" height=\"300\" src=\"https:\/\/www.youtube.com\/embed\/s3G9QTQDXH8\" title=\"YouTube video player\" frameborder=\"0\" allow=\"accelerometer; autoplay; clipboard-write; encrypted-media; gyroscope; picture-in-picture; web-share\" allowfullscreen=\"\"><\/iframe>\n<\/div>\n<\/div>\n\n\n\n<div class=\"wp-block-columns is-layout-flex wp-container-6\">\n<div class=\"wp-block-column is-layout-flow\">\n<h3 class=\"wp-block-heading\">CCCA BTP<\/h3>\n\n\n\n<iframe loading=\"lazy\" style=\"border: 1px solid #ff5100;\" width=\"100%\" height=\"300\" src=\"https:\/\/www.youtube.com\/embed\/Yr6vEpkOBZM\" title=\"YouTube video player\" frameborder=\"0\" allow=\"accelerometer; autoplay; clipboard-write; encrypted-media; gyroscope; picture-in-picture; web-share\" allowfullscreen=\"\"><\/iframe>\n<\/div>\n\n\n\n<div class=\"wp-block-column is-layout-flow\">\n<h3 class=\"wp-block-heading\">Galileo Global Education Entreprises<\/h3>\n\n\n\n<iframe loading=\"lazy\" style=\"border: 1px solid #ff5100;\" width=\"100%\" height=\"300\" src=\"https:\/\/www.youtube.com\/embed\/M_Pvp97Pd54\" title=\"YouTube video player\" frameborder=\"0\" allow=\"accelerometer; autoplay; clipboard-write; encrypted-media; gyroscope; picture-in-picture; web-share\" allowfullscreen=\"\"><\/iframe>\n<\/div>\n<\/div>\n\n\n\n<div class=\"wp-block-columns is-layout-flex wp-container-9\">\n<div class=\"wp-block-column is-layout-flow\">\n<h3 class=\"wp-block-heading\">ICDL France<\/h3>\n\n\n\n<iframe loading=\"lazy\" style=\"border: 1px solid #ff5100;\" width=\"100%\" height=\"300\" src=\"https:\/\/www.youtube.com\/embed\/6-2zQmesHAk\" title=\"YouTube video player\" frameborder=\"0\" allow=\"accelerometer; autoplay; clipboard-write; encrypted-media; gyroscope; picture-in-picture; web-share\" allowfullscreen=\"\"><\/iframe>\n<\/div>\n\n\n\n<div class=\"wp-block-column is-layout-flow\">\n<h3 class=\"wp-block-heading\">Opco EP<\/h3>\n\n\n\n<iframe loading=\"lazy\" style=\"border: 1px solid #ff5100;\" width=\"100%\" height=\"300\" src=\"https:\/\/www.youtube.com\/embed\/Aze6x7MKW6I\" title=\"YouTube video player\" frameborder=\"0\" allow=\"accelerometer; autoplay; clipboard-write; encrypted-media; gyroscope; picture-in-picture; web-share\" allowfullscreen=\"\"><\/iframe>\n<\/div>\n<\/div>\n\n\n\n<hr class=\"wp-block-separator has-alpha-channel-opacity\"\/>\n\n\n\n<h2 class=\"in-page-title wp-block-heading\">Partenaires Or<\/h2>\n\n\n\n<hr class=\"wp-block-separator has-alpha-channel-opacity\"\/>\n\n\n\n<div class=\"wp-block-columns is-layout-flex wp-container-12\">\n<div class=\"wp-block-column is-layout-flow\">\n<h3 class=\"wp-block-heading\">Afnor<\/h3>\n\n\n\n<iframe loading=\"lazy\" style=\"border: 1px solid #ff5100;\" width=\"100%\" height=\"300\" src=\"https:\/\/www.youtube.com\/embed\/ehnysKy7RfA\" title=\"YouTube video player\" frameborder=\"0\" allow=\"accelerometer; autoplay; clipboard-write; encrypted-media; gyroscope; picture-in-picture; web-share\" allowfullscreen=\"\"><\/iframe>\n<\/div>\n\n\n\n<div class=\"wp-block-column is-layout-flow\">\n<h3 class=\"wp-block-heading\">Afpa<\/h3>\n\n\n\n<iframe loading=\"lazy\" style=\"border: 1px solid #ff5100;\" width=\"100%\" height=\"300\" src=\"https:\/\/www.youtube.com\/embed\/lGxmzyl4Cwg\" title=\"YouTube video player\" frameborder=\"0\" allow=\"accelerometer; autoplay; clipboard-write; encrypted-media; gyroscope; picture-in-picture; web-share\" allowfullscreen=\"\"><\/iframe>\n<\/div>\n<\/div>\n\n\n\n<div class=\"wp-block-columns is-layout-flex wp-container-15\">\n<div class=\"wp-block-column is-layout-flow\">\n<h3 class=\"wp-block-heading\">Anfa<\/h3>\n\n\n\n<iframe loading=\"lazy\" style=\"border: 1px solid #ff5100;\" width=\"100%\" height=\"300\" src=\"https:\/\/www.youtube.com\/embed\/vmN-5OHwaWA\" title=\"YouTube video player\" frameborder=\"0\" allow=\"accelerometer; autoplay; clipboard-write; encrypted-media; gyroscope; picture-in-picture; web-share\" allowfullscreen=\"\"><\/iframe>\n<\/div>\n\n\n\n<div class=\"wp-block-column is-layout-flow\">\n<h3 class=\"wp-block-heading\">Banque des Territoires<\/h3>\n\n\n\n<iframe loading=\"lazy\" style=\"border: 1px solid #ff5100;\" width=\"100%\" height=\"300\" src=\"https:\/\/www.youtube.com\/embed\/G5rrjY8K8Gw\" title=\"YouTube video player\" frameborder=\"0\" allow=\"accelerometer; autoplay; clipboard-write; encrypted-media; gyroscope; picture-in-picture; web-share\" allowfullscreen=\"\"><\/iframe>\n<\/div>\n<\/div>\n\n\n\n<div class=\"wp-block-columns is-layout-flex wp-container-18\">\n<div class=\"wp-block-column is-layout-flow\">\n<h3 class=\"wp-block-heading\">Certif Pro<\/h3>\n\n\n\n<iframe loading=\"lazy\" style=\"border: 1px solid #ff5100;\" width=\"100%\" height=\"300\" src=\"https:\/\/www.youtube.com\/embed\/1z7_8fh4sao\" title=\"YouTube video player\" frameborder=\"0\" allow=\"accelerometer; autoplay; clipboard-write; encrypted-media; gyroscope; picture-in-picture; web-share\" allowfullscreen=\"\"><\/iframe>\n<\/div>\n\n\n\n<div class=\"wp-block-column is-layout-flow\">\n<h3 class=\"wp-block-heading\">Dendreo<\/h3>\n\n\n\n<iframe loading=\"lazy\" style=\"border: 1px solid #ff5100;\" width=\"100%\" height=\"300\" src=\"https:\/\/www.youtube.com\/embed\/_5TEWqx0JA4\" title=\"YouTube video player\" frameborder=\"0\" allow=\"accelerometer; autoplay; clipboard-write; encrypted-media; gyroscope; picture-in-picture; web-share\" allowfullscreen=\"\"><\/iframe>\n<\/div>\n<\/div>\n\n\n\n<div class=\"wp-block-columns is-layout-flex wp-container-21\">\n<div class=\"wp-block-column is-layout-flow\">\n<h3 class=\"wp-block-heading\">Diagoriente<\/h3>\n\n\n\n<iframe loading=\"lazy\" style=\"border: 1px solid #ff5100;\" width=\"100%\" height=\"300\" src=\"https:\/\/www.youtube.com\/embed\/49BmyM_bLYs\" title=\"YouTube video player\" frameborder=\"0\" allow=\"accelerometer; autoplay; clipboard-write; encrypted-media; gyroscope; picture-in-picture; web-share\" allowfullscreen=\"\"><\/iframe>\n<\/div>\n\n\n\n<div class=\"wp-block-column is-layout-flow\">\n<h3 class=\"wp-block-heading\">ICPF<\/h3>\n\n\n\n<iframe loading=\"lazy\" style=\"border: 1px solid #ff5100;\" width=\"100%\" height=\"300\" src=\"https:\/\/www.youtube.com\/embed\/YUu9a7TnOiY\" title=\"YouTube video player\" frameborder=\"0\" allow=\"accelerometer; autoplay; clipboard-write; encrypted-media; gyroscope; picture-in-picture; web-share\" allowfullscreen=\"\"><\/iframe>\n<\/div>\n<\/div>\n\n\n\n<div class=\"wp-block-columns is-layout-flex wp-container-24\">\n<div class=\"wp-block-column is-layout-flow\">\n<h3 class=\"wp-block-heading\">ISQ<\/h3>\n\n\n\n<iframe loading=\"lazy\" style=\"border: 1px solid #ff5100;\" width=\"100%\" height=\"300\" src=\"https:\/\/www.youtube.com\/embed\/7rYb9tTHOR8\" title=\"YouTube video player\" frameborder=\"0\" allow=\"accelerometer; autoplay; clipboard-write; encrypted-media; gyroscope; picture-in-picture; web-share\" allowfullscreen=\"\"><\/iframe>\n<\/div>\n\n\n\n<div class=\"wp-block-column is-layout-flow\">\n<h3 class=\"wp-block-heading\">Kwark<\/h3>\n\n\n\n<iframe loading=\"lazy\" style=\"border: 1px solid #ff5100;\" width=\"100%\" height=\"300\" src=\"https:\/\/www.youtube.com\/embed\/BMjqprMZK7E\" title=\"YouTube video player\" frameborder=\"0\" allow=\"accelerometer; autoplay; clipboard-write; encrypted-media; gyroscope; picture-in-picture; web-share\" allowfullscreen=\"\"><\/iframe>\n<\/div>\n<\/div>\n\n\n\n<div class=\"wp-block-columns is-layout-flex wp-container-27\">\n<div class=\"wp-block-column is-layout-flow\">\n<h3 class=\"wp-block-heading\">Lafayette Associ\u00e9s<\/h3>\n\n\n\n<iframe loading=\"lazy\" style=\"border: 1px solid #ff5100;\" width=\"100%\" height=\"300\" src=\"https:\/\/www.youtube.com\/embed\/jyxTNpt53eU\" title=\"YouTube video player\" frameborder=\"0\" allow=\"accelerometer; autoplay; clipboard-write; encrypted-media; gyroscope; picture-in-picture; web-share\" allowfullscreen=\"\"><\/iframe>\n<\/div>\n\n\n\n<div class=\"wp-block-column is-layout-flow\">\n<h3 class=\"wp-block-heading\">P\u00f4le emploi<\/h3>\n\n\n\n<iframe loading=\"lazy\" style=\"border: 1px solid #ff5100;\" width=\"100%\" height=\"300\" src=\"https:\/\/www.youtube.com\/embed\/1FJKFmdjF3Y\" title=\"YouTube video player\" frameborder=\"0\" allow=\"accelerometer; autoplay; clipboard-write; encrypted-media; gyroscope; picture-in-picture; web-share\" allowfullscreen=\"\"><\/iframe>\n<\/div>\n<\/div>\n\n\n\n<div class=\"wp-block-columns is-layout-flex wp-container-30\">\n<div class=\"wp-block-column is-layout-flow\">\n<h3 class=\"wp-block-heading\">R\u00e9gion Sud PACA<\/h3>\n\n\n\n<iframe loading=\"lazy\" style=\"border: 1px solid #ff5100;\" width=\"100%\" height=\"300\" src=\"https:\/\/www.youtube.com\/embed\/tC6cWQOUKSI\" title=\"YouTube video player\" frameborder=\"0\" allow=\"accelerometer; autoplay; clipboard-write; encrypted-media; gyroscope; picture-in-picture; web-share\" allowfullscreen=\"\"><\/iframe>\n<\/div>\n\n\n\n<div class=\"wp-block-column is-layout-flow\"><\/div>\n<\/div>\n\n\n\n<hr class=\"wp-block-separator has-alpha-channel-opacity\"\/>\n\n\n\n<h2 class=\"in-page-title wp-block-heading\">Partenaires Argent<\/h2>\n\n\n\n<hr class=\"wp-block-separator has-alpha-channel-opacity\"\/>\n\n\n\n<div class=\"wp-block-columns is-layout-flex wp-container-33\">\n<div class=\"wp-block-column is-layout-flow\">\n<h3 class=\"wp-block-heading\">Afdas<\/h3>\n\n\n\n<iframe loading=\"lazy\" style=\"border: 1px solid #ff5100;\" width=\"100%\" height=\"300\" src=\"https:\/\/www.youtube.com\/embed\/AMfdyK-4Bm4\" title=\"YouTube video player\" frameborder=\"0\" allow=\"accelerometer; autoplay; clipboard-write; encrypted-media; gyroscope; picture-in-picture; web-share\" allowfullscreen=\"\"><\/iframe>\n<\/div>\n\n\n\n<div class=\"wp-block-column is-layout-flow\">\n<h3 class=\"wp-block-heading\">Atlas<\/h3>\n\n\n\n<iframe loading=\"lazy\" style=\"border: 1px solid #ff5100;\" width=\"100%\" height=\"300\" src=\"https:\/\/www.youtube.com\/embed\/Dg4om5iv8gU\" title=\"YouTube video player\" frameborder=\"0\" allow=\"accelerometer; autoplay; clipboard-write; encrypted-media; gyroscope; picture-in-picture; web-share\" allowfullscreen=\"\"><\/iframe>\n<\/div>\n<\/div>\n\n\n\n<div class=\"wp-block-columns is-layout-flex wp-container-36\">\n<div class=\"wp-block-column is-layout-flow\">\n<h3 class=\"wp-block-heading\">CATALYS Conseil<\/h3>\n\n\n\n<iframe loading=\"lazy\" style=\"border: 1px solid #ff5100;\" width=\"100%\" height=\"300\" src=\"https:\/\/www.youtube.com\/embed\/oMBfWXh-t1M\" title=\"YouTube video player\" frameborder=\"0\" allow=\"accelerometer; autoplay; clipboard-write; encrypted-media; gyroscope; picture-in-picture; web-share\" allowfullscreen=\"\"><\/iframe>\n<\/div>\n\n\n\n<div class=\"wp-block-column is-layout-flow\">\n<h3 class=\"wp-block-heading\">Co&amp;Sens<\/h3>\n\n\n\n<iframe loading=\"lazy\" style=\"border: 1px solid #ff5100;\" width=\"100%\" height=\"300\" src=\"https:\/\/www.youtube.com\/embed\/1v1U4F55CqE\" title=\"YouTube video player\" frameborder=\"0\" allow=\"accelerometer; autoplay; clipboard-write; encrypted-media; gyroscope; picture-in-picture; web-share\" allowfullscreen=\"\"><\/iframe>\n<\/div>\n<\/div>\n\n\n\n<div class=\"wp-block-columns is-layout-flex wp-container-39\">\n<div class=\"wp-block-column is-layout-flow\">\n<h3 class=\"wp-block-heading\">Constructys<\/h3>\n\n\n\n<iframe loading=\"lazy\" style=\"border: 1px solid #ff5100;\" width=\"100%\" height=\"300\" src=\"https:\/\/www.youtube.com\/embed\/kcKnOQtj5M0\" title=\"YouTube video player\" frameborder=\"0\" allow=\"accelerometer; autoplay; clipboard-write; encrypted-media; gyroscope; picture-in-picture; web-share\" allowfullscreen=\"\"><\/iframe>\n<\/div>\n\n\n\n<div class=\"wp-block-column is-layout-flow\">\n<h3 class=\"wp-block-heading\">Erasmus+<\/h3>\n\n\n\n<iframe loading=\"lazy\" style=\"border: 1px solid #ff5100;\" width=\"100%\" height=\"300\" src=\"https:\/\/www.youtube.com\/embed\/d3TI6b3WR7s\" title=\"YouTube video player\" frameborder=\"0\" allow=\"accelerometer; autoplay; clipboard-write; encrypted-media; gyroscope; picture-in-picture; web-share\" allowfullscreen=\"\"><\/iframe>\n<\/div>\n<\/div>\n\n\n\n<div class=\"wp-block-columns is-layout-flex wp-container-42\">\n<div class=\"wp-block-column is-layout-flow\">\n<h3 class=\"wp-block-heading\">Pix<\/h3>\n\n\n\n<iframe loading=\"lazy\" style=\"border: 1px solid #ff5100;\" width=\"100%\" height=\"300\" src=\"https:\/\/www.youtube.com\/embed\/aroBpO0lEDI\" title=\"YouTube video player\" frameborder=\"0\" allow=\"accelerometer; autoplay; clipboard-write; encrypted-media; gyroscope; picture-in-picture; web-share\" allowfullscreen=\"\"><\/iframe>\n<\/div>\n\n\n\n<div class=\"wp-block-column is-layout-flow\">\n<h3 class=\"wp-block-heading\">R\u00e9gion \u00cele-de-France<\/h3>\n\n\n\n<iframe loading=\"lazy\" style=\"border: 1px solid #ff5100;\" width=\"100%\" height=\"300\" src=\"https:\/\/www.youtube.com\/embed\/ZtBDFyV0Mxw\" title=\"YouTube video player\" frameborder=\"0\" allow=\"accelerometer; autoplay; clipboard-write; encrypted-media; gyroscope; picture-in-picture; web-share\" allowfullscreen=\"\"><\/iframe>\n<\/div>\n<\/div>\n\n\n\n<div class=\"wp-block-columns is-layout-flex wp-container-45\">\n<div class=\"wp-block-column is-layout-flow\">\n<h3 class=\"wp-block-heading\">S\u00e9maphores<\/h3>\n\n\n\n<iframe loading=\"lazy\" style=\"border: 1px solid #ff5100;\" width=\"100%\" height=\"300\" src=\"https:\/\/www.youtube.com\/embed\/8HsmF3x1da0\" title=\"YouTube video player\" frameborder=\"0\" allow=\"accelerometer; autoplay; clipboard-write; encrypted-media; gyroscope; picture-in-picture; web-share\" allowfullscreen=\"\"><\/iframe>\n<\/div>\n\n\n\n<div class=\"wp-block-column is-layout-flow\">\n<h3 class=\"wp-block-heading\">SI CONSULTING<\/h3>\n\n\n\n<iframe loading=\"lazy\" style=\"border: 1px solid #ff5100;\" width=\"100%\" height=\"300\" src=\"https:\/\/www.youtube.com\/embed\/jUiQ5INDJzo\" title=\"YouTube video player\" frameborder=\"0\" allow=\"accelerometer; autoplay; clipboard-write; encrypted-media; gyroscope; picture-in-picture; web-share\" allowfullscreen=\"\"><\/iframe>\n<\/div>\n<\/div>\n\n\n\n<div class=\"wp-block-columns is-layout-flex wp-container-48\">\n<div class=\"wp-block-column is-layout-flow\">\n<h3 class=\"wp-block-heading\">Tosa &#8211; Isograd<\/h3>\n\n\n\n<iframe loading=\"lazy\" style=\"border: 1px solid #ff5100;\" width=\"100%\" height=\"300\" src=\"https:\/\/www.youtube.com\/embed\/9q9pXE-p7K0\" title=\"YouTube video player\" frameborder=\"0\" allow=\"accelerometer; autoplay; clipboard-write; encrypted-media; gyroscope; picture-in-picture; web-share\" allowfullscreen=\"\"><\/iframe>\n<\/div>\n\n\n\n<div class=\"wp-block-column is-layout-flow\">\n<h3 class=\"wp-block-heading\">Ymag<\/h3>\n\n\n\n<iframe loading=\"lazy\" style=\"border: 1px solid #ff5100;\" width=\"100%\" height=\"300\" src=\"https:\/\/www.youtube.com\/embed\/hfGM_ydK3XA\" title=\"YouTube video player\" frameborder=\"0\" allow=\"accelerometer; autoplay; clipboard-write; encrypted-media; gyroscope; picture-in-picture; web-share\" allowfullscreen=\"\"><\/iframe>\n<\/div>\n<\/div>\n","protected":false},"excerpt":{"rendered":"<p>Partenaires Platinum AKSIS MOOVEUS Akto CCCA BTP Galileo Global Education Entreprises ICDL France Opco EP Partenaires Or Afnor Afpa Anfa Banque des Territoires Certif Pro Dendreo Diagoriente ICPF ISQ Kwark &hellip; <\/p>\n","protected":false},"author":1,"featured_media":0,"parent":0,"menu_order":0,"comment_status":"closed","ping_status":"closed","template":"","meta":[],"categories":[94],"tags":[],"wf_page_folders":[100],"acf":[],"yoast_head":"<!-- This site is optimized with the Yoast SEO plugin v20.3 - https:\/\/yoast.com\/wordpress\/plugins\/seo\/ -->\n<title>Vid\u00e9os partenaires - 18e Universit\u00e9 d&#039;Hiver de la Formation Professionnelle<\/title>\n<meta name=\"robots\" content=\"index, follow, max-snippet:-1, max-image-preview:large, max-video-preview:-1\" \/>\n<link rel=\"canonical\" href=\"https:\/\/uhfp.centre-inffo.fr\/2023\/videos-partenaires\/\" \/>\n<meta property=\"og:locale\" content=\"fr_FR\" \/>\n<meta property=\"og:type\" content=\"article\" \/>\n<meta property=\"og:title\" content=\"Vid\u00e9os partenaires - 18e Universit\u00e9 d&#039;Hiver de la Formation Professionnelle\" \/>\n<meta property=\"og:description\" content=\"Partenaires Platinum AKSIS MOOVEUS Akto CCCA BTP Galileo Global Education Entreprises ICDL France Opco EP Partenaires Or Afnor Afpa Anfa Banque des Territoires Certif Pro Dendreo Diagoriente ICPF ISQ Kwark &hellip;\" \/>\n<meta property=\"og:url\" content=\"https:\/\/uhfp.centre-inffo.fr\/2023\/videos-partenaires\/\" \/>\n<meta property=\"og:site_name\" content=\"18e Universit\u00e9 d&#039;Hiver de la Formation Professionnelle\" \/>\n<meta property=\"article:publisher\" content=\"https:\/\/www.facebook.com\/centreinffo\" \/>\n<meta property=\"article:modified_time\" content=\"2023-02-14T12:49:28+00:00\" \/>\n<meta name=\"twitter:card\" content=\"summary_large_image\" \/>\n<meta name=\"twitter:site\" content=\"@centreinffo\" \/>\n<meta name=\"twitter:label1\" content=\"Dur\u00e9e de lecture estim\u00e9e\" \/>\n\t<meta name=\"twitter:data1\" content=\"1 minute\" \/>\n<script type=\"application\/ld+json\" class=\"yoast-schema-graph\">{\"@context\":\"https:\/\/schema.org\",\"@graph\":[{\"@type\":\"WebPage\",\"@id\":\"https:\/\/uhfp.centre-inffo.fr\/2023\/videos-partenaires\/\",\"url\":\"https:\/\/uhfp.centre-inffo.fr\/2023\/videos-partenaires\/\",\"name\":\"Vid\u00e9os partenaires - 18e Universit\u00e9 d&#039;Hiver de la Formation Professionnelle\",\"isPartOf\":{\"@id\":\"https:\/\/uhfp.centre-inffo.fr\/2023\/#website\"},\"datePublished\":\"2023-01-26T08:21:23+00:00\",\"dateModified\":\"2023-02-14T12:49:28+00:00\",\"breadcrumb\":{\"@id\":\"https:\/\/uhfp.centre-inffo.fr\/2023\/videos-partenaires\/#breadcrumb\"},\"inLanguage\":\"fr-FR\",\"potentialAction\":[{\"@type\":\"ReadAction\",\"target\":[\"https:\/\/uhfp.centre-inffo.fr\/2023\/videos-partenaires\/\"]}]},{\"@type\":\"BreadcrumbList\",\"@id\":\"https:\/\/uhfp.centre-inffo.fr\/2023\/videos-partenaires\/#breadcrumb\",\"itemListElement\":[{\"@type\":\"ListItem\",\"position\":1,\"name\":\"Accueil\",\"item\":\"https:\/\/uhfp.centre-inffo.fr\/2023\/\"},{\"@type\":\"ListItem\",\"position\":2,\"name\":\"Vid\u00e9os\",\"item\":\"https:\/\/uhfp.centre-inffo.fr\/2023\/rubrique\/videos\/\"},{\"@type\":\"ListItem\",\"position\":3,\"name\":\"Vid\u00e9os partenaires\"}]},{\"@type\":\"WebSite\",\"@id\":\"https:\/\/uhfp.centre-inffo.fr\/2023\/#website\",\"url\":\"https:\/\/uhfp.centre-inffo.fr\/2023\/\",\"name\":\"18e Universit\u00e9 d&#039;Hiver de la Formation Professionnelle\",\"description\":\"Comp\u00e9tences 2030 : r\u00e9ussir ensemble les transitions ! - Du 25 au 27 janvier 2023, \u00e0 Cannes\",\"publisher\":{\"@id\":\"https:\/\/uhfp.centre-inffo.fr\/2023\/#organization\"},\"potentialAction\":[{\"@type\":\"SearchAction\",\"target\":{\"@type\":\"EntryPoint\",\"urlTemplate\":\"https:\/\/uhfp.centre-inffo.fr\/2023\/?s={search_term_string}\"},\"query-input\":\"required name=search_term_string\"}],\"inLanguage\":\"fr-FR\"},{\"@type\":\"Organization\",\"@id\":\"https:\/\/uhfp.centre-inffo.fr\/2023\/#organization\",\"name\":\"Centre Inffo\",\"url\":\"https:\/\/uhfp.centre-inffo.fr\/2023\/\",\"logo\":{\"@type\":\"ImageObject\",\"inLanguage\":\"fr-FR\",\"@id\":\"https:\/\/uhfp.centre-inffo.fr\/2023\/#\/schema\/logo\/image\/\",\"url\":\"\",\"contentUrl\":\"\",\"caption\":\"Centre Inffo\"},\"image\":{\"@id\":\"https:\/\/uhfp.centre-inffo.fr\/2023\/#\/schema\/logo\/image\/\"},\"sameAs\":[\"https:\/\/www.facebook.com\/centreinffo\",\"https:\/\/twitter.com\/centreinffo\",\"https:\/\/www.linkedin.com\/company\/centre-inffo\/\",\"https:\/\/www.youtube.com\/user\/centreinffo\"]}]}<\/script>\n<!-- \/ Yoast SEO plugin. -->","yoast_head_json":{"title":"Vid\u00e9os partenaires - 18e Universit\u00e9 d&#039;Hiver de la Formation Professionnelle","robots":{"index":"index","follow":"follow","max-snippet":"max-snippet:-1","max-image-preview":"max-image-preview:large","max-video-preview":"max-video-preview:-1"},"canonical":"https:\/\/uhfp.centre-inffo.fr\/2023\/videos-partenaires\/","og_locale":"fr_FR","og_type":"article","og_title":"Vid\u00e9os partenaires - 18e Universit\u00e9 d&#039;Hiver de la Formation Professionnelle","og_description":"Partenaires Platinum AKSIS MOOVEUS Akto CCCA BTP Galileo Global Education Entreprises ICDL France Opco EP Partenaires Or Afnor Afpa Anfa Banque des Territoires Certif Pro Dendreo Diagoriente ICPF ISQ Kwark &hellip;","og_url":"https:\/\/uhfp.centre-inffo.fr\/2023\/videos-partenaires\/","og_site_name":"18e Universit\u00e9 d&#039;Hiver de la Formation Professionnelle","article_publisher":"https:\/\/www.facebook.com\/centreinffo","article_modified_time":"2023-02-14T12:49:28+00:00","twitter_card":"summary_large_image","twitter_site":"@centreinffo","twitter_misc":{"Dur\u00e9e de lecture estim\u00e9e":"1 minute"},"schema":{"@context":"https:\/\/schema.org","@graph":[{"@type":"WebPage","@id":"https:\/\/uhfp.centre-inffo.fr\/2023\/videos-partenaires\/","url":"https:\/\/uhfp.centre-inffo.fr\/2023\/videos-partenaires\/","name":"Vid\u00e9os partenaires - 18e Universit\u00e9 d&#039;Hiver de la Formation Professionnelle","isPartOf":{"@id":"https:\/\/uhfp.centre-inffo.fr\/2023\/#website"},"datePublished":"2023-01-26T08:21:23+00:00","dateModified":"2023-02-14T12:49:28+00:00","breadcrumb":{"@id":"https:\/\/uhfp.centre-inffo.fr\/2023\/videos-partenaires\/#breadcrumb"},"inLanguage":"fr-FR","potentialAction":[{"@type":"ReadAction","target":["https:\/\/uhfp.centre-inffo.fr\/2023\/videos-partenaires\/"]}]},{"@type":"BreadcrumbList","@id":"https:\/\/uhfp.centre-inffo.fr\/2023\/videos-partenaires\/#breadcrumb","itemListElement":[{"@type":"ListItem","position":1,"name":"Accueil","item":"https:\/\/uhfp.centre-inffo.fr\/2023\/"},{"@type":"ListItem","position":2,"name":"Vid\u00e9os","item":"https:\/\/uhfp.centre-inffo.fr\/2023\/rubrique\/videos\/"},{"@type":"ListItem","position":3,"name":"Vid\u00e9os partenaires"}]},{"@type":"WebSite","@id":"https:\/\/uhfp.centre-inffo.fr\/2023\/#website","url":"https:\/\/uhfp.centre-inffo.fr\/2023\/","name":"18e Universit\u00e9 d&#039;Hiver de la Formation Professionnelle","description":"Comp\u00e9tences 2030 : r\u00e9ussir ensemble les transitions ! - Du 25 au 27 janvier 2023, \u00e0 Cannes","publisher":{"@id":"https:\/\/uhfp.centre-inffo.fr\/2023\/#organization"},"potentialAction":[{"@type":"SearchAction","target":{"@type":"EntryPoint","urlTemplate":"https:\/\/uhfp.centre-inffo.fr\/2023\/?s={search_term_string}"},"query-input":"required name=search_term_string"}],"inLanguage":"fr-FR"},{"@type":"Organization","@id":"https:\/\/uhfp.centre-inffo.fr\/2023\/#organization","name":"Centre Inffo","url":"https:\/\/uhfp.centre-inffo.fr\/2023\/","logo":{"@type":"ImageObject","inLanguage":"fr-FR","@id":"https:\/\/uhfp.centre-inffo.fr\/2023\/#\/schema\/logo\/image\/","url":"","contentUrl":"","caption":"Centre Inffo"},"image":{"@id":"https:\/\/uhfp.centre-inffo.fr\/2023\/#\/schema\/logo\/image\/"},"sameAs":["https:\/\/www.facebook.com\/centreinffo","https:\/\/twitter.com\/centreinffo","https:\/\/www.linkedin.com\/company\/centre-inffo\/","https:\/\/www.youtube.com\/user\/centreinffo"]}]}},"_links":{"self":[{"href":"https:\/\/uhfp.centre-inffo.fr\/2023\/wp-json\/wp\/v2\/pages\/5397"}],"collection":[{"href":"https:\/\/uhfp.centre-inffo.fr\/2023\/wp-json\/wp\/v2\/pages"}],"about":[{"href":"https:\/\/uhfp.centre-inffo.fr\/2023\/wp-json\/wp\/v2\/types\/page"}],"author":[{"embeddable":true,"href":"https:\/\/uhfp.centre-inffo.fr\/2023\/wp-json\/wp\/v2\/users\/1"}],"replies":[{"embeddable":true,"href":"https:\/\/uhfp.centre-inffo.fr\/2023\/wp-json\/wp\/v2\/comments?post=5397"}],"version-history":[{"count":63,"href":"https:\/\/uhfp.centre-inffo.fr\/2023\/wp-json\/wp\/v2\/pages\/5397\/revisions"}],"predecessor-version":[{"id":6008,"href":"https:\/\/uhfp.centre-inffo.fr\/2023\/wp-json\/wp\/v2\/pages\/5397\/revisions\/6008"}],"wp:attachment":[{"href":"https:\/\/uhfp.centre-inffo.fr\/2023\/wp-json\/wp\/v2\/media?parent=5397"}],"wp:term":[{"taxonomy":"category","embeddable":true,"href":"https:\/\/uhfp.centre-inffo.fr\/2023\/wp-json\/wp\/v2\/categories?post=5397"},{"taxonomy":"post_tag","embeddable":true,"href":"https:\/\/uhfp.centre-inffo.fr\/2023\/wp-json\/wp\/v2\/tags?post=5397"},{"taxonomy":"wf_page_folders","embeddable":true,"href":"https:\/\/uhfp.centre-inffo.fr\/2023\/wp-json\/wp\/v2\/wf_page_folders?post=5397"}],"curies":[{"name":"wp","href":"https:\/\/api.w.org\/{rel}","templated":true}]}}