{"id":947,"date":"2022-10-03T16:03:36","date_gmt":"2022-10-03T14:03:36","guid":{"rendered":"https:\/\/uhfp.centre-inffo.fr\/2023\/?page_id=947"},"modified":"2022-10-03T20:20:27","modified_gmt":"2022-10-03T18:20:27","slug":"presentation","status":"publish","type":"page","link":"https:\/\/uhfp.centre-inffo.fr\/2023\/presentation\/","title":{"rendered":"L&rsquo;UHFP : pr\u00e9sentation"},"content":{"rendered":"\n<hr class=\"wp-block-separator has-alpha-channel-opacity\"\/>\n\n\n\n<p>Organis\u00e9e par <a href=\"https:\/\/www.centre-inffo.fr\" target=\"_blank\" rel=\"noreferrer noopener\">Centre Inffo<\/a> depuis 1989, l\u2019Universit\u00e9 d\u2019hiver de la formation professionnelle est l\u2019\u00e9v\u00e9nement de r\u00e9f\u00e9rence de tous les acteurs de l\u2019accompagnement et du d\u00e9veloppement des comp\u00e9tences au service des jeunes, des actifs, des entreprises et des territoires.<\/p>\n\n\n\n<p>L\u2019 UHFP rassemble et facilite les \u00e9changes entre DRH, responsables de formation en entreprise, dirigeants d\u2019organismes de formation, consultants, coachs, chercheurs, edtechs, financeurs et d\u00e9cideurs, acteurs priv\u00e9s, publics et paritaires en mati\u00e8re d\u2019emploi, de formation et d\u2019orientation professionnelles.<\/p>\n\n\n\n<hr class=\"wp-block-separator has-alpha-channel-opacity\"\/>\n\n\n\n<h3 class=\"has-text-align-center in-page-title wp-block-heading\">Qui vient \u00e0 l&rsquo;UHFP ?<\/h3>\n\n\n<div class=\"wp-block-image\">\n<figure class=\"aligncenter is-resized\"><img decoding=\"async\" loading=\"lazy\" src=\"https:\/\/uhfp.centre-inffo.fr\/2023\/wp-content\/uploads\/2022\/08\/repartition-participants-1013x1024.png\" alt=\"\" class=\"wp-image-779\" width=\"507\" height=\"512\" srcset=\"https:\/\/uhfp.centre-inffo.fr\/2023\/wp-content\/uploads\/2022\/08\/repartition-participants-1013x1024.png 1013w, https:\/\/uhfp.centre-inffo.fr\/2023\/wp-content\/uploads\/2022\/08\/repartition-participants-297x300.png 297w, https:\/\/uhfp.centre-inffo.fr\/2023\/wp-content\/uploads\/2022\/08\/repartition-participants-150x150.png 150w, https:\/\/uhfp.centre-inffo.fr\/2023\/wp-content\/uploads\/2022\/08\/repartition-participants-768x776.png 768w, https:\/\/uhfp.centre-inffo.fr\/2023\/wp-content\/uploads\/2022\/08\/repartition-participants.png 1094w\" sizes=\"(max-width: 507px) 100vw, 507px\" \/><\/figure><\/div>","protected":false},"excerpt":{"rendered":"<p>Organis\u00e9e par Centre Inffo depuis 1989, l\u2019Universit\u00e9 d\u2019hiver de la formation professionnelle est l\u2019\u00e9v\u00e9nement de r\u00e9f\u00e9rence de tous les acteurs de l\u2019accompagnement et du d\u00e9veloppement des comp\u00e9tences au service des &hellip; <\/p>\n","protected":false},"author":1,"featured_media":0,"parent":0,"menu_order":0,"comment_status":"closed","ping_status":"closed","template":"","meta":[],"categories":[76],"tags":[],"wf_page_folders":[79],"acf":[],"yoast_head":"<!-- This site is optimized with the Yoast SEO plugin v20.3 - https:\/\/yoast.com\/wordpress\/plugins\/seo\/ -->\n<title>L&#039;UHFP : pr\u00e9sentation - 18e Universit\u00e9 d&#039;Hiver de la Formation Professionnelle<\/title>\n<meta name=\"robots\" content=\"index, follow, max-snippet:-1, max-image-preview:large, max-video-preview:-1\" \/>\n<link rel=\"canonical\" href=\"https:\/\/uhfp.centre-inffo.fr\/2023\/presentation\/\" \/>\n<meta property=\"og:locale\" content=\"fr_FR\" \/>\n<meta property=\"og:type\" content=\"article\" \/>\n<meta property=\"og:title\" content=\"L&#039;UHFP : pr\u00e9sentation - 18e Universit\u00e9 d&#039;Hiver de la Formation Professionnelle\" \/>\n<meta property=\"og:description\" content=\"Organis\u00e9e par Centre Inffo depuis 1989, l\u2019Universit\u00e9 d\u2019hiver de la formation professionnelle est l\u2019\u00e9v\u00e9nement de r\u00e9f\u00e9rence de tous les acteurs de l\u2019accompagnement et du d\u00e9veloppement des comp\u00e9tences au service des &hellip;\" \/>\n<meta property=\"og:url\" content=\"https:\/\/uhfp.centre-inffo.fr\/2023\/presentation\/\" \/>\n<meta property=\"og:site_name\" content=\"18e Universit\u00e9 d&#039;Hiver de la Formation Professionnelle\" \/>\n<meta property=\"article:publisher\" content=\"https:\/\/www.facebook.com\/centreinffo\" \/>\n<meta property=\"article:modified_time\" content=\"2022-10-03T18:20:27+00:00\" \/>\n<meta property=\"og:image\" content=\"https:\/\/uhfp.centre-inffo.fr\/2023\/wp-content\/uploads\/2022\/08\/repartition-participants-1013x1024.png\" \/>\n<meta name=\"twitter:card\" content=\"summary_large_image\" \/>\n<meta name=\"twitter:site\" content=\"@centreinffo\" \/>\n<meta name=\"twitter:label1\" content=\"Dur\u00e9e de lecture estim\u00e9e\" \/>\n\t<meta name=\"twitter:data1\" content=\"1 minute\" \/>\n<script type=\"application\/ld+json\" class=\"yoast-schema-graph\">{\"@context\":\"https:\/\/schema.org\",\"@graph\":[{\"@type\":\"WebPage\",\"@id\":\"https:\/\/uhfp.centre-inffo.fr\/2023\/presentation\/\",\"url\":\"https:\/\/uhfp.centre-inffo.fr\/2023\/presentation\/\",\"name\":\"L'UHFP : pr\u00e9sentation - 18e Universit\u00e9 d&#039;Hiver de la Formation Professionnelle\",\"isPartOf\":{\"@id\":\"https:\/\/uhfp.centre-inffo.fr\/2023\/#website\"},\"datePublished\":\"2022-10-03T14:03:36+00:00\",\"dateModified\":\"2022-10-03T18:20:27+00:00\",\"breadcrumb\":{\"@id\":\"https:\/\/uhfp.centre-inffo.fr\/2023\/presentation\/#breadcrumb\"},\"inLanguage\":\"fr-FR\",\"potentialAction\":[{\"@type\":\"ReadAction\",\"target\":[\"https:\/\/uhfp.centre-inffo.fr\/2023\/presentation\/\"]}]},{\"@type\":\"BreadcrumbList\",\"@id\":\"https:\/\/uhfp.centre-inffo.fr\/2023\/presentation\/#breadcrumb\",\"itemListElement\":[{\"@type\":\"ListItem\",\"position\":1,\"name\":\"Accueil\",\"item\":\"https:\/\/uhfp.centre-inffo.fr\/2023\/\"},{\"@type\":\"ListItem\",\"position\":2,\"name\":\"L'UHFP\",\"item\":\"https:\/\/uhfp.centre-inffo.fr\/2023\/rubrique\/luhfp\/\"},{\"@type\":\"ListItem\",\"position\":3,\"name\":\"L&rsquo;UHFP : pr\u00e9sentation\"}]},{\"@type\":\"WebSite\",\"@id\":\"https:\/\/uhfp.centre-inffo.fr\/2023\/#website\",\"url\":\"https:\/\/uhfp.centre-inffo.fr\/2023\/\",\"name\":\"18e Universit\u00e9 d&#039;Hiver de la Formation Professionnelle\",\"description\":\"Comp\u00e9tences 2030 : r\u00e9ussir ensemble les transitions ! - Du 25 au 27 janvier 2023, \u00e0 Cannes\",\"publisher\":{\"@id\":\"https:\/\/uhfp.centre-inffo.fr\/2023\/#organization\"},\"potentialAction\":[{\"@type\":\"SearchAction\",\"target\":{\"@type\":\"EntryPoint\",\"urlTemplate\":\"https:\/\/uhfp.centre-inffo.fr\/2023\/?s={search_term_string}\"},\"query-input\":\"required name=search_term_string\"}],\"inLanguage\":\"fr-FR\"},{\"@type\":\"Organization\",\"@id\":\"https:\/\/uhfp.centre-inffo.fr\/2023\/#organization\",\"name\":\"Centre Inffo\",\"url\":\"https:\/\/uhfp.centre-inffo.fr\/2023\/\",\"logo\":{\"@type\":\"ImageObject\",\"inLanguage\":\"fr-FR\",\"@id\":\"https:\/\/uhfp.centre-inffo.fr\/2023\/#\/schema\/logo\/image\/\",\"url\":\"\",\"contentUrl\":\"\",\"caption\":\"Centre Inffo\"},\"image\":{\"@id\":\"https:\/\/uhfp.centre-inffo.fr\/2023\/#\/schema\/logo\/image\/\"},\"sameAs\":[\"https:\/\/www.facebook.com\/centreinffo\",\"https:\/\/twitter.com\/centreinffo\",\"https:\/\/www.linkedin.com\/company\/centre-inffo\/\",\"https:\/\/www.youtube.com\/user\/centreinffo\"]}]}<\/script>\n<!-- \/ Yoast SEO plugin. -->","yoast_head_json":{"title":"L'UHFP : pr\u00e9sentation - 18e Universit\u00e9 d&#039;Hiver de la Formation Professionnelle","robots":{"index":"index","follow":"follow","max-snippet":"max-snippet:-1","max-image-preview":"max-image-preview:large","max-video-preview":"max-video-preview:-1"},"canonical":"https:\/\/uhfp.centre-inffo.fr\/2023\/presentation\/","og_locale":"fr_FR","og_type":"article","og_title":"L'UHFP : pr\u00e9sentation - 18e Universit\u00e9 d&#039;Hiver de la Formation Professionnelle","og_description":"Organis\u00e9e par Centre Inffo depuis 1989, l\u2019Universit\u00e9 d\u2019hiver de la formation professionnelle est l\u2019\u00e9v\u00e9nement de r\u00e9f\u00e9rence de tous les acteurs de l\u2019accompagnement et du d\u00e9veloppement des comp\u00e9tences au service des &hellip;","og_url":"https:\/\/uhfp.centre-inffo.fr\/2023\/presentation\/","og_site_name":"18e Universit\u00e9 d&#039;Hiver de la Formation Professionnelle","article_publisher":"https:\/\/www.facebook.com\/centreinffo","article_modified_time":"2022-10-03T18:20:27+00:00","og_image":[{"url":"https:\/\/uhfp.centre-inffo.fr\/2023\/wp-content\/uploads\/2022\/08\/repartition-participants-1013x1024.png"}],"twitter_card":"summary_large_image","twitter_site":"@centreinffo","twitter_misc":{"Dur\u00e9e de lecture estim\u00e9e":"1 minute"},"schema":{"@context":"https:\/\/schema.org","@graph":[{"@type":"WebPage","@id":"https:\/\/uhfp.centre-inffo.fr\/2023\/presentation\/","url":"https:\/\/uhfp.centre-inffo.fr\/2023\/presentation\/","name":"L'UHFP : pr\u00e9sentation - 18e Universit\u00e9 d&#039;Hiver de la Formation Professionnelle","isPartOf":{"@id":"https:\/\/uhfp.centre-inffo.fr\/2023\/#website"},"datePublished":"2022-10-03T14:03:36+00:00","dateModified":"2022-10-03T18:20:27+00:00","breadcrumb":{"@id":"https:\/\/uhfp.centre-inffo.fr\/2023\/presentation\/#breadcrumb"},"inLanguage":"fr-FR","potentialAction":[{"@type":"ReadAction","target":["https:\/\/uhfp.centre-inffo.fr\/2023\/presentation\/"]}]},{"@type":"BreadcrumbList","@id":"https:\/\/uhfp.centre-inffo.fr\/2023\/presentation\/#breadcrumb","itemListElement":[{"@type":"ListItem","position":1,"name":"Accueil","item":"https:\/\/uhfp.centre-inffo.fr\/2023\/"},{"@type":"ListItem","position":2,"name":"L'UHFP","item":"https:\/\/uhfp.centre-inffo.fr\/2023\/rubrique\/luhfp\/"},{"@type":"ListItem","position":3,"name":"L&rsquo;UHFP : pr\u00e9sentation"}]},{"@type":"WebSite","@id":"https:\/\/uhfp.centre-inffo.fr\/2023\/#website","url":"https:\/\/uhfp.centre-inffo.fr\/2023\/","name":"18e Universit\u00e9 d&#039;Hiver de la Formation Professionnelle","description":"Comp\u00e9tences 2030 : r\u00e9ussir ensemble les transitions ! - Du 25 au 27 janvier 2023, \u00e0 Cannes","publisher":{"@id":"https:\/\/uhfp.centre-inffo.fr\/2023\/#organization"},"potentialAction":[{"@type":"SearchAction","target":{"@type":"EntryPoint","urlTemplate":"https:\/\/uhfp.centre-inffo.fr\/2023\/?s={search_term_string}"},"query-input":"required name=search_term_string"}],"inLanguage":"fr-FR"},{"@type":"Organization","@id":"https:\/\/uhfp.centre-inffo.fr\/2023\/#organization","name":"Centre Inffo","url":"https:\/\/uhfp.centre-inffo.fr\/2023\/","logo":{"@type":"ImageObject","inLanguage":"fr-FR","@id":"https:\/\/uhfp.centre-inffo.fr\/2023\/#\/schema\/logo\/image\/","url":"","contentUrl":"","caption":"Centre Inffo"},"image":{"@id":"https:\/\/uhfp.centre-inffo.fr\/2023\/#\/schema\/logo\/image\/"},"sameAs":["https:\/\/www.facebook.com\/centreinffo","https:\/\/twitter.com\/centreinffo","https:\/\/www.linkedin.com\/company\/centre-inffo\/","https:\/\/www.youtube.com\/user\/centreinffo"]}]}},"_links":{"self":[{"href":"https:\/\/uhfp.centre-inffo.fr\/2023\/wp-json\/wp\/v2\/pages\/947"}],"collection":[{"href":"https:\/\/uhfp.centre-inffo.fr\/2023\/wp-json\/wp\/v2\/pages"}],"about":[{"href":"https:\/\/uhfp.centre-inffo.fr\/2023\/wp-json\/wp\/v2\/types\/page"}],"author":[{"embeddable":true,"href":"https:\/\/uhfp.centre-inffo.fr\/2023\/wp-json\/wp\/v2\/users\/1"}],"replies":[{"embeddable":true,"href":"https:\/\/uhfp.centre-inffo.fr\/2023\/wp-json\/wp\/v2\/comments?post=947"}],"version-history":[{"count":11,"href":"https:\/\/uhfp.centre-inffo.fr\/2023\/wp-json\/wp\/v2\/pages\/947\/revisions"}],"predecessor-version":[{"id":1000,"href":"https:\/\/uhfp.centre-inffo.fr\/2023\/wp-json\/wp\/v2\/pages\/947\/revisions\/1000"}],"wp:attachment":[{"href":"https:\/\/uhfp.centre-inffo.fr\/2023\/wp-json\/wp\/v2\/media?parent=947"}],"wp:term":[{"taxonomy":"category","embeddable":true,"href":"https:\/\/uhfp.centre-inffo.fr\/2023\/wp-json\/wp\/v2\/categories?post=947"},{"taxonomy":"post_tag","embeddable":true,"href":"https:\/\/uhfp.centre-inffo.fr\/2023\/wp-json\/wp\/v2\/tags?post=947"},{"taxonomy":"wf_page_folders","embeddable":true,"href":"https:\/\/uhfp.centre-inffo.fr\/2023\/wp-json\/wp\/v2\/wf_page_folders?post=947"}],"curies":[{"name":"wp","href":"https:\/\/api.w.org\/{rel}","templated":true}]}}

L&rsquo;UHFP : présentation

<hr class="wp-block-separator has-alpha-channel-opacity"/>



<p>Organisée par <a href="https://www.centre-inffo.fr" target="_blank" rel="noreferrer noopener">Centre Inffo</a> depuis 1989, l’Université d’hiver de la formation professionnelle est l’événement de référence de tous les acteurs de l’accompagnement et du développement des compétences au service des jeunes, des actifs, des entreprises et des territoires.</p>



<p>L’ UHFP rassemble et facilite les échanges entre DRH, responsables de formation en entreprise, dirigeants d’organismes de formation, consultants, coachs, chercheurs, edtechs, financeurs et décideurs, acteurs privés, publics et paritaires en matière d’emploi, de formation et d’orientation professionnelles.</p>



<hr class="wp-block-separator has-alpha-channel-opacity"/>



<h3 class="has-text-align-center in-page-title wp-block-heading">Qui vient à l&rsquo;UHFP ?</h3>


<div class="wp-block-image">
<figure class="aligncenter is-resized"><img decoding="async" loading="lazy" src="https://uhfp.centre-inffo.fr/2023/wp-content/uploads/2022/08/repartition-participants-1013x1024.png" alt="" class="wp-image-779" width="507" height="512" srcset="https://uhfp.centre-inffo.fr/2023/wp-content/uploads/2022/08/repartition-participants-1013x1024.png 1013w, https://uhfp.centre-inffo.fr/2023/wp-content/uploads/2022/08/repartition-participants-297x300.png 297w, https://uhfp.centre-inffo.fr/2023/wp-content/uploads/2022/08/repartition-participants-150x150.png 150w, https://uhfp.centre-inffo.fr/2023/wp-content/uploads/2022/08/repartition-participants-768x776.png 768w, https://uhfp.centre-inffo.fr/2023/wp-content/uploads/2022/08/repartition-participants.png 1094w" sizes="(max-width: 507px) 100vw, 507px" /></figure></div>

<p>Organisée par Centre Inffo depuis 1989, l’Université d’hiver de la formation professionnelle est l’événement de référence de tous les acteurs de l’accompagnement et du développement des compétences au service des &hellip; </p>

<!-- This site is optimized with the Yoast SEO plugin v20.3 - https://yoast.com/wordpress/plugins/seo/ -->
<title>L&#039;UHFP : présentation - 18e Université d&#039;Hiver de la Formation Professionnelle</title>
<meta name="robots" content="index, follow, max-snippet:-1, max-image-preview:large, max-video-preview:-1" />
<link rel="canonical" href="https://uhfp.centre-inffo.fr/2023/presentation/" />
<meta property="og:locale" content="fr_FR" />
<meta property="og:type" content="article" />
<meta property="og:title" content="L&#039;UHFP : présentation - 18e Université d&#039;Hiver de la Formation Professionnelle" />
<meta property="og:description" content="Organisée par Centre Inffo depuis 1989, l’Université d’hiver de la formation professionnelle est l’événement de référence de tous les acteurs de l’accompagnement et du développement des compétences au service des &hellip;" />
<meta property="og:url" content="https://uhfp.centre-inffo.fr/2023/presentation/" />
<meta property="og:site_name" content="18e Université d&#039;Hiver de la Formation Professionnelle" />
<meta property="article:publisher" content="https://www.facebook.com/centreinffo" />
<meta property="article:modified_time" content="2022-10-03T18:20:27+00:00" />
<meta property="og:image" content="https://uhfp.centre-inffo.fr/2023/wp-content/uploads/2022/08/repartition-participants-1013x1024.png" />
<meta name="twitter:card" content="summary_large_image" />
<meta name="twitter:site" content="@centreinffo" />
<meta name="twitter:label1" content="Durée de lecture estimée" />
	<meta name="twitter:data1" content="1 minute" />
<script type="application/ld+json" class="yoast-schema-graph">{"@context":"https://schema.org","@graph":[{"@type":"WebPage","@id":"https://uhfp.centre-inffo.fr/2023/presentation/","url":"https://uhfp.centre-inffo.fr/2023/presentation/","name":"L'UHFP : présentation - 18e Université d&#039;Hiver de la Formation Professionnelle","isPartOf":{"@id":"https://uhfp.centre-inffo.fr/2023/#website"},"datePublished":"2022-10-03T14:03:36+00:00","dateModified":"2022-10-03T18:20:27+00:00","breadcrumb":{"@id":"https://uhfp.centre-inffo.fr/2023/presentation/#breadcrumb"},"inLanguage":"fr-FR","potentialAction":[{"@type":"ReadAction","target":["https://uhfp.centre-inffo.fr/2023/presentation/"]}]},{"@type":"BreadcrumbList","@id":"https://uhfp.centre-inffo.fr/2023/presentation/#breadcrumb","itemListElement":[{"@type":"ListItem","position":1,"name":"Accueil","item":"https://uhfp.centre-inffo.fr/2023/"},{"@type":"ListItem","position":2,"name":"L'UHFP","item":"https://uhfp.centre-inffo.fr/2023/rubrique/luhfp/"},{"@type":"ListItem","position":3,"name":"L&rsquo;UHFP : présentation"}]},{"@type":"WebSite","@id":"https://uhfp.centre-inffo.fr/2023/#website","url":"https://uhfp.centre-inffo.fr/2023/","name":"18e Université d&#039;Hiver de la Formation Professionnelle","description":"Compétences 2030 : réussir ensemble les transitions ! - Du 25 au 27 janvier 2023, à Cannes","publisher":{"@id":"https://uhfp.centre-inffo.fr/2023/#organization"},"potentialAction":[{"@type":"SearchAction","target":{"@type":"EntryPoint","urlTemplate":"https://uhfp.centre-inffo.fr/2023/?s={search_term_string}"},"query-input":"required name=search_term_string"}],"inLanguage":"fr-FR"},{"@type":"Organization","@id":"https://uhfp.centre-inffo.fr/2023/#organization","name":"Centre Inffo","url":"https://uhfp.centre-inffo.fr/2023/","logo":{"@type":"ImageObject","inLanguage":"fr-FR","@id":"https://uhfp.centre-inffo.fr/2023/#/schema/logo/image/","url":"","contentUrl":"","caption":"Centre Inffo"},"image":{"@id":"https://uhfp.centre-inffo.fr/2023/#/schema/logo/image/"},"sameAs":["https://www.facebook.com/centreinffo","https://twitter.com/centreinffo","https://www.linkedin.com/company/centre-inffo/","https://www.youtube.com/user/centreinffo"]}]}</script>
<!-- / Yoast SEO plugin. -->

L'UHFP : présentation - 18e Université d&#039;Hiver de la Formation Professionnelle

Organisée par Centre Inffo depuis 1989, l’Université d’hiver de la formation professionnelle est l’événement de référence de tous les acteurs de l’accompagnement et du développement des compétences au service des &hellip;

18e Université d&#039;Hiver de la Formation Professionnelle

Compétences 2030 : réussir ensemble les transitions ! - Du 25 au 27 janvier 2023, à Cannes
