{"id":4700,"date":"2024-11-25T11:07:37","date_gmt":"2024-11-25T10:07:37","guid":{"rendered":"https:\/\/uhfp.centre-inffo.fr\/2025\/?page_id=4700"},"modified":"2025-01-22T09:56:48","modified_gmt":"2025-01-22T08:56:48","slug":"cpf-vae-cep-quelles-perspectives-pour-les-droits-individuels","status":"publish","type":"page","link":"https:\/\/uhfp.centre-inffo.fr\/2025\/cpf-vae-cep-quelles-perspectives-pour-les-droits-individuels\/","title":{"rendered":"CPF, VAE, CEP&#8230; Quelles perspectives pour les droits individuels ?"},"content":{"rendered":"\n<hr class=\"wp-block-separator has-alpha-channel-opacity\"\/>\n\n\n\n<p>Lors de cette table ronde seront revisit\u00e9s les droits individuels \u00e0 la formation. Acteurs de la gouvernance, du financement et de l&rsquo;op\u00e9rationnalit\u00e9 de ces droits viendront partager leur vision pour l&rsquo;\u00e9volution in\u00e9vitable de ceux-ci.<\/p>\n\n\n\n<h2 class=\"wp-block-heading\">Probl\u00e9matique<\/h2>\n\n\n\n<p>Les derni\u00e8res r\u00e9formes ont plac\u00e9 l&rsquo;individu au c\u0153ur du syst\u00e8me de formation. Les acteurs de la gouvernance ont fait de lui le ma\u00eetre d&rsquo;\u0153uvre de son parcours : mise \u00e0 disposition des informations idoines pour faire le bon choix (CEP), reconnaissance de ses comp\u00e9tences (VAE), achat direct de sa formation (CPF)&#8230;<\/p>\n\n\n\n<p>O\u00f9 en est-on aujourd&rsquo;hui ? La rationalisation des financements et la r\u00e9gulation de l&rsquo;offre vont-elles aller dans l&rsquo;int\u00e9r\u00eat de la personne ? L&rsquo;individu a-t-il toujours la \u00ab\u00a0libert\u00e9 de choisir son avenir\u00a0\u00bb ?<\/p>\n\n\n\n<p>Dans un contexte annonc\u00e9 de rar\u00e9faction des ressources publiques, comment ces dispositifs peuvent-ils \u00eatre optimis\u00e9s pour accompagner efficacement les transitions professionnelles des individus, salari\u00e9s et demandeurs d\u2019emploi, face aux mutations du march\u00e9 du travail ? Comment am\u00e9liorer l\u2019articulation entre ces outils pour garantir leur efficacit\u00e9 et leur accessibilit\u00e9 \u00e0 tous les publics, en particulier aux plus fragiles ou \u00e9loign\u00e9s de l\u2019emploi ?<\/p>\n\n\n\n<h2 class=\"wp-block-heading\">Objectifs<\/h2>\n\n\n\n<ul>\n<li>Comprendre l\u2019articulation programm\u00e9e des droits individuels<\/li>\n\n\n\n<li>Identifier les enjeux contextuels qui n\u00e9cessitent ou obligent \u00e0 leur \u00e9volution<\/li>\n\n\n\n<li>Appr\u00e9hender les strat\u00e9gies et volont\u00e9s des principaux acteurs de l\u2019\u00e9cosyst\u00e8me de la formation professionnelle<\/li>\n<\/ul>\n\n\n\n<h2 class=\"wp-block-heading\">Interventions<\/h2>\n\n\n\n<ul class=\"list-has-margin\">\n<li><a href=\"https:\/\/uhfp.centre-inffo.fr\/2025\/michel-beaugas\/\">Michel Beaugas<\/a><br><em>Secr\u00e9taire conf\u00e9d\u00e9ral au Secteur de l\u2019Emploi et des retraites &#8211; FO<\/em><\/li>\n\n\n\n<li><a href=\"https:\/\/uhfp.centre-inffo.fr\/2025\/rachel-becuwe\/\">Rachel B\u00e9cuwe<\/a><br><em>Adjointe au d\u00e9l\u00e9gu\u00e9 \u00e0 l&#8217;emploi et \u00e0 la formation professionnelle &#8211; DGEFP<\/em><\/li>\n\n\n\n<li><a href=\"\/2025\/veronique-dessen-torres\/\">V\u00e9ronique Dessen Torres<\/a><br><em>Directrice Territoires et Partenariats &#8211; France comp\u00e9tences<\/em><\/li>\n\n\n\n<li><a href=\"https:\/\/uhfp.centre-inffo.fr\/2025\/jacques-alexandre-habif\/\">Jacques-Alexandre Habif&nbsp;<\/a><br><em>Fondateur et associ\u00e9 &#8211; Perspectives &amp; Rebonds<\/em><\/li>\n\n\n\n<li><a href=\"https:\/\/uhfp.centre-inffo.fr\/2025\/isabelle-liron\/\">Isabelle Liron<\/a><br><em>Vice-pr\u00e9sidente en charge de la formation professionnelle des demandeurs d&#8217;emploi, des mutations \u00e9conomiques et du dialogue social &#8211; R\u00e9gions de France, R\u00e9gion Bourgogne-Franche Comt\u00e9<\/em><\/li>\n\n\n\n<li><a href=\"https:\/\/uhfp.centre-inffo.fr\/2025\/marianne-kermoal-berthome\/\">Marianne Kermoal-Berthom\u00e9<\/a><br><em>Directrice des politiques sociales, membre du comit\u00e9 ex\u00e9cutif &#8211; Groupe Caisse des D\u00e9p\u00f4ts<\/em><\/li>\n\n\n\n<li><a href=\"https:\/\/uhfp.centre-inffo.fr\/2025\/yvan-ricordeau\/\">Yvan Ricordeau<\/a><br><em>Secr\u00e9taire g\u00e9n\u00e9ral adjoint &#8211; CFDT<\/em><\/li>\n\n\n\n<li><a href=\"https:\/\/uhfp.centre-inffo.fr\/2025\/max-roche\/\">Max Roche<\/a><br><em>Administrateur MEDEF, pr\u00e9sident de la Commission Recommandation &#8211; France Comp\u00e9tences<\/em><\/li>\n\n\n\n<li><a href=\"https:\/\/uhfp.centre-inffo.fr\/2025\/christopher-sullivan\/\">Christopher Sullivan<\/a><br><em>Pr\u00e9sident &#8211; Les Acteurs de la comp\u00e9tence<\/em><\/li>\n<\/ul>\n\n\n\n<h2 class=\"wp-block-heading\">Animation<\/h2>\n\n\n\n<ul class=\"list-has-margin\">\n<li><a href=\"https:\/\/uhfp.centre-inffo.fr\/2025\/nicolas-lagrange\/\">Nicolas Lagrange<\/a><br><em>R\u00e9dacteur en chef adjoint &#8211; AEF info<\/em><\/li>\n<\/ul>\n","protected":false},"excerpt":{"rendered":"<p>Lors de cette table ronde seront revisit\u00e9s les droits individuels \u00e0 la formation. Acteurs de la gouvernance, du financement et de l&rsquo;op\u00e9rationnalit\u00e9 de ces droits viendront partager leur vision pour l&rsquo;\u00e9volution in\u00e9vitable de ceux-ci. Probl\u00e9matique Les derni\u00e8res r\u00e9formes ont plac\u00e9 l&rsquo;individu au c\u0153ur du syst\u00e8me de formation. Les acteurs de la gouvernance ont fait de &#8230; <a title=\"CPF, VAE, CEP&#8230; Quelles perspectives pour les droits individuels ?\" class=\"read-more\" href=\"https:\/\/uhfp.centre-inffo.fr\/2025\/cpf-vae-cep-quelles-perspectives-pour-les-droits-individuels\/\" aria-label=\"Read more about CPF, VAE, CEP&#8230; Quelles perspectives pour les droits individuels ?\">Lire la suite<\/a><\/p>\n","protected":false},"author":2,"featured_media":0,"parent":0,"menu_order":0,"comment_status":"closed","ping_status":"closed","template":"","meta":{"_acf_changed":false,"footnotes":""},"categories":[12,6],"tags":[26],"acf":[],"yoast_head":"<!-- This site is optimized with the Yoast SEO plugin v22.4 - https:\/\/yoast.com\/wordpress\/plugins\/seo\/ -->\n<title>CPF, VAE, CEP... Quelles perspectives pour les droits individuels ? - 19e Universit\u00e9 d&#039;Hiver de la Formation Professionnelle<\/title>\n<meta name=\"robots\" content=\"index, follow, max-snippet:-1, max-image-preview:large, max-video-preview:-1\" \/>\n<link rel=\"canonical\" href=\"https:\/\/uhfp.centre-inffo.fr\/2025\/cpf-vae-cep-quelles-perspectives-pour-les-droits-individuels\/\" \/>\n<meta property=\"og:locale\" content=\"fr_FR\" \/>\n<meta property=\"og:type\" content=\"article\" \/>\n<meta property=\"og:title\" content=\"CPF, VAE, CEP... Quelles perspectives pour les droits individuels ? - 19e Universit\u00e9 d&#039;Hiver de la Formation Professionnelle\" \/>\n<meta property=\"og:description\" content=\"Lors de cette table ronde seront revisit\u00e9s les droits individuels \u00e0 la formation. Acteurs de la gouvernance, du financement et de l&rsquo;op\u00e9rationnalit\u00e9 de ces droits viendront partager leur vision pour l&rsquo;\u00e9volution in\u00e9vitable de ceux-ci. Probl\u00e9matique Les derni\u00e8res r\u00e9formes ont plac\u00e9 l&rsquo;individu au c\u0153ur du syst\u00e8me de formation. Les acteurs de la gouvernance ont fait de ... Lire la suite\" \/>\n<meta property=\"og:url\" content=\"https:\/\/uhfp.centre-inffo.fr\/2025\/cpf-vae-cep-quelles-perspectives-pour-les-droits-individuels\/\" \/>\n<meta property=\"og:site_name\" content=\"19e Universit\u00e9 d&#039;Hiver de la Formation Professionnelle\" \/>\n<meta property=\"article:publisher\" content=\"https:\/\/www.facebook.com\/centreinffo\" \/>\n<meta property=\"article:modified_time\" content=\"2025-01-22T08:56:48+00:00\" \/>\n<meta name=\"twitter:card\" content=\"summary_large_image\" \/>\n<meta name=\"twitter:site\" content=\"@centreinffo\" \/>\n<meta name=\"twitter:label1\" content=\"Dur\u00e9e de lecture estim\u00e9e\" \/>\n\t<meta name=\"twitter:data1\" content=\"2 minutes\" \/>\n<script type=\"application\/ld+json\" class=\"yoast-schema-graph\">{\"@context\":\"https:\/\/schema.org\",\"@graph\":[{\"@type\":\"WebPage\",\"@id\":\"https:\/\/uhfp.centre-inffo.fr\/2025\/cpf-vae-cep-quelles-perspectives-pour-les-droits-individuels\/\",\"url\":\"https:\/\/uhfp.centre-inffo.fr\/2025\/cpf-vae-cep-quelles-perspectives-pour-les-droits-individuels\/\",\"name\":\"CPF, VAE, CEP... Quelles perspectives pour les droits individuels ? - 19e Universit\u00e9 d&#039;Hiver de la Formation Professionnelle\",\"isPartOf\":{\"@id\":\"https:\/\/uhfp.centre-inffo.fr\/2025\/#website\"},\"datePublished\":\"2024-11-25T10:07:37+00:00\",\"dateModified\":\"2025-01-22T08:56:48+00:00\",\"breadcrumb\":{\"@id\":\"https:\/\/uhfp.centre-inffo.fr\/2025\/cpf-vae-cep-quelles-perspectives-pour-les-droits-individuels\/#breadcrumb\"},\"inLanguage\":\"fr-FR\",\"potentialAction\":[{\"@type\":\"ReadAction\",\"target\":[\"https:\/\/uhfp.centre-inffo.fr\/2025\/cpf-vae-cep-quelles-perspectives-pour-les-droits-individuels\/\"]}]},{\"@type\":\"BreadcrumbList\",\"@id\":\"https:\/\/uhfp.centre-inffo.fr\/2025\/cpf-vae-cep-quelles-perspectives-pour-les-droits-individuels\/#breadcrumb\",\"itemListElement\":[{\"@type\":\"ListItem\",\"position\":1,\"name\":\"Accueil\",\"item\":\"https:\/\/uhfp.centre-inffo.fr\/2025\/\"},{\"@type\":\"ListItem\",\"position\":2,\"name\":\"Programme\",\"item\":\"https:\/\/uhfp.centre-inffo.fr\/2025\/rubrique\/programme\/\"},{\"@type\":\"ListItem\",\"position\":3,\"name\":\"Jeudi 23 janvier\",\"item\":\"https:\/\/uhfp.centre-inffo.fr\/2025\/rubrique\/programme\/jeudi-23-janvier\/\"},{\"@type\":\"ListItem\",\"position\":4,\"name\":\"CPF, VAE, CEP&#8230; Quelles perspectives pour les droits individuels ?\"}]},{\"@type\":\"WebSite\",\"@id\":\"https:\/\/uhfp.centre-inffo.fr\/2025\/#website\",\"url\":\"https:\/\/uhfp.centre-inffo.fr\/2025\/\",\"name\":\"19e Universit\u00e9 d'Hiver de la Formation Professionnelle\",\"description\":\"Du 22 au 24 janvier 2025, au Palais des Festivals de Cannes\",\"publisher\":{\"@id\":\"https:\/\/uhfp.centre-inffo.fr\/2025\/#organization\"},\"alternateName\":\"19e UHFP\",\"potentialAction\":[{\"@type\":\"SearchAction\",\"target\":{\"@type\":\"EntryPoint\",\"urlTemplate\":\"https:\/\/uhfp.centre-inffo.fr\/2025\/?s={search_term_string}\"},\"query-input\":\"required name=search_term_string\"}],\"inLanguage\":\"fr-FR\"},{\"@type\":\"Organization\",\"@id\":\"https:\/\/uhfp.centre-inffo.fr\/2025\/#organization\",\"name\":\"Centre Inffo\",\"url\":\"https:\/\/uhfp.centre-inffo.fr\/2025\/\",\"logo\":{\"@type\":\"ImageObject\",\"inLanguage\":\"fr-FR\",\"@id\":\"https:\/\/uhfp.centre-inffo.fr\/2025\/#\/schema\/logo\/image\/\",\"url\":\"https:\/\/uhfp.centre-inffo.fr\/2025\/wp-content\/uploads\/2024\/02\/logo-19e-uhfp.png\",\"contentUrl\":\"https:\/\/uhfp.centre-inffo.fr\/2025\/wp-content\/uploads\/2024\/02\/logo-19e-uhfp.png\",\"width\":842,\"height\":595,\"caption\":\"Centre Inffo\"},\"image\":{\"@id\":\"https:\/\/uhfp.centre-inffo.fr\/2025\/#\/schema\/logo\/image\/\"},\"sameAs\":[\"https:\/\/www.facebook.com\/centreinffo\",\"https:\/\/twitter.com\/centreinffo\",\"https:\/\/www.linkedin.com\/company\/centre-inffo\/\",\"https:\/\/www.youtube.com\/user\/centreinffo\"]}]}<\/script>\n<!-- \/ Yoast SEO plugin. -->","yoast_head_json":{"title":"CPF, VAE, CEP... Quelles perspectives pour les droits individuels ? - 19e Universit\u00e9 d&#039;Hiver de la Formation Professionnelle","robots":{"index":"index","follow":"follow","max-snippet":"max-snippet:-1","max-image-preview":"max-image-preview:large","max-video-preview":"max-video-preview:-1"},"canonical":"https:\/\/uhfp.centre-inffo.fr\/2025\/cpf-vae-cep-quelles-perspectives-pour-les-droits-individuels\/","og_locale":"fr_FR","og_type":"article","og_title":"CPF, VAE, CEP... Quelles perspectives pour les droits individuels ? - 19e Universit\u00e9 d&#039;Hiver de la Formation Professionnelle","og_description":"Lors de cette table ronde seront revisit\u00e9s les droits individuels \u00e0 la formation. Acteurs de la gouvernance, du financement et de l&rsquo;op\u00e9rationnalit\u00e9 de ces droits viendront partager leur vision pour l&rsquo;\u00e9volution in\u00e9vitable de ceux-ci. Probl\u00e9matique Les derni\u00e8res r\u00e9formes ont plac\u00e9 l&rsquo;individu au c\u0153ur du syst\u00e8me de formation. Les acteurs de la gouvernance ont fait de ... Lire la suite","og_url":"https:\/\/uhfp.centre-inffo.fr\/2025\/cpf-vae-cep-quelles-perspectives-pour-les-droits-individuels\/","og_site_name":"19e Universit\u00e9 d&#039;Hiver de la Formation Professionnelle","article_publisher":"https:\/\/www.facebook.com\/centreinffo","article_modified_time":"2025-01-22T08:56:48+00:00","twitter_card":"summary_large_image","twitter_site":"@centreinffo","twitter_misc":{"Dur\u00e9e de lecture estim\u00e9e":"2 minutes"},"schema":{"@context":"https:\/\/schema.org","@graph":[{"@type":"WebPage","@id":"https:\/\/uhfp.centre-inffo.fr\/2025\/cpf-vae-cep-quelles-perspectives-pour-les-droits-individuels\/","url":"https:\/\/uhfp.centre-inffo.fr\/2025\/cpf-vae-cep-quelles-perspectives-pour-les-droits-individuels\/","name":"CPF, VAE, CEP... Quelles perspectives pour les droits individuels ? - 19e Universit\u00e9 d&#039;Hiver de la Formation Professionnelle","isPartOf":{"@id":"https:\/\/uhfp.centre-inffo.fr\/2025\/#website"},"datePublished":"2024-11-25T10:07:37+00:00","dateModified":"2025-01-22T08:56:48+00:00","breadcrumb":{"@id":"https:\/\/uhfp.centre-inffo.fr\/2025\/cpf-vae-cep-quelles-perspectives-pour-les-droits-individuels\/#breadcrumb"},"inLanguage":"fr-FR","potentialAction":[{"@type":"ReadAction","target":["https:\/\/uhfp.centre-inffo.fr\/2025\/cpf-vae-cep-quelles-perspectives-pour-les-droits-individuels\/"]}]},{"@type":"BreadcrumbList","@id":"https:\/\/uhfp.centre-inffo.fr\/2025\/cpf-vae-cep-quelles-perspectives-pour-les-droits-individuels\/#breadcrumb","itemListElement":[{"@type":"ListItem","position":1,"name":"Accueil","item":"https:\/\/uhfp.centre-inffo.fr\/2025\/"},{"@type":"ListItem","position":2,"name":"Programme","item":"https:\/\/uhfp.centre-inffo.fr\/2025\/rubrique\/programme\/"},{"@type":"ListItem","position":3,"name":"Jeudi 23 janvier","item":"https:\/\/uhfp.centre-inffo.fr\/2025\/rubrique\/programme\/jeudi-23-janvier\/"},{"@type":"ListItem","position":4,"name":"CPF, VAE, CEP&#8230; Quelles perspectives pour les droits individuels ?"}]},{"@type":"WebSite","@id":"https:\/\/uhfp.centre-inffo.fr\/2025\/#website","url":"https:\/\/uhfp.centre-inffo.fr\/2025\/","name":"19e Universit\u00e9 d'Hiver de la Formation Professionnelle","description":"Du 22 au 24 janvier 2025, au Palais des Festivals de Cannes","publisher":{"@id":"https:\/\/uhfp.centre-inffo.fr\/2025\/#organization"},"alternateName":"19e UHFP","potentialAction":[{"@type":"SearchAction","target":{"@type":"EntryPoint","urlTemplate":"https:\/\/uhfp.centre-inffo.fr\/2025\/?s={search_term_string}"},"query-input":"required name=search_term_string"}],"inLanguage":"fr-FR"},{"@type":"Organization","@id":"https:\/\/uhfp.centre-inffo.fr\/2025\/#organization","name":"Centre Inffo","url":"https:\/\/uhfp.centre-inffo.fr\/2025\/","logo":{"@type":"ImageObject","inLanguage":"fr-FR","@id":"https:\/\/uhfp.centre-inffo.fr\/2025\/#\/schema\/logo\/image\/","url":"https:\/\/uhfp.centre-inffo.fr\/2025\/wp-content\/uploads\/2024\/02\/logo-19e-uhfp.png","contentUrl":"https:\/\/uhfp.centre-inffo.fr\/2025\/wp-content\/uploads\/2024\/02\/logo-19e-uhfp.png","width":842,"height":595,"caption":"Centre Inffo"},"image":{"@id":"https:\/\/uhfp.centre-inffo.fr\/2025\/#\/schema\/logo\/image\/"},"sameAs":["https:\/\/www.facebook.com\/centreinffo","https:\/\/twitter.com\/centreinffo","https:\/\/www.linkedin.com\/company\/centre-inffo\/","https:\/\/www.youtube.com\/user\/centreinffo"]}]}},"_links":{"self":[{"href":"https:\/\/uhfp.centre-inffo.fr\/2025\/wp-json\/wp\/v2\/pages\/4700"}],"collection":[{"href":"https:\/\/uhfp.centre-inffo.fr\/2025\/wp-json\/wp\/v2\/pages"}],"about":[{"href":"https:\/\/uhfp.centre-inffo.fr\/2025\/wp-json\/wp\/v2\/types\/page"}],"author":[{"embeddable":true,"href":"https:\/\/uhfp.centre-inffo.fr\/2025\/wp-json\/wp\/v2\/users\/2"}],"replies":[{"embeddable":true,"href":"https:\/\/uhfp.centre-inffo.fr\/2025\/wp-json\/wp\/v2\/comments?post=4700"}],"version-history":[{"count":27,"href":"https:\/\/uhfp.centre-inffo.fr\/2025\/wp-json\/wp\/v2\/pages\/4700\/revisions"}],"predecessor-version":[{"id":8944,"href":"https:\/\/uhfp.centre-inffo.fr\/2025\/wp-json\/wp\/v2\/pages\/4700\/revisions\/8944"}],"wp:attachment":[{"href":"https:\/\/uhfp.centre-inffo.fr\/2025\/wp-json\/wp\/v2\/media?parent=4700"}],"wp:term":[{"taxonomy":"category","embeddable":true,"href":"https:\/\/uhfp.centre-inffo.fr\/2025\/wp-json\/wp\/v2\/categories?post=4700"},{"taxonomy":"post_tag","embeddable":true,"href":"https:\/\/uhfp.centre-inffo.fr\/2025\/wp-json\/wp\/v2\/tags?post=4700"}],"curies":[{"name":"wp","href":"https:\/\/api.w.org\/{rel}","templated":true}]}}