{"id":4785,"date":"2024-11-25T13:40:55","date_gmt":"2024-11-25T12:40:55","guid":{"rendered":"https:\/\/uhfp.centre-inffo.fr\/2025\/?page_id=4785"},"modified":"2025-01-20T16:55:29","modified_gmt":"2025-01-20T15:55:29","slug":"developper-un-esprit-critique-face-a-lia","status":"publish","type":"page","link":"https:\/\/uhfp.centre-inffo.fr\/2025\/developper-un-esprit-critique-face-a-lia\/","title":{"rendered":"D\u00e9velopper un esprit critique face \u00e0 l&rsquo;IA\u00a0"},"content":{"rendered":"\n<hr class=\"wp-block-separator has-alpha-channel-opacity\"\/>\n\n\n\n<p>Pr\u00e9sente partout dans notre environnement, l\u2019intelligence artificielle g\u00e9n\u00e8re \u00e0 la fois enthousiasme et prudence, voire craintes. Chaque moment de notre vie quotidienne et de notre activit\u00e9 professionnelle nous confronte \u00e0 l\u2019infob\u00e9sit\u00e9, aux influences revendiqu\u00e9es sur les r\u00e9seaux sociaux, \u00e0 la cr\u00e9ation d\u2019artefacts par l\u2019intelligence artificielle g\u00e9n\u00e9rative. La d\u00e9sinformation, parfois revendiqu\u00e9e comme arme de guerre, met nos d\u00e9mocraties \u00e0 l\u2019\u00e9preuve.<\/p>\n\n\n\n<p>Conscients de cette nouvelle r\u00e9alit\u00e9, les acteurs de la formation ont un r\u00f4le de premier plan pour d\u00e9velopper chez leurs publics un esprit critique capable de distinguer le vrai du faux, chercher des sources fiables et r\u00e9sister aux influences de toutes natures.<\/p>\n\n\n\n<p>Sp\u00e9cialistes des usages de l\u2019IA, notamment dans le secteur de la formation, les intervenants de cette table ronde partageront leurs observations et exp\u00e9riences autour de ces probl\u00e9matiques :<\/p>\n\n\n\n<ul class=\"list-has-margin\">\n<li>Face \u00e0 la mont\u00e9e en puissance de l\u2019intelligence artificielle, comment former les publics et les apprenants \u00e0 exercer un esprit critique pour \u00e9quilibrer confiance et vigilance dans leur utilisation des technologies ?<\/li>\n\n\n\n<li>Comment sensibiliser les professionnels et les apprenants aux biais et limitations des algorithmes ?<\/li>\n\n\n\n<li>Comment prot\u00e9ger les personnes et les contenus ?<\/li>\n\n\n\n<li>Comment promouvoir une utilisation responsable et \u00e9clair\u00e9e de ces technologies dans les processus d\u00e9cisionnels ?<\/li>\n\n\n\n<li>Dans quelle mesure le d\u00e9veloppement de l&rsquo;esprit critique vis-\u00e0-vis de l&rsquo;IA peut-il contribuer \u00e0 une meilleure collaboration homme-machine et \u00e0 une performance durable des organisations&nbsp;?<\/li>\n<\/ul>\n\n\n\n<h2 class=\"wp-block-heading\">Objectifs&nbsp;<\/h2>\n\n\n\n<ul class=\"list-has-margin\">\n<li>Conna\u00eetre les conditions&nbsp;n\u00e9cessaires \u00e0 la bonne ma\u00eetrise de&nbsp;l&rsquo;IA, vs tout public,&nbsp;formateurs et apprenants<\/li>\n\n\n\n<li>Identifier des outils permettant la mise en place et l&rsquo;usage d&rsquo;une IA de confiance<\/li>\n<\/ul>\n\n\n\n<h2 class=\"wp-block-heading\">Interventions<\/h2>\n\n\n\n<ul class=\"list-has-margin\">\n<li><a href=\"https:\/\/uhfp.centre-inffo.fr\/2025\/alexandre-genette\/\">Alexandre Genette<\/a><br><em>Charg\u00e9 de m\u00e9diation et de projets IA &#8211; Syndicat Mixte de la Maison de l&rsquo;Intelligence Artificielle<\/em><\/li>\n\n\n\n<li><a href=\"\/2025\/raphael-grasset\/\">Rapha\u00ebl Grasset<\/a><br><em>CEO &#8211;  Traindy<\/em><\/li>\n\n\n\n<li><a href=\"https:\/\/uhfp.centre-inffo.fr\/2025\/franck-morel\/\">Franck Morel<\/a><br><em>Avocat associ\u00e9 &#8211; Flichy Grang\u00e9 Avocats<\/em><\/li>\n\n\n\n<li><a href=\"https:\/\/uhfp.centre-inffo.fr\/2025\/julien-nizri\/\">Julien Nizri<\/a><br><em>Directeur g\u00e9n\u00e9ral &#8211; Afnor Certification<\/em><\/li>\n\n\n\n<li><a href=\"\/2025\/anais-pretot\/\">Ana\u00efs Pr\u00e9tot<\/a><br><em>Co-pr\u00e9sidente de LiveMentor et Vice-Pr\u00e9sidente &#8211; EdTech France<\/em><\/li>\n<\/ul>\n\n\n\n<h2 class=\"wp-block-heading\">Animation<\/h2>\n\n\n\n<ul class=\"list-has-margin\">\n<li><a href=\"https:\/\/uhfp.centre-inffo.fr\/2025\/olivier-dhers\/\">Olivier Dhers<\/a><br><em>R\u00e9dacteur en chef &#8211; AEF Info<\/em><\/li>\n<\/ul>\n","protected":false},"excerpt":{"rendered":"<p>Pr\u00e9sente partout dans notre environnement, l\u2019intelligence artificielle g\u00e9n\u00e8re \u00e0 la fois enthousiasme et prudence, voire craintes. Chaque moment de notre vie quotidienne et de notre activit\u00e9 professionnelle nous confronte \u00e0 l\u2019infob\u00e9sit\u00e9, aux influences revendiqu\u00e9es sur les r\u00e9seaux sociaux, \u00e0 la cr\u00e9ation d\u2019artefacts par l\u2019intelligence artificielle g\u00e9n\u00e9rative. La d\u00e9sinformation, parfois revendiqu\u00e9e comme arme de guerre, met &#8230; <a title=\"D\u00e9velopper un esprit critique face \u00e0 l&rsquo;IA\u00a0\" class=\"read-more\" href=\"https:\/\/uhfp.centre-inffo.fr\/2025\/developper-un-esprit-critique-face-a-lia\/\" aria-label=\"Read more about D\u00e9velopper un esprit critique face \u00e0 l&rsquo;IA\u00a0\">Lire la suite<\/a><\/p>\n","protected":false},"author":2,"featured_media":0,"parent":0,"menu_order":0,"comment_status":"closed","ping_status":"closed","template":"","meta":{"_acf_changed":false,"footnotes":""},"categories":[12,6],"tags":[26],"acf":[],"yoast_head":"<!-- This site is optimized with the Yoast SEO plugin v22.4 - https:\/\/yoast.com\/wordpress\/plugins\/seo\/ -->\n<title>D\u00e9velopper un esprit critique face \u00e0 l&#039;IA\u00a0 - 19e Universit\u00e9 d&#039;Hiver de la Formation Professionnelle<\/title>\n<meta name=\"robots\" content=\"index, follow, max-snippet:-1, max-image-preview:large, max-video-preview:-1\" \/>\n<link rel=\"canonical\" href=\"https:\/\/uhfp.centre-inffo.fr\/2025\/developper-un-esprit-critique-face-a-lia\/\" \/>\n<meta property=\"og:locale\" content=\"fr_FR\" \/>\n<meta property=\"og:type\" content=\"article\" \/>\n<meta property=\"og:title\" content=\"D\u00e9velopper un esprit critique face \u00e0 l&#039;IA\u00a0 - 19e Universit\u00e9 d&#039;Hiver de la Formation Professionnelle\" \/>\n<meta property=\"og:description\" content=\"Pr\u00e9sente partout dans notre environnement, l\u2019intelligence artificielle g\u00e9n\u00e8re \u00e0 la fois enthousiasme et prudence, voire craintes. Chaque moment de notre vie quotidienne et de notre activit\u00e9 professionnelle nous confronte \u00e0 l\u2019infob\u00e9sit\u00e9, aux influences revendiqu\u00e9es sur les r\u00e9seaux sociaux, \u00e0 la cr\u00e9ation d\u2019artefacts par l\u2019intelligence artificielle g\u00e9n\u00e9rative. La d\u00e9sinformation, parfois revendiqu\u00e9e comme arme de guerre, met ... Lire la suite\" \/>\n<meta property=\"og:url\" content=\"https:\/\/uhfp.centre-inffo.fr\/2025\/developper-un-esprit-critique-face-a-lia\/\" \/>\n<meta property=\"og:site_name\" content=\"19e Universit\u00e9 d&#039;Hiver de la Formation Professionnelle\" \/>\n<meta property=\"article:publisher\" content=\"https:\/\/www.facebook.com\/centreinffo\" \/>\n<meta property=\"article:modified_time\" content=\"2025-01-20T15:55:29+00:00\" \/>\n<meta name=\"twitter:card\" content=\"summary_large_image\" \/>\n<meta name=\"twitter:site\" content=\"@centreinffo\" \/>\n<meta name=\"twitter:label1\" content=\"Dur\u00e9e de lecture estim\u00e9e\" \/>\n\t<meta name=\"twitter:data1\" content=\"2 minutes\" \/>\n<script type=\"application\/ld+json\" class=\"yoast-schema-graph\">{\"@context\":\"https:\/\/schema.org\",\"@graph\":[{\"@type\":\"WebPage\",\"@id\":\"https:\/\/uhfp.centre-inffo.fr\/2025\/developper-un-esprit-critique-face-a-lia\/\",\"url\":\"https:\/\/uhfp.centre-inffo.fr\/2025\/developper-un-esprit-critique-face-a-lia\/\",\"name\":\"D\u00e9velopper un esprit critique face \u00e0 l'IA\u00a0 - 19e Universit\u00e9 d&#039;Hiver de la Formation Professionnelle\",\"isPartOf\":{\"@id\":\"https:\/\/uhfp.centre-inffo.fr\/2025\/#website\"},\"datePublished\":\"2024-11-25T12:40:55+00:00\",\"dateModified\":\"2025-01-20T15:55:29+00:00\",\"breadcrumb\":{\"@id\":\"https:\/\/uhfp.centre-inffo.fr\/2025\/developper-un-esprit-critique-face-a-lia\/#breadcrumb\"},\"inLanguage\":\"fr-FR\",\"potentialAction\":[{\"@type\":\"ReadAction\",\"target\":[\"https:\/\/uhfp.centre-inffo.fr\/2025\/developper-un-esprit-critique-face-a-lia\/\"]}]},{\"@type\":\"BreadcrumbList\",\"@id\":\"https:\/\/uhfp.centre-inffo.fr\/2025\/developper-un-esprit-critique-face-a-lia\/#breadcrumb\",\"itemListElement\":[{\"@type\":\"ListItem\",\"position\":1,\"name\":\"Accueil\",\"item\":\"https:\/\/uhfp.centre-inffo.fr\/2025\/\"},{\"@type\":\"ListItem\",\"position\":2,\"name\":\"Programme\",\"item\":\"https:\/\/uhfp.centre-inffo.fr\/2025\/rubrique\/programme\/\"},{\"@type\":\"ListItem\",\"position\":3,\"name\":\"Jeudi 23 janvier\",\"item\":\"https:\/\/uhfp.centre-inffo.fr\/2025\/rubrique\/programme\/jeudi-23-janvier\/\"},{\"@type\":\"ListItem\",\"position\":4,\"name\":\"D\u00e9velopper un esprit critique face \u00e0 l&rsquo;IA\u00a0\"}]},{\"@type\":\"WebSite\",\"@id\":\"https:\/\/uhfp.centre-inffo.fr\/2025\/#website\",\"url\":\"https:\/\/uhfp.centre-inffo.fr\/2025\/\",\"name\":\"19e Universit\u00e9 d'Hiver de la Formation Professionnelle\",\"description\":\"Du 22 au 24 janvier 2025, au Palais des Festivals de Cannes\",\"publisher\":{\"@id\":\"https:\/\/uhfp.centre-inffo.fr\/2025\/#organization\"},\"alternateName\":\"19e UHFP\",\"potentialAction\":[{\"@type\":\"SearchAction\",\"target\":{\"@type\":\"EntryPoint\",\"urlTemplate\":\"https:\/\/uhfp.centre-inffo.fr\/2025\/?s={search_term_string}\"},\"query-input\":\"required name=search_term_string\"}],\"inLanguage\":\"fr-FR\"},{\"@type\":\"Organization\",\"@id\":\"https:\/\/uhfp.centre-inffo.fr\/2025\/#organization\",\"name\":\"Centre Inffo\",\"url\":\"https:\/\/uhfp.centre-inffo.fr\/2025\/\",\"logo\":{\"@type\":\"ImageObject\",\"inLanguage\":\"fr-FR\",\"@id\":\"https:\/\/uhfp.centre-inffo.fr\/2025\/#\/schema\/logo\/image\/\",\"url\":\"https:\/\/uhfp.centre-inffo.fr\/2025\/wp-content\/uploads\/2024\/02\/logo-19e-uhfp.png\",\"contentUrl\":\"https:\/\/uhfp.centre-inffo.fr\/2025\/wp-content\/uploads\/2024\/02\/logo-19e-uhfp.png\",\"width\":842,\"height\":595,\"caption\":\"Centre Inffo\"},\"image\":{\"@id\":\"https:\/\/uhfp.centre-inffo.fr\/2025\/#\/schema\/logo\/image\/\"},\"sameAs\":[\"https:\/\/www.facebook.com\/centreinffo\",\"https:\/\/twitter.com\/centreinffo\",\"https:\/\/www.linkedin.com\/company\/centre-inffo\/\",\"https:\/\/www.youtube.com\/user\/centreinffo\"]}]}<\/script>\n<!-- \/ Yoast SEO plugin. -->","yoast_head_json":{"title":"D\u00e9velopper un esprit critique face \u00e0 l'IA\u00a0 - 19e Universit\u00e9 d&#039;Hiver de la Formation Professionnelle","robots":{"index":"index","follow":"follow","max-snippet":"max-snippet:-1","max-image-preview":"max-image-preview:large","max-video-preview":"max-video-preview:-1"},"canonical":"https:\/\/uhfp.centre-inffo.fr\/2025\/developper-un-esprit-critique-face-a-lia\/","og_locale":"fr_FR","og_type":"article","og_title":"D\u00e9velopper un esprit critique face \u00e0 l'IA\u00a0 - 19e Universit\u00e9 d&#039;Hiver de la Formation Professionnelle","og_description":"Pr\u00e9sente partout dans notre environnement, l\u2019intelligence artificielle g\u00e9n\u00e8re \u00e0 la fois enthousiasme et prudence, voire craintes. Chaque moment de notre vie quotidienne et de notre activit\u00e9 professionnelle nous confronte \u00e0 l\u2019infob\u00e9sit\u00e9, aux influences revendiqu\u00e9es sur les r\u00e9seaux sociaux, \u00e0 la cr\u00e9ation d\u2019artefacts par l\u2019intelligence artificielle g\u00e9n\u00e9rative. La d\u00e9sinformation, parfois revendiqu\u00e9e comme arme de guerre, met ... Lire la suite","og_url":"https:\/\/uhfp.centre-inffo.fr\/2025\/developper-un-esprit-critique-face-a-lia\/","og_site_name":"19e Universit\u00e9 d&#039;Hiver de la Formation Professionnelle","article_publisher":"https:\/\/www.facebook.com\/centreinffo","article_modified_time":"2025-01-20T15:55:29+00:00","twitter_card":"summary_large_image","twitter_site":"@centreinffo","twitter_misc":{"Dur\u00e9e de lecture estim\u00e9e":"2 minutes"},"schema":{"@context":"https:\/\/schema.org","@graph":[{"@type":"WebPage","@id":"https:\/\/uhfp.centre-inffo.fr\/2025\/developper-un-esprit-critique-face-a-lia\/","url":"https:\/\/uhfp.centre-inffo.fr\/2025\/developper-un-esprit-critique-face-a-lia\/","name":"D\u00e9velopper un esprit critique face \u00e0 l'IA\u00a0 - 19e Universit\u00e9 d&#039;Hiver de la Formation Professionnelle","isPartOf":{"@id":"https:\/\/uhfp.centre-inffo.fr\/2025\/#website"},"datePublished":"2024-11-25T12:40:55+00:00","dateModified":"2025-01-20T15:55:29+00:00","breadcrumb":{"@id":"https:\/\/uhfp.centre-inffo.fr\/2025\/developper-un-esprit-critique-face-a-lia\/#breadcrumb"},"inLanguage":"fr-FR","potentialAction":[{"@type":"ReadAction","target":["https:\/\/uhfp.centre-inffo.fr\/2025\/developper-un-esprit-critique-face-a-lia\/"]}]},{"@type":"BreadcrumbList","@id":"https:\/\/uhfp.centre-inffo.fr\/2025\/developper-un-esprit-critique-face-a-lia\/#breadcrumb","itemListElement":[{"@type":"ListItem","position":1,"name":"Accueil","item":"https:\/\/uhfp.centre-inffo.fr\/2025\/"},{"@type":"ListItem","position":2,"name":"Programme","item":"https:\/\/uhfp.centre-inffo.fr\/2025\/rubrique\/programme\/"},{"@type":"ListItem","position":3,"name":"Jeudi 23 janvier","item":"https:\/\/uhfp.centre-inffo.fr\/2025\/rubrique\/programme\/jeudi-23-janvier\/"},{"@type":"ListItem","position":4,"name":"D\u00e9velopper un esprit critique face \u00e0 l&rsquo;IA\u00a0"}]},{"@type":"WebSite","@id":"https:\/\/uhfp.centre-inffo.fr\/2025\/#website","url":"https:\/\/uhfp.centre-inffo.fr\/2025\/","name":"19e Universit\u00e9 d'Hiver de la Formation Professionnelle","description":"Du 22 au 24 janvier 2025, au Palais des Festivals de Cannes","publisher":{"@id":"https:\/\/uhfp.centre-inffo.fr\/2025\/#organization"},"alternateName":"19e UHFP","potentialAction":[{"@type":"SearchAction","target":{"@type":"EntryPoint","urlTemplate":"https:\/\/uhfp.centre-inffo.fr\/2025\/?s={search_term_string}"},"query-input":"required name=search_term_string"}],"inLanguage":"fr-FR"},{"@type":"Organization","@id":"https:\/\/uhfp.centre-inffo.fr\/2025\/#organization","name":"Centre Inffo","url":"https:\/\/uhfp.centre-inffo.fr\/2025\/","logo":{"@type":"ImageObject","inLanguage":"fr-FR","@id":"https:\/\/uhfp.centre-inffo.fr\/2025\/#\/schema\/logo\/image\/","url":"https:\/\/uhfp.centre-inffo.fr\/2025\/wp-content\/uploads\/2024\/02\/logo-19e-uhfp.png","contentUrl":"https:\/\/uhfp.centre-inffo.fr\/2025\/wp-content\/uploads\/2024\/02\/logo-19e-uhfp.png","width":842,"height":595,"caption":"Centre Inffo"},"image":{"@id":"https:\/\/uhfp.centre-inffo.fr\/2025\/#\/schema\/logo\/image\/"},"sameAs":["https:\/\/www.facebook.com\/centreinffo","https:\/\/twitter.com\/centreinffo","https:\/\/www.linkedin.com\/company\/centre-inffo\/","https:\/\/www.youtube.com\/user\/centreinffo"]}]}},"_links":{"self":[{"href":"https:\/\/uhfp.centre-inffo.fr\/2025\/wp-json\/wp\/v2\/pages\/4785"}],"collection":[{"href":"https:\/\/uhfp.centre-inffo.fr\/2025\/wp-json\/wp\/v2\/pages"}],"about":[{"href":"https:\/\/uhfp.centre-inffo.fr\/2025\/wp-json\/wp\/v2\/types\/page"}],"author":[{"embeddable":true,"href":"https:\/\/uhfp.centre-inffo.fr\/2025\/wp-json\/wp\/v2\/users\/2"}],"replies":[{"embeddable":true,"href":"https:\/\/uhfp.centre-inffo.fr\/2025\/wp-json\/wp\/v2\/comments?post=4785"}],"version-history":[{"count":14,"href":"https:\/\/uhfp.centre-inffo.fr\/2025\/wp-json\/wp\/v2\/pages\/4785\/revisions"}],"predecessor-version":[{"id":8667,"href":"https:\/\/uhfp.centre-inffo.fr\/2025\/wp-json\/wp\/v2\/pages\/4785\/revisions\/8667"}],"wp:attachment":[{"href":"https:\/\/uhfp.centre-inffo.fr\/2025\/wp-json\/wp\/v2\/media?parent=4785"}],"wp:term":[{"taxonomy":"category","embeddable":true,"href":"https:\/\/uhfp.centre-inffo.fr\/2025\/wp-json\/wp\/v2\/categories?post=4785"},{"taxonomy":"post_tag","embeddable":true,"href":"https:\/\/uhfp.centre-inffo.fr\/2025\/wp-json\/wp\/v2\/tags?post=4785"}],"curies":[{"name":"wp","href":"https:\/\/api.w.org\/{rel}","templated":true}]}}