{"id":4804,"date":"2024-11-25T14:27:11","date_gmt":"2024-11-25T13:27:11","guid":{"rendered":"https:\/\/uhfp.centre-inffo.fr\/2025\/?page_id=4804"},"modified":"2025-01-17T08:24:46","modified_gmt":"2025-01-17T07:24:46","slug":"le-design-fiction-pour-debattre-des-futurs-de-la-formation-a-lhorizon-2040","status":"publish","type":"page","link":"https:\/\/uhfp.centre-inffo.fr\/2025\/le-design-fiction-pour-debattre-des-futurs-de-la-formation-a-lhorizon-2040\/","title":{"rendered":"Le Design fiction pour d\u00e9battre des futurs de la formation\u2026 \u00e0 l\u2019horizon 2040 !"},"content":{"rendered":"\n<hr class=\"wp-block-separator has-alpha-channel-opacity\"\/>\n\n\n\n<p>Quel futur souhaitons-nous pour la formation continue ?<\/p>\n\n\n\n<p>Le design fiction propose une approche originale pour appr\u00e9hender la question du futur : se plonger dans des fictions cr\u00e9dibles et y r\u00e9agir, afin de d\u00e9battre.<\/p>\n\n\n\n<p>Dans cet atelier, vous serez t\u00e9l\u00e9port\u00e9s en 2040 gr\u00e2ce \u00e0 un magasine qui traite de l\u2019actualit\u00e9 de cette \u00ab ann\u00e9e 2040 de tous les records \u00bb, sous des angles vari\u00e9s \u2013 des nouvelles technologies pour d\u00e9velopper ses comp\u00e9tences, \u00e0 la transformation des m\u00e9tiers de la formation et l\u2019accompagnement, en passant par le financement de la formation professionnelle et la place de l\u2019Europe\u2026<\/p>\n\n\n\n<p>En partageant votre point de vue sur ces histoires venues du futur, vous contribuerez au d\u00e9bat collectif pour esquisser des avenirs possibles \u2026 et d\u00e9sirables !<\/p>\n\n\n\n<h2 class=\"wp-block-heading\">Interventions<\/h2>\n\n\n\n<ul class=\"list-has-margin\">\n<li><a href=\"https:\/\/uhfp.centre-inffo.fr\/2025\/vincent-joseph\/\">Vincent Joseph<\/a><br><em>Consultant projets europ\u00e9ens et internationaux &#8211; Centre Inffo<\/em><\/li>\n\n\n\n<li><a href=\"\/2025\/michel-jouini\/\">Michel Jouini <\/a><br><em>Charg\u00e9 d\u2019\u00e9tudes Europe international &#8211; Centre Inffo<\/em><\/li>\n\n\n\n<li><a href=\"\/2025\/roxane-monfort\/\">Roxane Monfort<\/a><br><em>Consultante senior en prospective &#8211; Making Tomorrow<\/em><\/li>\n\n\n\n<li><a href=\"\/2025\/valerie-castay\/\">Val\u00e9rie Castay<\/a><br><em>Directrice du D\u00e9partement des Etudes et Projets &#8211; Association Fran\u00e7aise des Transports (AFT)<\/em><\/li>\n<\/ul>\n","protected":false},"excerpt":{"rendered":"<p>Quel futur souhaitons-nous pour la formation continue ? Le design fiction propose une approche originale pour appr\u00e9hender la question du futur : se plonger dans des fictions cr\u00e9dibles et y r\u00e9agir, afin de d\u00e9battre. Dans cet atelier, vous serez t\u00e9l\u00e9port\u00e9s en 2040 gr\u00e2ce \u00e0 un magasine qui traite de l\u2019actualit\u00e9 de cette \u00ab ann\u00e9e 2040 &#8230; <a title=\"Le Design fiction pour d\u00e9battre des futurs de la formation\u2026 \u00e0 l\u2019horizon 2040 !\" class=\"read-more\" href=\"https:\/\/uhfp.centre-inffo.fr\/2025\/le-design-fiction-pour-debattre-des-futurs-de-la-formation-a-lhorizon-2040\/\" aria-label=\"Read more about Le Design fiction pour d\u00e9battre des futurs de la formation\u2026 \u00e0 l\u2019horizon 2040 !\">Lire la suite<\/a><\/p>\n","protected":false},"author":2,"featured_media":0,"parent":0,"menu_order":0,"comment_status":"closed","ping_status":"closed","template":"","meta":{"_acf_changed":false,"footnotes":""},"categories":[12,6],"tags":[29],"acf":[],"yoast_head":"<!-- This site is optimized with the Yoast SEO plugin v22.4 - https:\/\/yoast.com\/wordpress\/plugins\/seo\/ -->\n<title>Le Design fiction pour d\u00e9battre des futurs de la formation\u2026 \u00e0 l\u2019horizon 2040 ! - 19e Universit\u00e9 d&#039;Hiver de la Formation Professionnelle<\/title>\n<meta name=\"robots\" content=\"index, follow, max-snippet:-1, max-image-preview:large, max-video-preview:-1\" \/>\n<link rel=\"canonical\" href=\"https:\/\/uhfp.centre-inffo.fr\/2025\/le-design-fiction-pour-debattre-des-futurs-de-la-formation-a-lhorizon-2040\/\" \/>\n<meta property=\"og:locale\" content=\"fr_FR\" \/>\n<meta property=\"og:type\" content=\"article\" \/>\n<meta property=\"og:title\" content=\"Le Design fiction pour d\u00e9battre des futurs de la formation\u2026 \u00e0 l\u2019horizon 2040 ! - 19e Universit\u00e9 d&#039;Hiver de la Formation Professionnelle\" \/>\n<meta property=\"og:description\" content=\"Quel futur souhaitons-nous pour la formation continue ? Le design fiction propose une approche originale pour appr\u00e9hender la question du futur : se plonger dans des fictions cr\u00e9dibles et y r\u00e9agir, afin de d\u00e9battre. Dans cet atelier, vous serez t\u00e9l\u00e9port\u00e9s en 2040 gr\u00e2ce \u00e0 un magasine qui traite de l\u2019actualit\u00e9 de cette \u00ab ann\u00e9e 2040 ... Lire la suite\" \/>\n<meta property=\"og:url\" content=\"https:\/\/uhfp.centre-inffo.fr\/2025\/le-design-fiction-pour-debattre-des-futurs-de-la-formation-a-lhorizon-2040\/\" \/>\n<meta property=\"og:site_name\" content=\"19e Universit\u00e9 d&#039;Hiver de la Formation Professionnelle\" \/>\n<meta property=\"article:publisher\" content=\"https:\/\/www.facebook.com\/centreinffo\" \/>\n<meta property=\"article:modified_time\" content=\"2025-01-17T07:24:46+00:00\" \/>\n<meta name=\"twitter:card\" content=\"summary_large_image\" \/>\n<meta name=\"twitter:site\" content=\"@centreinffo\" \/>\n<meta name=\"twitter:label1\" content=\"Dur\u00e9e de lecture estim\u00e9e\" \/>\n\t<meta name=\"twitter:data1\" content=\"1 minute\" \/>\n<script type=\"application\/ld+json\" class=\"yoast-schema-graph\">{\"@context\":\"https:\/\/schema.org\",\"@graph\":[{\"@type\":\"WebPage\",\"@id\":\"https:\/\/uhfp.centre-inffo.fr\/2025\/le-design-fiction-pour-debattre-des-futurs-de-la-formation-a-lhorizon-2040\/\",\"url\":\"https:\/\/uhfp.centre-inffo.fr\/2025\/le-design-fiction-pour-debattre-des-futurs-de-la-formation-a-lhorizon-2040\/\",\"name\":\"Le Design fiction pour d\u00e9battre des futurs de la formation\u2026 \u00e0 l\u2019horizon 2040 ! - 19e Universit\u00e9 d&#039;Hiver de la Formation Professionnelle\",\"isPartOf\":{\"@id\":\"https:\/\/uhfp.centre-inffo.fr\/2025\/#website\"},\"datePublished\":\"2024-11-25T13:27:11+00:00\",\"dateModified\":\"2025-01-17T07:24:46+00:00\",\"breadcrumb\":{\"@id\":\"https:\/\/uhfp.centre-inffo.fr\/2025\/le-design-fiction-pour-debattre-des-futurs-de-la-formation-a-lhorizon-2040\/#breadcrumb\"},\"inLanguage\":\"fr-FR\",\"potentialAction\":[{\"@type\":\"ReadAction\",\"target\":[\"https:\/\/uhfp.centre-inffo.fr\/2025\/le-design-fiction-pour-debattre-des-futurs-de-la-formation-a-lhorizon-2040\/\"]}]},{\"@type\":\"BreadcrumbList\",\"@id\":\"https:\/\/uhfp.centre-inffo.fr\/2025\/le-design-fiction-pour-debattre-des-futurs-de-la-formation-a-lhorizon-2040\/#breadcrumb\",\"itemListElement\":[{\"@type\":\"ListItem\",\"position\":1,\"name\":\"Accueil\",\"item\":\"https:\/\/uhfp.centre-inffo.fr\/2025\/\"},{\"@type\":\"ListItem\",\"position\":2,\"name\":\"Programme\",\"item\":\"https:\/\/uhfp.centre-inffo.fr\/2025\/rubrique\/programme\/\"},{\"@type\":\"ListItem\",\"position\":3,\"name\":\"Jeudi 23 janvier\",\"item\":\"https:\/\/uhfp.centre-inffo.fr\/2025\/rubrique\/programme\/jeudi-23-janvier\/\"},{\"@type\":\"ListItem\",\"position\":4,\"name\":\"Le Design fiction pour d\u00e9battre des futurs de la formation\u2026 \u00e0 l\u2019horizon 2040 !\"}]},{\"@type\":\"WebSite\",\"@id\":\"https:\/\/uhfp.centre-inffo.fr\/2025\/#website\",\"url\":\"https:\/\/uhfp.centre-inffo.fr\/2025\/\",\"name\":\"19e Universit\u00e9 d'Hiver de la Formation Professionnelle\",\"description\":\"Du 22 au 24 janvier 2025, au Palais des Festivals de Cannes\",\"publisher\":{\"@id\":\"https:\/\/uhfp.centre-inffo.fr\/2025\/#organization\"},\"alternateName\":\"19e UHFP\",\"potentialAction\":[{\"@type\":\"SearchAction\",\"target\":{\"@type\":\"EntryPoint\",\"urlTemplate\":\"https:\/\/uhfp.centre-inffo.fr\/2025\/?s={search_term_string}\"},\"query-input\":\"required name=search_term_string\"}],\"inLanguage\":\"fr-FR\"},{\"@type\":\"Organization\",\"@id\":\"https:\/\/uhfp.centre-inffo.fr\/2025\/#organization\",\"name\":\"Centre Inffo\",\"url\":\"https:\/\/uhfp.centre-inffo.fr\/2025\/\",\"logo\":{\"@type\":\"ImageObject\",\"inLanguage\":\"fr-FR\",\"@id\":\"https:\/\/uhfp.centre-inffo.fr\/2025\/#\/schema\/logo\/image\/\",\"url\":\"https:\/\/uhfp.centre-inffo.fr\/2025\/wp-content\/uploads\/2024\/02\/logo-19e-uhfp.png\",\"contentUrl\":\"https:\/\/uhfp.centre-inffo.fr\/2025\/wp-content\/uploads\/2024\/02\/logo-19e-uhfp.png\",\"width\":842,\"height\":595,\"caption\":\"Centre Inffo\"},\"image\":{\"@id\":\"https:\/\/uhfp.centre-inffo.fr\/2025\/#\/schema\/logo\/image\/\"},\"sameAs\":[\"https:\/\/www.facebook.com\/centreinffo\",\"https:\/\/twitter.com\/centreinffo\",\"https:\/\/www.linkedin.com\/company\/centre-inffo\/\",\"https:\/\/www.youtube.com\/user\/centreinffo\"]}]}<\/script>\n<!-- \/ Yoast SEO plugin. -->","yoast_head_json":{"title":"Le Design fiction pour d\u00e9battre des futurs de la formation\u2026 \u00e0 l\u2019horizon 2040 ! - 19e Universit\u00e9 d&#039;Hiver de la Formation Professionnelle","robots":{"index":"index","follow":"follow","max-snippet":"max-snippet:-1","max-image-preview":"max-image-preview:large","max-video-preview":"max-video-preview:-1"},"canonical":"https:\/\/uhfp.centre-inffo.fr\/2025\/le-design-fiction-pour-debattre-des-futurs-de-la-formation-a-lhorizon-2040\/","og_locale":"fr_FR","og_type":"article","og_title":"Le Design fiction pour d\u00e9battre des futurs de la formation\u2026 \u00e0 l\u2019horizon 2040 ! - 19e Universit\u00e9 d&#039;Hiver de la Formation Professionnelle","og_description":"Quel futur souhaitons-nous pour la formation continue ? Le design fiction propose une approche originale pour appr\u00e9hender la question du futur : se plonger dans des fictions cr\u00e9dibles et y r\u00e9agir, afin de d\u00e9battre. Dans cet atelier, vous serez t\u00e9l\u00e9port\u00e9s en 2040 gr\u00e2ce \u00e0 un magasine qui traite de l\u2019actualit\u00e9 de cette \u00ab ann\u00e9e 2040 ... Lire la suite","og_url":"https:\/\/uhfp.centre-inffo.fr\/2025\/le-design-fiction-pour-debattre-des-futurs-de-la-formation-a-lhorizon-2040\/","og_site_name":"19e Universit\u00e9 d&#039;Hiver de la Formation Professionnelle","article_publisher":"https:\/\/www.facebook.com\/centreinffo","article_modified_time":"2025-01-17T07:24:46+00:00","twitter_card":"summary_large_image","twitter_site":"@centreinffo","twitter_misc":{"Dur\u00e9e de lecture estim\u00e9e":"1 minute"},"schema":{"@context":"https:\/\/schema.org","@graph":[{"@type":"WebPage","@id":"https:\/\/uhfp.centre-inffo.fr\/2025\/le-design-fiction-pour-debattre-des-futurs-de-la-formation-a-lhorizon-2040\/","url":"https:\/\/uhfp.centre-inffo.fr\/2025\/le-design-fiction-pour-debattre-des-futurs-de-la-formation-a-lhorizon-2040\/","name":"Le Design fiction pour d\u00e9battre des futurs de la formation\u2026 \u00e0 l\u2019horizon 2040 ! - 19e Universit\u00e9 d&#039;Hiver de la Formation Professionnelle","isPartOf":{"@id":"https:\/\/uhfp.centre-inffo.fr\/2025\/#website"},"datePublished":"2024-11-25T13:27:11+00:00","dateModified":"2025-01-17T07:24:46+00:00","breadcrumb":{"@id":"https:\/\/uhfp.centre-inffo.fr\/2025\/le-design-fiction-pour-debattre-des-futurs-de-la-formation-a-lhorizon-2040\/#breadcrumb"},"inLanguage":"fr-FR","potentialAction":[{"@type":"ReadAction","target":["https:\/\/uhfp.centre-inffo.fr\/2025\/le-design-fiction-pour-debattre-des-futurs-de-la-formation-a-lhorizon-2040\/"]}]},{"@type":"BreadcrumbList","@id":"https:\/\/uhfp.centre-inffo.fr\/2025\/le-design-fiction-pour-debattre-des-futurs-de-la-formation-a-lhorizon-2040\/#breadcrumb","itemListElement":[{"@type":"ListItem","position":1,"name":"Accueil","item":"https:\/\/uhfp.centre-inffo.fr\/2025\/"},{"@type":"ListItem","position":2,"name":"Programme","item":"https:\/\/uhfp.centre-inffo.fr\/2025\/rubrique\/programme\/"},{"@type":"ListItem","position":3,"name":"Jeudi 23 janvier","item":"https:\/\/uhfp.centre-inffo.fr\/2025\/rubrique\/programme\/jeudi-23-janvier\/"},{"@type":"ListItem","position":4,"name":"Le Design fiction pour d\u00e9battre des futurs de la formation\u2026 \u00e0 l\u2019horizon 2040 !"}]},{"@type":"WebSite","@id":"https:\/\/uhfp.centre-inffo.fr\/2025\/#website","url":"https:\/\/uhfp.centre-inffo.fr\/2025\/","name":"19e Universit\u00e9 d'Hiver de la Formation Professionnelle","description":"Du 22 au 24 janvier 2025, au Palais des Festivals de Cannes","publisher":{"@id":"https:\/\/uhfp.centre-inffo.fr\/2025\/#organization"},"alternateName":"19e UHFP","potentialAction":[{"@type":"SearchAction","target":{"@type":"EntryPoint","urlTemplate":"https:\/\/uhfp.centre-inffo.fr\/2025\/?s={search_term_string}"},"query-input":"required name=search_term_string"}],"inLanguage":"fr-FR"},{"@type":"Organization","@id":"https:\/\/uhfp.centre-inffo.fr\/2025\/#organization","name":"Centre Inffo","url":"https:\/\/uhfp.centre-inffo.fr\/2025\/","logo":{"@type":"ImageObject","inLanguage":"fr-FR","@id":"https:\/\/uhfp.centre-inffo.fr\/2025\/#\/schema\/logo\/image\/","url":"https:\/\/uhfp.centre-inffo.fr\/2025\/wp-content\/uploads\/2024\/02\/logo-19e-uhfp.png","contentUrl":"https:\/\/uhfp.centre-inffo.fr\/2025\/wp-content\/uploads\/2024\/02\/logo-19e-uhfp.png","width":842,"height":595,"caption":"Centre Inffo"},"image":{"@id":"https:\/\/uhfp.centre-inffo.fr\/2025\/#\/schema\/logo\/image\/"},"sameAs":["https:\/\/www.facebook.com\/centreinffo","https:\/\/twitter.com\/centreinffo","https:\/\/www.linkedin.com\/company\/centre-inffo\/","https:\/\/www.youtube.com\/user\/centreinffo"]}]}},"_links":{"self":[{"href":"https:\/\/uhfp.centre-inffo.fr\/2025\/wp-json\/wp\/v2\/pages\/4804"}],"collection":[{"href":"https:\/\/uhfp.centre-inffo.fr\/2025\/wp-json\/wp\/v2\/pages"}],"about":[{"href":"https:\/\/uhfp.centre-inffo.fr\/2025\/wp-json\/wp\/v2\/types\/page"}],"author":[{"embeddable":true,"href":"https:\/\/uhfp.centre-inffo.fr\/2025\/wp-json\/wp\/v2\/users\/2"}],"replies":[{"embeddable":true,"href":"https:\/\/uhfp.centre-inffo.fr\/2025\/wp-json\/wp\/v2\/comments?post=4804"}],"version-history":[{"count":9,"href":"https:\/\/uhfp.centre-inffo.fr\/2025\/wp-json\/wp\/v2\/pages\/4804\/revisions"}],"predecessor-version":[{"id":8235,"href":"https:\/\/uhfp.centre-inffo.fr\/2025\/wp-json\/wp\/v2\/pages\/4804\/revisions\/8235"}],"wp:attachment":[{"href":"https:\/\/uhfp.centre-inffo.fr\/2025\/wp-json\/wp\/v2\/media?parent=4804"}],"wp:term":[{"taxonomy":"category","embeddable":true,"href":"https:\/\/uhfp.centre-inffo.fr\/2025\/wp-json\/wp\/v2\/categories?post=4804"},{"taxonomy":"post_tag","embeddable":true,"href":"https:\/\/uhfp.centre-inffo.fr\/2025\/wp-json\/wp\/v2\/tags?post=4804"}],"curies":[{"name":"wp","href":"https:\/\/api.w.org\/{rel}","templated":true}]}}