{"id":800,"date":"2024-02-07T14:37:52","date_gmt":"2024-02-07T13:37:52","guid":{"rendered":"https:\/\/uhfp.centre-inffo.fr\/2025\/?page_id=800"},"modified":"2025-01-22T13:34:04","modified_gmt":"2025-01-22T12:34:04","slug":"venir-a-luhfp","status":"publish","type":"page","link":"https:\/\/uhfp.centre-inffo.fr\/2025\/venir-a-luhfp\/","title":{"rendered":"Venir \u00e0 l&rsquo;UHFP"},"content":{"rendered":"\n<figure class=\"wp-block-image size-large is-resized hide\"><img loading=\"lazy\" decoding=\"async\" width=\"1024\" height=\"250\" src=\"https:\/\/uhfp.centre-inffo.fr\/2025\/wp-content\/uploads\/2024\/10\/bandeau-port-1024x250.jpg\" alt=\"\" class=\"wp-image-3729\" style=\"width:1200px\" srcset=\"https:\/\/uhfp.centre-inffo.fr\/2025\/wp-content\/uploads\/2024\/10\/bandeau-port-1024x250.jpg 1024w, https:\/\/uhfp.centre-inffo.fr\/2025\/wp-content\/uploads\/2024\/10\/bandeau-port-300x73.jpg 300w, https:\/\/uhfp.centre-inffo.fr\/2025\/wp-content\/uploads\/2024\/10\/bandeau-port-768x188.jpg 768w, https:\/\/uhfp.centre-inffo.fr\/2025\/wp-content\/uploads\/2024\/10\/bandeau-port-1536x375.jpg 1536w, https:\/\/uhfp.centre-inffo.fr\/2025\/wp-content\/uploads\/2024\/10\/bandeau-port-500x122.jpg 500w, https:\/\/uhfp.centre-inffo.fr\/2025\/wp-content\/uploads\/2024\/10\/bandeau-port-800x195.jpg 800w, https:\/\/uhfp.centre-inffo.fr\/2025\/wp-content\/uploads\/2024\/10\/bandeau-port-1280x313.jpg 1280w, https:\/\/uhfp.centre-inffo.fr\/2025\/wp-content\/uploads\/2024\/10\/bandeau-port-1920x469.jpg 1920w, https:\/\/uhfp.centre-inffo.fr\/2025\/wp-content\/uploads\/2024\/10\/bandeau-port.jpg 2048w\" sizes=\"(max-width: 1024px) 100vw, 1024px\" \/><\/figure>\n\n\n\n<div style=\"height:60px\" aria-hidden=\"true\" class=\"wp-block-spacer hide\"><\/div>\n\n\n\n<div class=\"wp-block-columns is-layout-flex wp-container-core-columns-is-layout-1 wp-block-columns-is-layout-flex\">\n<div class=\"wp-block-column is-layout-flow wp-block-column-is-layout-flow\">\n<h2 class=\"wp-block-heading has-text-align-center\">Par la route<\/h2>\n\n\n\n<hr class=\"wp-block-separator has-alpha-channel-opacity\"\/>\n\n\n\n<p><strong>Pensez au covoiturage&nbsp;pour votre d\u00e9placement !<\/strong><\/p>\n\n\n\n<p>Cannes est reli\u00e9e \u00e0 toutes les grandes villes d \u2019Europe par le r\u00e9seau autoroutier.<\/p>\n\n\n\n<p>La ville est desservie par l\u2019autoroute A8 \u00ab La Proven\u00e7ale \u00bb (sortie N\u00b043 Cannes La Bocca ou sortie Mougins\/Cannes), en provenance d\u2019Aix en Provence \u00e0 l\u2019ouest et d\u2019Italie \u00e0 l\u2019est.<\/p>\n<\/div>\n\n\n\n<div class=\"wp-block-column is-layout-flow wp-block-column-is-layout-flow\">\n<h2 class=\"wp-block-heading has-text-align-center\">Par le train<\/h2>\n\n\n\n<hr class=\"wp-block-separator has-alpha-channel-opacity\"\/>\n\n\n\n<p>La ville de Cannes est desservie par TGV, train Corail et train express qui la relient \u00e0 toutes les r\u00e9gions fran\u00e7aises et aux plus grandes villes d\u2019Europe.&nbsp;<br><a href=\"http:\/\/www.idtgv.com\/fr\/\" target=\"_blank\" rel=\"noreferrer noopener\">idtgv.com<\/a> ou&nbsp;<a href=\"http:\/\/www.voyages-sncf.com\/\" target=\"_blank\" rel=\"noreferrer noopener\">voyages-sncf.com<\/a><\/p>\n\n\n\n<p>Quelques exemples de dur\u00e9es de trajets :<\/p>\n\n\n\n<ul>\n<li>Cannes &#8211; Toulon : 1h15<\/li>\n\n\n\n<li>Cannes &#8211; Marseille : 2h<\/li>\n\n\n\n<li>Cannes &#8211; Aix-en-Provence : 3h15<\/li>\n\n\n\n<li>Cannes &#8211; Lyon : 4h<\/li>\n\n\n\n<li>Cannes &#8211; Paris : 5h15<\/li>\n<\/ul>\n\n\n\n<p>Acc\u00e8s en TER :<br><a href=\"http:\/\/ter.sncf.com\/sud-provence-alpes-cote-d-azur\" target=\"_blank\" rel=\"noreferrer noopener\">ter.sncf.com\/sud-provence-alpes-cote-d-azur<\/a><\/p>\n<\/div>\n\n\n\n<div class=\"wp-block-column is-layout-flow wp-block-column-is-layout-flow\">\n<h2 class=\"wp-block-heading has-text-align-center\">Par avion<\/h2>\n\n\n\n<hr class=\"wp-block-separator has-alpha-channel-opacity\"\/>\n\n\n\n<p>Situ\u00e9e \u00e0 27 km de l\u2019a\u00e9roport de Nice C\u00f4te d\u2019Azur,&nbsp;Cannes est accessible en moins de 30 minutes.&nbsp;<\/p>\n\n\n\n<p>L\u2019a\u00e9roport Nice C\u00f4te d\u2019Azur, porte d\u2019entr\u00e9e majeure de l\u2019Europe du Sud, dessert 90 destinations par vols directs et accueille pr\u00e8s de 50 compagnies a\u00e9riennes.&nbsp;<br><a href=\"http:\/\/www.nice.aeroport.fr\/\" target=\"_blank\" rel=\"noreferrer noopener\">nice.aeroport.fr<\/a><\/p>\n\n\n\n<p>Navettes a\u00e9roport \u2013 Palais des festivals mises en place sp\u00e9cialement pour les participants \u00e0 l\u2019UHFP.<\/p>\n<\/div>\n<\/div>\n","protected":false},"excerpt":{"rendered":"<p>Par la route Pensez au covoiturage&nbsp;pour votre d\u00e9placement ! Cannes est reli\u00e9e \u00e0 toutes les grandes villes d \u2019Europe par le r\u00e9seau autoroutier. La ville est desservie par l\u2019autoroute A8 \u00ab La Proven\u00e7ale \u00bb (sortie N\u00b043 Cannes La Bocca ou sortie Mougins\/Cannes), en provenance d\u2019Aix en Provence \u00e0 l\u2019ouest et d\u2019Italie \u00e0 l\u2019est. Par le &#8230; <a title=\"Venir \u00e0 l&rsquo;UHFP\" class=\"read-more\" href=\"https:\/\/uhfp.centre-inffo.fr\/2025\/venir-a-luhfp\/\" aria-label=\"Read more about Venir \u00e0 l&rsquo;UHFP\">Lire la suite<\/a><\/p>\n","protected":false},"author":2,"featured_media":0,"parent":0,"menu_order":0,"comment_status":"closed","ping_status":"closed","template":"","meta":{"_acf_changed":false,"footnotes":""},"categories":[],"tags":[],"acf":[],"yoast_head":"<!-- This site is optimized with the Yoast SEO plugin v22.4 - https:\/\/yoast.com\/wordpress\/plugins\/seo\/ -->\n<title>Venir \u00e0 l&#039;UHFP - 19e Universit\u00e9 d&#039;Hiver de la Formation Professionnelle<\/title>\n<meta name=\"robots\" content=\"index, follow, max-snippet:-1, max-image-preview:large, max-video-preview:-1\" \/>\n<link rel=\"canonical\" href=\"https:\/\/uhfp.centre-inffo.fr\/2025\/venir-a-luhfp\/\" \/>\n<meta property=\"og:locale\" content=\"fr_FR\" \/>\n<meta property=\"og:type\" content=\"article\" \/>\n<meta property=\"og:title\" content=\"Venir \u00e0 l&#039;UHFP - 19e Universit\u00e9 d&#039;Hiver de la Formation Professionnelle\" \/>\n<meta property=\"og:description\" content=\"Par la route Pensez au covoiturage&nbsp;pour votre d\u00e9placement ! Cannes est reli\u00e9e \u00e0 toutes les grandes villes d \u2019Europe par le r\u00e9seau autoroutier. La ville est desservie par l\u2019autoroute A8 \u00ab La Proven\u00e7ale \u00bb (sortie N\u00b043 Cannes La Bocca ou sortie Mougins\/Cannes), en provenance d\u2019Aix en Provence \u00e0 l\u2019ouest et d\u2019Italie \u00e0 l\u2019est. Par le ... Lire la suite\" \/>\n<meta property=\"og:url\" content=\"https:\/\/uhfp.centre-inffo.fr\/2025\/venir-a-luhfp\/\" \/>\n<meta property=\"og:site_name\" content=\"19e Universit\u00e9 d&#039;Hiver de la Formation Professionnelle\" \/>\n<meta property=\"article:publisher\" content=\"https:\/\/www.facebook.com\/centreinffo\" \/>\n<meta property=\"article:modified_time\" content=\"2025-01-22T12:34:04+00:00\" \/>\n<meta property=\"og:image\" content=\"https:\/\/uhfp.centre-inffo.fr\/2025\/wp-content\/uploads\/2024\/10\/bandeau-port.jpg\" \/>\n\t<meta property=\"og:image:width\" content=\"2048\" \/>\n\t<meta property=\"og:image:height\" content=\"500\" \/>\n\t<meta property=\"og:image:type\" content=\"image\/jpeg\" \/>\n<meta name=\"twitter:card\" content=\"summary_large_image\" \/>\n<meta name=\"twitter:site\" content=\"@centreinffo\" \/>\n<meta name=\"twitter:label1\" content=\"Dur\u00e9e de lecture estim\u00e9e\" \/>\n\t<meta name=\"twitter:data1\" content=\"2 minutes\" \/>\n<script type=\"application\/ld+json\" class=\"yoast-schema-graph\">{\"@context\":\"https:\/\/schema.org\",\"@graph\":[{\"@type\":\"WebPage\",\"@id\":\"https:\/\/uhfp.centre-inffo.fr\/2025\/venir-a-luhfp\/\",\"url\":\"https:\/\/uhfp.centre-inffo.fr\/2025\/venir-a-luhfp\/\",\"name\":\"Venir \u00e0 l'UHFP - 19e Universit\u00e9 d&#039;Hiver de la Formation Professionnelle\",\"isPartOf\":{\"@id\":\"https:\/\/uhfp.centre-inffo.fr\/2025\/#website\"},\"primaryImageOfPage\":{\"@id\":\"https:\/\/uhfp.centre-inffo.fr\/2025\/venir-a-luhfp\/#primaryimage\"},\"image\":{\"@id\":\"https:\/\/uhfp.centre-inffo.fr\/2025\/venir-a-luhfp\/#primaryimage\"},\"thumbnailUrl\":\"https:\/\/uhfp.centre-inffo.fr\/2025\/wp-content\/uploads\/2024\/10\/bandeau-port-1024x250.jpg\",\"datePublished\":\"2024-02-07T13:37:52+00:00\",\"dateModified\":\"2025-01-22T12:34:04+00:00\",\"breadcrumb\":{\"@id\":\"https:\/\/uhfp.centre-inffo.fr\/2025\/venir-a-luhfp\/#breadcrumb\"},\"inLanguage\":\"fr-FR\",\"potentialAction\":[{\"@type\":\"ReadAction\",\"target\":[\"https:\/\/uhfp.centre-inffo.fr\/2025\/venir-a-luhfp\/\"]}]},{\"@type\":\"ImageObject\",\"inLanguage\":\"fr-FR\",\"@id\":\"https:\/\/uhfp.centre-inffo.fr\/2025\/venir-a-luhfp\/#primaryimage\",\"url\":\"https:\/\/uhfp.centre-inffo.fr\/2025\/wp-content\/uploads\/2024\/10\/bandeau-port.jpg\",\"contentUrl\":\"https:\/\/uhfp.centre-inffo.fr\/2025\/wp-content\/uploads\/2024\/10\/bandeau-port.jpg\",\"width\":2048,\"height\":500,\"caption\":\"5\"},{\"@type\":\"BreadcrumbList\",\"@id\":\"https:\/\/uhfp.centre-inffo.fr\/2025\/venir-a-luhfp\/#breadcrumb\",\"itemListElement\":[{\"@type\":\"ListItem\",\"position\":1,\"name\":\"Accueil\",\"item\":\"https:\/\/uhfp.centre-inffo.fr\/2025\/\"},{\"@type\":\"ListItem\",\"position\":2,\"name\":\"Venir \u00e0 l&rsquo;UHFP\"}]},{\"@type\":\"WebSite\",\"@id\":\"https:\/\/uhfp.centre-inffo.fr\/2025\/#website\",\"url\":\"https:\/\/uhfp.centre-inffo.fr\/2025\/\",\"name\":\"19e Universit\u00e9 d'Hiver de la Formation Professionnelle\",\"description\":\"Du 22 au 24 janvier 2025, au Palais des Festivals de Cannes\",\"publisher\":{\"@id\":\"https:\/\/uhfp.centre-inffo.fr\/2025\/#organization\"},\"alternateName\":\"19e UHFP\",\"potentialAction\":[{\"@type\":\"SearchAction\",\"target\":{\"@type\":\"EntryPoint\",\"urlTemplate\":\"https:\/\/uhfp.centre-inffo.fr\/2025\/?s={search_term_string}\"},\"query-input\":\"required name=search_term_string\"}],\"inLanguage\":\"fr-FR\"},{\"@type\":\"Organization\",\"@id\":\"https:\/\/uhfp.centre-inffo.fr\/2025\/#organization\",\"name\":\"Centre Inffo\",\"url\":\"https:\/\/uhfp.centre-inffo.fr\/2025\/\",\"logo\":{\"@type\":\"ImageObject\",\"inLanguage\":\"fr-FR\",\"@id\":\"https:\/\/uhfp.centre-inffo.fr\/2025\/#\/schema\/logo\/image\/\",\"url\":\"https:\/\/uhfp.centre-inffo.fr\/2025\/wp-content\/uploads\/2024\/02\/logo-19e-uhfp.png\",\"contentUrl\":\"https:\/\/uhfp.centre-inffo.fr\/2025\/wp-content\/uploads\/2024\/02\/logo-19e-uhfp.png\",\"width\":842,\"height\":595,\"caption\":\"Centre Inffo\"},\"image\":{\"@id\":\"https:\/\/uhfp.centre-inffo.fr\/2025\/#\/schema\/logo\/image\/\"},\"sameAs\":[\"https:\/\/www.facebook.com\/centreinffo\",\"https:\/\/twitter.com\/centreinffo\",\"https:\/\/www.linkedin.com\/company\/centre-inffo\/\",\"https:\/\/www.youtube.com\/user\/centreinffo\"]}]}<\/script>\n<!-- \/ Yoast SEO plugin. -->","yoast_head_json":{"title":"Venir \u00e0 l'UHFP - 19e Universit\u00e9 d&#039;Hiver de la Formation Professionnelle","robots":{"index":"index","follow":"follow","max-snippet":"max-snippet:-1","max-image-preview":"max-image-preview:large","max-video-preview":"max-video-preview:-1"},"canonical":"https:\/\/uhfp.centre-inffo.fr\/2025\/venir-a-luhfp\/","og_locale":"fr_FR","og_type":"article","og_title":"Venir \u00e0 l'UHFP - 19e Universit\u00e9 d&#039;Hiver de la Formation Professionnelle","og_description":"Par la route Pensez au covoiturage&nbsp;pour votre d\u00e9placement ! Cannes est reli\u00e9e \u00e0 toutes les grandes villes d \u2019Europe par le r\u00e9seau autoroutier. La ville est desservie par l\u2019autoroute A8 \u00ab La Proven\u00e7ale \u00bb (sortie N\u00b043 Cannes La Bocca ou sortie Mougins\/Cannes), en provenance d\u2019Aix en Provence \u00e0 l\u2019ouest et d\u2019Italie \u00e0 l\u2019est. Par le ... Lire la suite","og_url":"https:\/\/uhfp.centre-inffo.fr\/2025\/venir-a-luhfp\/","og_site_name":"19e Universit\u00e9 d&#039;Hiver de la Formation Professionnelle","article_publisher":"https:\/\/www.facebook.com\/centreinffo","article_modified_time":"2025-01-22T12:34:04+00:00","og_image":[{"width":2048,"height":500,"url":"https:\/\/uhfp.centre-inffo.fr\/2025\/wp-content\/uploads\/2024\/10\/bandeau-port.jpg","type":"image\/jpeg"}],"twitter_card":"summary_large_image","twitter_site":"@centreinffo","twitter_misc":{"Dur\u00e9e de lecture estim\u00e9e":"2 minutes"},"schema":{"@context":"https:\/\/schema.org","@graph":[{"@type":"WebPage","@id":"https:\/\/uhfp.centre-inffo.fr\/2025\/venir-a-luhfp\/","url":"https:\/\/uhfp.centre-inffo.fr\/2025\/venir-a-luhfp\/","name":"Venir \u00e0 l'UHFP - 19e Universit\u00e9 d&#039;Hiver de la Formation Professionnelle","isPartOf":{"@id":"https:\/\/uhfp.centre-inffo.fr\/2025\/#website"},"primaryImageOfPage":{"@id":"https:\/\/uhfp.centre-inffo.fr\/2025\/venir-a-luhfp\/#primaryimage"},"image":{"@id":"https:\/\/uhfp.centre-inffo.fr\/2025\/venir-a-luhfp\/#primaryimage"},"thumbnailUrl":"https:\/\/uhfp.centre-inffo.fr\/2025\/wp-content\/uploads\/2024\/10\/bandeau-port-1024x250.jpg","datePublished":"2024-02-07T13:37:52+00:00","dateModified":"2025-01-22T12:34:04+00:00","breadcrumb":{"@id":"https:\/\/uhfp.centre-inffo.fr\/2025\/venir-a-luhfp\/#breadcrumb"},"inLanguage":"fr-FR","potentialAction":[{"@type":"ReadAction","target":["https:\/\/uhfp.centre-inffo.fr\/2025\/venir-a-luhfp\/"]}]},{"@type":"ImageObject","inLanguage":"fr-FR","@id":"https:\/\/uhfp.centre-inffo.fr\/2025\/venir-a-luhfp\/#primaryimage","url":"https:\/\/uhfp.centre-inffo.fr\/2025\/wp-content\/uploads\/2024\/10\/bandeau-port.jpg","contentUrl":"https:\/\/uhfp.centre-inffo.fr\/2025\/wp-content\/uploads\/2024\/10\/bandeau-port.jpg","width":2048,"height":500,"caption":"5"},{"@type":"BreadcrumbList","@id":"https:\/\/uhfp.centre-inffo.fr\/2025\/venir-a-luhfp\/#breadcrumb","itemListElement":[{"@type":"ListItem","position":1,"name":"Accueil","item":"https:\/\/uhfp.centre-inffo.fr\/2025\/"},{"@type":"ListItem","position":2,"name":"Venir \u00e0 l&rsquo;UHFP"}]},{"@type":"WebSite","@id":"https:\/\/uhfp.centre-inffo.fr\/2025\/#website","url":"https:\/\/uhfp.centre-inffo.fr\/2025\/","name":"19e Universit\u00e9 d'Hiver de la Formation Professionnelle","description":"Du 22 au 24 janvier 2025, au Palais des Festivals de Cannes","publisher":{"@id":"https:\/\/uhfp.centre-inffo.fr\/2025\/#organization"},"alternateName":"19e UHFP","potentialAction":[{"@type":"SearchAction","target":{"@type":"EntryPoint","urlTemplate":"https:\/\/uhfp.centre-inffo.fr\/2025\/?s={search_term_string}"},"query-input":"required name=search_term_string"}],"inLanguage":"fr-FR"},{"@type":"Organization","@id":"https:\/\/uhfp.centre-inffo.fr\/2025\/#organization","name":"Centre Inffo","url":"https:\/\/uhfp.centre-inffo.fr\/2025\/","logo":{"@type":"ImageObject","inLanguage":"fr-FR","@id":"https:\/\/uhfp.centre-inffo.fr\/2025\/#\/schema\/logo\/image\/","url":"https:\/\/uhfp.centre-inffo.fr\/2025\/wp-content\/uploads\/2024\/02\/logo-19e-uhfp.png","contentUrl":"https:\/\/uhfp.centre-inffo.fr\/2025\/wp-content\/uploads\/2024\/02\/logo-19e-uhfp.png","width":842,"height":595,"caption":"Centre Inffo"},"image":{"@id":"https:\/\/uhfp.centre-inffo.fr\/2025\/#\/schema\/logo\/image\/"},"sameAs":["https:\/\/www.facebook.com\/centreinffo","https:\/\/twitter.com\/centreinffo","https:\/\/www.linkedin.com\/company\/centre-inffo\/","https:\/\/www.youtube.com\/user\/centreinffo"]}]}},"_links":{"self":[{"href":"https:\/\/uhfp.centre-inffo.fr\/2025\/wp-json\/wp\/v2\/pages\/800"}],"collection":[{"href":"https:\/\/uhfp.centre-inffo.fr\/2025\/wp-json\/wp\/v2\/pages"}],"about":[{"href":"https:\/\/uhfp.centre-inffo.fr\/2025\/wp-json\/wp\/v2\/types\/page"}],"author":[{"embeddable":true,"href":"https:\/\/uhfp.centre-inffo.fr\/2025\/wp-json\/wp\/v2\/users\/2"}],"replies":[{"embeddable":true,"href":"https:\/\/uhfp.centre-inffo.fr\/2025\/wp-json\/wp\/v2\/comments?post=800"}],"version-history":[{"count":55,"href":"https:\/\/uhfp.centre-inffo.fr\/2025\/wp-json\/wp\/v2\/pages\/800\/revisions"}],"predecessor-version":[{"id":9032,"href":"https:\/\/uhfp.centre-inffo.fr\/2025\/wp-json\/wp\/v2\/pages\/800\/revisions\/9032"}],"wp:attachment":[{"href":"https:\/\/uhfp.centre-inffo.fr\/2025\/wp-json\/wp\/v2\/media?parent=800"}],"wp:term":[{"taxonomy":"category","embeddable":true,"href":"https:\/\/uhfp.centre-inffo.fr\/2025\/wp-json\/wp\/v2\/categories?post=800"},{"taxonomy":"post_tag","embeddable":true,"href":"https:\/\/uhfp.centre-inffo.fr\/2025\/wp-json\/wp\/v2\/tags?post=800"}],"curies":[{"name":"wp","href":"https:\/\/api.w.org\/{rel}","templated":true}]}}